000
CDUS41 KBUF 010705
CLIBUF


CLIMATE REPORT
NATIONAL WEATHER SERVICE BUFFALO NY
205 AM EST THU DEC 1 2016


...................................

...THE BUFFALO NY CLIMATE SUMMARY FOR NOVEMBER 30 2016...

CLIMATE NORMAL PERIOD 1981 TO 2010
CLIMATE RECORD PERIOD 1871 TO 2016


WEATHER ITEM   OBSERVED TIME   RECORD YEAR NORMAL DEPARTURE LAST
                VALUE   (LST)  VALUE       VALUE  FROM      YEAR
                                                  NORMAL
..................................................................
TEMPERATURE (F)
 YESTERDAY
  MAXIMUM         61   1018 AM  67    1998  42     19       45
  MINIMUM         43   1242 AM   2    1875  29     14       29
  AVERAGE         52                        35     17       37

PRECIPITATION (IN)
  YESTERDAY        0.83          1.53 1927   0.13   0.70     0.00
  MONTH TO DATE    3.35                      4.01  -0.66     1.32
  SINCE SEP 1     11.29                     11.43  -0.14     9.42
  SINCE JAN 1     29.81                     36.59  -6.78    33.89

SNOWFALL (IN)
  YESTERDAY       MM            19.0  1976   0.5   MM        0.0
  MONTH TO DATE    0.9                       7.9   -7.0       T
  SINCE SEP 1      0.9                       8.8   -7.9       T
  SINCE JUL 1      0.9                       8.8   -7.9       T
  SNOW DEPTH       0

DEGREE DAYS
 HEATING
  YESTERDAY       13                        30    -17       28
  MONTH TO DATE  591                       729   -138      558
  SINCE SEP 1    970                      1306   -336     1029
  SINCE JUL 1    970                      1333   -363     1044

 COOLING
  YESTERDAY        0                         0      0        0
  MONTH TO DATE    0                         0      0        0
  SINCE SEP 1    121                        57     64      132
  SINCE JAN 1    939                       544    395      657
..................................................................


WIND (MPH)
  HIGHEST WIND SPEED    23   HIGHEST WIND DIRECTION    NW (300)
  HIGHEST GUST SPEED    34   HIGHEST GUST DIRECTION     W (260)
  AVERAGE WIND SPEED    10.6


SKY COVER
  AVERAGE SKY COVER 0.7


WEATHER CONDITIONS
 THE FOLLOWING WEATHER WAS RECORDED YESTERDAY.
  THUNDERSTORM
  HEAVY RAIN
  RAIN
  LIGHT RAIN
  FOG


RELATIVE HUMIDITY (PERCENT)
 HIGHEST    93           900 PM
 LOWEST     51          1000 AM
 AVERAGE    72

..........................................................


THE BUFFALO NY CLIMATE NORMALS FOR TODAY
                         NORMAL    RECORD    YEAR
 MAXIMUM TEMPERATURE (F)   41        64      1982
 MINIMUM TEMPERATURE (F)   29         6      1936
                                             1876


SUNRISE AND SUNSET
DECEMBER  1 2016......SUNRISE   727 AM EST   SUNSET   441 PM EST
DECEMBER  2 2016......SUNRISE   728 AM EST   SUNSET   441 PM EST


-  INDICATES NEGATIVE NUMBERS.
R  INDICATES RECORD WAS SET OR TIED.
MM INDICATES DATA IS MISSING.
T  INDICATES TRACE AMOUNT.




$$
