000
CDUS41 KBUF 221121 CCA
CLIBUF

CLIMATE REPORT
NATIONAL WEATHER SERVICE BUFFALO NY
518 AM EST SAT NOV 22 2014


...................................

...THE BUFFALO NY CLIMATE SUMMARY FOR NOVEMBER 21 2014...

CLIMATE NORMAL PERIOD 1981 TO 2010
CLIMATE RECORD PERIOD 1871 TO 2014


WEATHER ITEM   OBSERVED TIME   RECORD YEAR NORMAL DEPARTURE LAST
                VALUE   (LST)  VALUE       VALUE  FROM      YEAR
                                                  NORMAL
..................................................................
TEMPERATURE (F)
 YESTERDAY
  MAXIMUM         28    242 PM  71    1913  45    -17       45
  MINIMUM         17    947 AM   7    1880  32    -15       33
  AVERAGE         23                        39    -16       39

PRECIPITATION (IN)
  YESTERDAY        T             1.77 2007   0.14  -0.14     0.03
  MONTH TO DATE    1.95                      2.82  -0.87     1.95
  SINCE SEP 1      9.68                     10.24  -0.56    12.48
  SINCE JAN 1     39.62                     35.40   4.22    40.11

SNOWFALL (IN)
  YESTERDAY        T             3.1  1957   0.3   -0.3      0.0
  MONTH TO DATE   17.2                       4.3   12.9      0.7
  SINCE SEP 1     17.2                       5.2   12.0      0.7
  SINCE JUL 1     17.2                       5.2   12.0      0.7
  SNOW DEPTH      10

DEGREE DAYS
 HEATING
  YESTERDAY       42                        26     16       26
  MONTH TO DATE  574                       476     98      473
  SINCE SEP 1   1041                      1054    -13      962
  SINCE JUL 1   1063                      1081    -18      978

 COOLING
  YESTERDAY        0                         0      0        0
  MONTH TO DATE    0                         0      0        0
  SINCE SEP 1     70                        57     13       59
  SINCE JAN 1    516                       544    -28      611
..................................................................


WIND (MPH)
  HIGHEST WIND SPEED    21   HIGHEST WIND DIRECTION    SW (210)
  HIGHEST GUST SPEED    28   HIGHEST GUST DIRECTION    SW (210)
  AVERAGE WIND SPEED    10.4


SKY COVER
  AVERAGE SKY COVER 0.6


WEATHER CONDITIONS
THE FOLLOWING WEATHER WAS RECORDED YESTERDAY.
  LIGHT SNOW


RELATIVE HUMIDITY (PERCENT)
 HIGHEST    74          1100 AM
 LOWEST     46           300 PM
 AVERAGE    60

..........................................................


THE BUFFALO NY CLIMATE NORMALS FOR TODAY
                         NORMAL    RECORD    YEAR
 MAXIMUM TEMPERATURE (F)   45        69      1953
                                             1934
 MINIMUM TEMPERATURE (F)   32         6      1880


SUNRISE AND SUNSET
NOVEMBER 22 2014......SUNRISE   716 AM EST   SUNSET   446 PM EST
NOVEMBER 23 2014......SUNRISE   717 AM EST   SUNSET   445 PM EST


-  INDICATES NEGATIVE NUMBERS.
R  INDICATES RECORD WAS SET OR TIED.
MM INDICATES DATA IS MISSING.
T  INDICATES TRACE AMOUNT.

$$
