000
CDUS41 KBUF 062137
CLIBUF


CLIMATE REPORT
NATIONAL WEATHER SERVICE BUFFALO NY
435 PM EST FRI MAR 6 2015


...................................

...THE BUFFALO NY CLIMATE SUMMARY FOR MARCH 6 2015...
VALID TODAY AS OF 0400 PM LOCAL TIME.

CLIMATE NORMAL PERIOD 1981 TO 2010
CLIMATE RECORD PERIOD 1871 TO 2015


WEATHER ITEM   OBSERVED TIME   RECORD YEAR NORMAL DEPARTURE LAST
                VALUE   (LST)  VALUE       VALUE  FROM      YEAR
                                                  NORMAL
..................................................................
TEMPERATURE (F)
 TODAY
  MAXIMUM         20    358 PM  72    1946  38    -18       27
  MINIMUM         -1R   719 AM   0    2007  23    -24        3
  AVERAGE         10                        30    -20       15

PRECIPITATION (IN)
  TODAY            0.00          0.98 1956   0.09  -0.09     0.00
  MONTH TO DATE    0.50                      0.54  -0.04     0.22
  SINCE MAR 1      0.50                      0.54  -0.04     0.22
  SINCE JAN 1      5.49                      6.21  -0.72     7.00

SNOWFALL (IN)
  TODAY            0.0           9.4  1999   0.5   -0.5      0.0
  MONTH TO DATE    5.8                       3.2    2.6      2.6
  SINCE MAR 1      5.8                       3.2    2.6      2.6
  SINCE JUL 1    108.8                      82.0   26.8    106.8
  SNOW DEPTH      20

DEGREE DAYS
 HEATING
  TODAY           55                        34     21       50
  MONTH TO DATE  278                       211     67      316
  SINCE MAR 1    278                       211     67      316
  SINCE JUL 1   5426                      4955    471     5422

 COOLING
  TODAY            0                         0      0        0
  MONTH TO DATE    0                         0      0        0
  SINCE MAR 1      0                         0      0        0
  SINCE JAN 1      0                         0      0        0
..................................................................


WIND (MPH)
  HIGHEST WIND SPEED    24   HIGHEST WIND DIRECTION    SW (220)
  HIGHEST GUST SPEED    31   HIGHEST GUST DIRECTION    SW (240)
  AVERAGE WIND SPEED    11.0


SKY COVER
  AVERAGE SKY COVER 0.2


WEATHER CONDITIONS
 THE FOLLOWING WEATHER WAS RECORDED TODAY.
  NO SIGNIFICANT WEATHER WAS OBSERVED.


RELATIVE HUMIDITY (PERCENT)
 HIGHEST    87           300 AM
 LOWEST     51          1200 PM
 AVERAGE    69

..........................................................


THE BUFFALO NY CLIMATE NORMALS FOR TOMORROW
                         NORMAL    RECORD    YEAR
 MAXIMUM TEMPERATURE (F)   39        76      1983
 MINIMUM TEMPERATURE (F)   23        -1      1913


SUNRISE AND SUNSET
MARCH  6 2015.........SUNRISE   643 AM EST   SUNSET   610 PM EST
MARCH  7 2015.........SUNRISE   641 AM EST   SUNSET   611 PM EST


-  INDICATES NEGATIVE NUMBERS.
R  INDICATES RECORD WAS SET OR TIED.
MM INDICATES DATA IS MISSING.
T  INDICATES TRACE AMOUNT.

$$
