000
CDUS41 KBUF 250705
CLIBUF


CLIMATE REPORT
NATIONAL WEATHER SERVICE BUFFALO NY
305 AM EDT SAT MAR 25 2017


...................................

...THE BUFFALO NY CLIMATE SUMMARY FOR MARCH 24 2017...

CLIMATE NORMAL PERIOD 1981 TO 2010
CLIMATE RECORD PERIOD 1871 TO 2017


WEATHER ITEM   OBSERVED TIME   RECORD YEAR NORMAL DEPARTURE LAST
                VALUE   (LST)  VALUE       VALUE  FROM      YEAR
                                                  NORMAL
..................................................................
TEMPERATURE (F)
 YESTERDAY
  MAXIMUM         62    327 PM  72    1920  45     17       47
  MINIMUM         37    722 AM   6    1940  29      8       32
                                      1888
  AVERAGE         50                        37     13       40

PRECIPITATION (IN)
  YESTERDAY        0.20          0.78 1878   0.10   0.10     0.31
  MONTH TO DATE    2.43                      2.20   0.23     2.04
  SINCE MAR 1      2.43                      2.20   0.23     2.04
  SINCE JAN 1      7.61                      7.87  -0.26     7.32

SNOWFALL (IN)
  YESTERDAY        0.0           4.2  1960   0.3   -0.3      0.0
  MONTH TO DATE   26.8                      11.0   15.8      0.9
  SINCE MAR 1     26.8                      11.0   15.8      0.9
  SINCE JUL 1     73.8                      89.8  -16.0     48.0
  SNOW DEPTH       0

DEGREE DAYS
 HEATING
  YESTERDAY       15                        28    -13       25
  MONTH TO DATE  834                       775     59      639
  SINCE MAR 1    834                       775     59      639
  SINCE JUL 1   4726                      5519   -793     4577

 COOLING
  YESTERDAY        0                         0      0        0
  MONTH TO DATE    0                         0      0        0
  SINCE MAR 1      0                         0      0        0
  SINCE JAN 1      0                         0      0        0
..................................................................


WIND (MPH)
  HIGHEST WIND SPEED    29   HIGHEST WIND DIRECTION     W (260)
  HIGHEST GUST SPEED    38   HIGHEST GUST DIRECTION     W (260)
  AVERAGE WIND SPEED    11.1


SKY COVER
  AVERAGE SKY COVER 1.0


WEATHER CONDITIONS
 THE FOLLOWING WEATHER WAS RECORDED YESTERDAY.
  THUNDERSTORM
  RAIN
  LIGHT RAIN
  FOG


RELATIVE HUMIDITY (PERCENT)
 HIGHEST    92           800 AM
 LOWEST     33           200 AM
 AVERAGE    63

..........................................................


THE BUFFALO NY CLIMATE NORMALS FOR TODAY
                         NORMAL    RECORD    YEAR
 MAXIMUM TEMPERATURE (F)   45        76      1945
                                             1920
 MINIMUM TEMPERATURE (F)   29         5      1983
                                             1974


SUNRISE AND SUNSET
MARCH 25 2017.........SUNRISE   709 AM EDT   SUNSET   733 PM EDT
MARCH 26 2017.........SUNRISE   707 AM EDT   SUNSET   735 PM EDT


-  INDICATES NEGATIVE NUMBERS.
R  INDICATES RECORD WAS SET OR TIED.
MM INDICATES DATA IS MISSING.
T  INDICATES TRACE AMOUNT.




$$
