382
CDUS41 KBUF 240705
CLIBUF


CLIMATE REPORT
NATIONAL WEATHER SERVICE BUFFALO NY
205 AM EST SAT FEB 24 2018


...................................

...THE BUFFALO NY CLIMATE SUMMARY FOR FEBRUARY 23 2018...

CLIMATE NORMAL PERIOD 1981 TO 2010
CLIMATE RECORD PERIOD 1871 TO 2018


WEATHER ITEM   OBSERVED TIME   RECORD YEAR NORMAL DEPARTURE LAST
                VALUE   (LST)  VALUE       VALUE  FROM      YEAR
                                                  NORMAL
..................................................................
TEMPERATURE (F)
 YESTERDAY
  MAXIMUM         52    512 PM  62    1984  35     17       60
  MINIMUM         34    529 AM  -7    2015  20     14       43
  AVERAGE         43                        28     15       52

PRECIPITATION (IN)
  YESTERDAY        0.24          0.94 1985   0.09   0.15      T
  MONTH TO DATE    3.45                      2.02   1.43     1.44
  SINCE DEC 1     10.11                      9.09   1.02     8.42
  SINCE JAN 1      7.18                      5.20   1.98     4.36

SNOWFALL (IN)
  YESTERDAY       MM             3.8  1994   0.6   MM        0.0
  MONTH TO DATE   18.1                      14.5    3.6      4.6
  SINCE DEC 1     83.0                      67.2   15.8     45.7
  SINCE JUL 1     83.2                      76.0    7.2     46.6
  SNOW DEPTH       0

DEGREE DAYS
 HEATING
  YESTERDAY       22                        37    -15       13
  MONTH TO DATE  806                       901    -95      735
  SINCE DEC 1   3282                      3227     55     2820
  SINCE JUL 1   4397                      4560   -163     3790

 COOLING
  YESTERDAY        0                         0      0        0
  MONTH TO DATE    0                         0      0        0
  SINCE DEC 1      0                         0      0        0
  SINCE JAN 1      0                         0      0        0
..................................................................


WIND (MPH)
  HIGHEST WIND SPEED    26   HIGHEST WIND DIRECTION    SW (240)
  HIGHEST GUST SPEED    36   HIGHEST GUST DIRECTION     W (250)
  AVERAGE WIND SPEED    12.7


SKY COVER
  AVERAGE SKY COVER 1.0


WEATHER CONDITIONS
 THE FOLLOWING WEATHER WAS RECORDED YESTERDAY.
  HEAVY RAIN
  RAIN
  LIGHT RAIN
  FOG


RELATIVE HUMIDITY (PERCENT)
 HIGHEST   100           600 PM
 LOWEST     77          1200 PM
 AVERAGE    89

..........................................................


THE BUFFALO NY CLIMATE NORMALS FOR TODAY
                         NORMAL    RECORD    YEAR
 MAXIMUM TEMPERATURE (F)   35        71      2017
 MINIMUM TEMPERATURE (F)   21       -10      1889


SUNRISE AND SUNSET
FEBRUARY 24 2018......SUNRISE   659 AM EST   SUNSET   558 PM EST
FEBRUARY 25 2018......SUNRISE   657 AM EST   SUNSET   559 PM EST


-  INDICATES NEGATIVE NUMBERS.
R  INDICATES RECORD WAS SET OR TIED.
MM INDICATES DATA IS MISSING.
T  INDICATES TRACE AMOUNT.




$$
