702
CDUS41 KBUF 271022
CLIBUF


CLIMATE REPORT
NATIONAL WEATHER SERVICE BUFFALO NY
618 AM EDT TUE JUN 27 2017


...................................

...THE BUFFALO NY CLIMATE SUMMARY FOR JUNE 26 2017...

CLIMATE NORMAL PERIOD 1981 TO 2010
CLIMATE RECORD PERIOD 1871 TO 2017


WEATHER ITEM   OBSERVED TIME   RECORD YEAR NORMAL DEPARTURE LAST
                VALUE   (LST)  VALUE       VALUE  FROM      YEAR
                                                  NORMAL
..................................................................
TEMPERATURE (F)
 YESTERDAY
  MAXIMUM         71    150 PM  93    2005  78     -7       90
  MINIMUM         57   1112 PM  45    1979  60     -3       65
  AVERAGE         64                        69     -5       78

PRECIPITATION (IN)
  YESTERDAY        T             1.29 1968   0.11  -0.11     0.00
  MONTH TO DATE    1.46                      3.23  -1.77     1.03
  SINCE JUN 1      1.46                      3.23  -1.77     1.03
  SINCE JAN 1     23.73                     18.24   5.49    12.27

SNOWFALL (IN)
  YESTERDAY       MM             0.0    MM   0.0   MM        0.0
  MONTH TO DATE    0.0                       0.0    0.0      0.0
  SINCE JUN 1      0.0                       0.0    0.0      0.0
  SINCE JUL 1     76.1                      94.7  -18.6     55.1
  SNOW DEPTH      MM

DEGREE DAYS
 HEATING
  YESTERDAY        1                         1      0        0
  MONTH TO DATE   42                        61    -19       42
  SINCE JUN 1     42                        61    -19       42
  SINCE JUL 1   5636                      6614   -978     5637

 COOLING
  YESTERDAY        0                         5     -5       13
  MONTH TO DATE  110                        82     28      106
  SINCE JUN 1    110                        82     28      106
  SINCE JAN 1    137                       108     29      165
..................................................................


WIND (MPH)
  HIGHEST WIND SPEED    26   HIGHEST WIND DIRECTION    SW (240)
  HIGHEST GUST SPEED    34   HIGHEST GUST DIRECTION    SW (230)
  AVERAGE WIND SPEED    12.8


SKY COVER
  AVERAGE SKY COVER 0.6


WEATHER CONDITIONS
 THE FOLLOWING WEATHER WAS RECORDED YESTERDAY.
  LIGHT RAIN


RELATIVE HUMIDITY (PERCENT)
 HIGHEST    72           500 AM
 LOWEST     52           800 PM
 AVERAGE    62

..........................................................


THE BUFFALO NY CLIMATE NORMALS FOR TODAY
                         NORMAL    RECORD    YEAR
 MAXIMUM TEMPERATURE (F)   78        95      2005
 MINIMUM TEMPERATURE (F)   60        47      1962


SUNRISE AND SUNSET
JUNE 27 2017..........SUNRISE   538 AM EDT   SUNSET   858 PM EDT
JUNE 28 2017..........SUNRISE   539 AM EDT   SUNSET   858 PM EDT


-  INDICATES NEGATIVE NUMBERS.
R  INDICATES RECORD WAS SET OR TIED.
MM INDICATES DATA IS MISSING.
T  INDICATES TRACE AMOUNT.




$$
