000
CDUS41 KBUF 290705
CLIBUF


CLIMATE REPORT
NATIONAL WEATHER SERVICE BUFFALO NY
205 AM EST SAT NOV 29 2014


...................................

...THE BUFFALO NY CLIMATE SUMMARY FOR NOVEMBER 28 2014...

CLIMATE NORMAL PERIOD 1981 TO 2010
CLIMATE RECORD PERIOD 1871 TO 2014


WEATHER ITEM   OBSERVED TIME   RECORD YEAR NORMAL DEPARTURE LAST
                VALUE   (LST)  VALUE       VALUE  FROM      YEAR
                                                  NORMAL
..................................................................
TEMPERATURE (F)
 YESTERDAY
  MAXIMUM         28   1235 AM  72    1990  42    -14       27
  MINIMUM         21    843 AM  11    1955  30     -9       18
  AVERAGE         25                        36    -11       23

PRECIPITATION (IN)
  YESTERDAY        0.07          0.96 1968   0.14  -0.07     0.07
  MONTH TO DATE    2.50                      3.75  -1.25     2.91
  SINCE SEP 1     10.23                     11.17  -0.94    13.44
  SINCE JAN 1     40.17                     36.33   3.84    41.07

SNOWFALL (IN)
  YESTERDAY       MM             8.2  1965   0.4   MM        2.4
  MONTH TO DATE   19.3                       7.0   12.3      9.6
  SINCE SEP 1     19.3                       7.9   11.4      9.6
  SINCE JUL 1     19.3                       7.9   11.4      9.6
  SNOW DEPTH       0

DEGREE DAYS
 HEATING
  YESTERDAY       40                        29     11       42
  MONTH TO DATE  768                       670     98      731
  SINCE SEP 1   1235                      1248    -13     1220
  SINCE JUL 1   1257                      1275    -18     1236

 COOLING
  YESTERDAY        0                         0      0        0
  MONTH TO DATE    0                         0      0        0
  SINCE SEP 1     70                        57     13       59
  SINCE JAN 1    516                       544    -28      611
..................................................................


WIND (MPH)
  HIGHEST WIND SPEED    20   HIGHEST WIND DIRECTION     W (280)
  HIGHEST GUST SPEED    24   HIGHEST GUST DIRECTION    NW (300)
  AVERAGE WIND SPEED    10.0


SKY COVER
  AVERAGE SKY COVER 0.8


WEATHER CONDITIONS
 THE FOLLOWING WEATHER WAS RECORDED YESTERDAY.
  HEAVY SNOW
  LIGHT SNOW
  FOG
  FOG W/VISIBILITY <= 1/4 MILE
  HAZE


RELATIVE HUMIDITY (PERCENT)
 HIGHEST    92          1200 AM
 LOWEST     50           100 PM
 AVERAGE    71

..........................................................


THE BUFFALO NY CLIMATE NORMALS FOR TODAY
                         NORMAL    RECORD    YEAR
 MAXIMUM TEMPERATURE (F)   42        68      2006
 MINIMUM TEMPERATURE (F)   30         4      1875


SUNRISE AND SUNSET
NOVEMBER 29 2014......SUNRISE   724 AM EST   SUNSET   442 PM EST
NOVEMBER 30 2014......SUNRISE   725 AM EST   SUNSET   442 PM EST


-  INDICATES NEGATIVE NUMBERS.
R  INDICATES RECORD WAS SET OR TIED.
MM INDICATES DATA IS MISSING.
T  INDICATES TRACE AMOUNT.




$$
