000
CDUS41 KBUF 211037
CLIBUF


CLIMATE REPORT
NATIONAL WEATHER SERVICE BUFFALO NY
535 AM EST SAT JAN 21 2017


...................................

...THE BUFFALO NY CLIMATE SUMMARY FOR JANUARY 20 2017...

CLIMATE NORMAL PERIOD 1981 TO 2010
CLIMATE RECORD PERIOD 1871 TO 2017


WEATHER ITEM   OBSERVED TIME   RECORD YEAR NORMAL DEPARTURE LAST
                VALUE   (LST)  VALUE       VALUE  FROM      YEAR
                                                  NORMAL
..................................................................
TEMPERATURE (F)
 YESTERDAY
  MAXIMUM         47   1007 PM  62    1951  31     16       25
                                      1907
  MINIMUM         34    155 AM  -5    1994  18     16       19
                                      1983
  AVERAGE         41                        24     17       22

PRECIPITATION (IN)
  YESTERDAY        0.09          1.20 1995   0.10  -0.01     0.01
  MONTH TO DATE    2.21                      2.16   0.05     1.55
  SINCE DEC 1      6.27                      6.05   0.22     4.45
  SINCE JAN 1      2.21                      2.16   0.05     1.55

SNOWFALL (IN)
  YESTERDAY        0.0           8.8  1978   0.8   -0.8      0.3
  MONTH TO DATE    2.9                      17.1  -14.2     23.8
  SINCE DEC 1     33.0                      44.5  -11.5     24.8
  SINCE JUL 1     33.9                      53.3  -19.4     24.8
  SNOW DEPTH       0

DEGREE DAYS
 HEATING
  YESTERDAY       24                        41    -17       43
  MONTH TO DATE  708                       798    -90      784
  SINCE DEC 1   1748                      1880   -132     1487
  SINCE JUL 1   2718                      3213   -495     2531

 COOLING
  YESTERDAY        0                         0      0        0
  MONTH TO DATE    0                         0      0        0
  SINCE DEC 1      0                         0      0        0
  SINCE JAN 1      0                         0      0        0
..................................................................


WIND (MPH)
  HIGHEST WIND SPEED    16   HIGHEST WIND DIRECTION    SW (240)
  HIGHEST GUST SPEED    21   HIGHEST GUST DIRECTION    SW (240)
  AVERAGE WIND SPEED     5.7


SKY COVER
  AVERAGE SKY COVER 1.0


WEATHER CONDITIONS
 THE FOLLOWING WEATHER WAS RECORDED YESTERDAY.
  LIGHT RAIN
  FOG


RELATIVE HUMIDITY (PERCENT)
 HIGHEST   100          1200 AM
 LOWEST     79          1100 AM
 AVERAGE    90

..........................................................


THE BUFFALO NY CLIMATE NORMALS FOR TODAY
                         NORMAL    RECORD    YEAR
 MAXIMUM TEMPERATURE (F)   31        69      1906
 MINIMUM TEMPERATURE (F)   18       -10      1985


SUNRISE AND SUNSET
JANUARY 21 2017.......SUNRISE   739 AM EST   SUNSET   514 PM EST
JANUARY 22 2017.......SUNRISE   739 AM EST   SUNSET   515 PM EST


-  INDICATES NEGATIVE NUMBERS.
R  INDICATES RECORD WAS SET OR TIED.
MM INDICATES DATA IS MISSING.
T  INDICATES TRACE AMOUNT.




$$
