000
CDUS41 KBUF 271029
CLIBUF


CLIMATE REPORT
NATIONAL WEATHER SERVICE BUFFALO NY
621 AM EDT WED MAY 27 2015


...................................

...THE BUFFALO NY CLIMATE SUMMARY FOR MAY 26 2015...

CLIMATE NORMAL PERIOD 1981 TO 2010
CLIMATE RECORD PERIOD 1871 TO 2015


WEATHER ITEM   OBSERVED TIME   RECORD YEAR NORMAL DEPARTURE LAST
                VALUE   (LST)  VALUE       VALUE  FROM      YEAR
                                                  NORMAL
..................................................................
TEMPERATURE (F)
 YESTERDAY
  MAXIMUM         79    700 PM  88    1944  70      9       72
  MINIMUM         62    538 AM  37    1997  51     11       55
                                      1961
  AVERAGE         71                        60     11       64

PRECIPITATION (IN)
  YESTERDAY        T             1.09 1907   0.12  -0.12     0.00
                                      1905
  MONTH TO DATE    0.75                      2.86  -2.11     2.92
  SINCE MAR 1      4.89                      8.74  -3.85    10.55
  SINCE JAN 1      9.88                     14.41  -4.53    17.33

SNOWFALL (IN)
  YESTERDAY        0.0           0.0    MM   0.0    0.0      0.0
  MONTH TO DATE    0.0                       0.3   -0.3      0.0
  SINCE MAR 1      9.9                      15.9   -6.0     25.7
  SINCE JUL 1    112.9                      94.7   18.2    129.9
  SNOW DEPTH       0

DEGREE DAYS
 HEATING
  YESTERDAY        0                         6     -6        1
  MONTH TO DATE  147                       246    -99      230
  SINCE MAR 1   1819                      1783     36     1979
  SINCE JUL 1   6967                      6527    440     7085

 COOLING
  YESTERDAY        6                         1      5        0
  MONTH TO DATE   67                        14     53       21
  SINCE MAR 1     67                        17     50       21
  SINCE JAN 1     67                        17     50       21
..................................................................


WIND (MPH)
  HIGHEST WIND SPEED    21   HIGHEST WIND DIRECTION    SW (220)
  HIGHEST GUST SPEED    27   HIGHEST GUST DIRECTION    SW (230)
  AVERAGE WIND SPEED    11.3


SKY COVER
  AVERAGE SKY COVER 0.6


WEATHER CONDITIONS
 THE FOLLOWING WEATHER WAS RECORDED YESTERDAY.
  NO SIGNIFICANT WEATHER WAS OBSERVED.


RELATIVE HUMIDITY (PERCENT)
 HIGHEST    87          1200 AM
 LOWEST     56           800 PM
 AVERAGE    72

..........................................................


THE BUFFALO NY CLIMATE NORMALS FOR TODAY
                         NORMAL    RECORD    YEAR
 MAXIMUM TEMPERATURE (F)   70        89      1978
 MINIMUM TEMPERATURE (F)   51        36      1969
                                             1930


SUNRISE AND SUNSET
MAY 27 2015...........SUNRISE   542 AM EDT   SUNSET   843 PM EDT
MAY 28 2015...........SUNRISE   541 AM EDT   SUNSET   844 PM EDT


-  INDICATES NEGATIVE NUMBERS.
R  INDICATES RECORD WAS SET OR TIED.
MM INDICATES DATA IS MISSING.
T  INDICATES TRACE AMOUNT.




$$
