000
CDUS41 KBUF 221018
CLIBUF


CLIMATE REPORT
NATIONAL WEATHER SERVICE BUFFALO NY
615 AM EDT FRI SEP 22 2017


...................................

...THE BUFFALO NY CLIMATE SUMMARY FOR SEPTEMBER 21 2017...

CLIMATE NORMAL PERIOD 1981 TO 2010
CLIMATE RECORD PERIOD 1871 TO 2017


WEATHER ITEM   OBSERVED TIME   RECORD YEAR NORMAL DEPARTURE LAST
                VALUE   (LST)  VALUE       VALUE  FROM      YEAR
                                                  NORMAL
..................................................................
TEMPERATURE (F)
 YESTERDAY
  MAXIMUM         84    318 PM  86    1934  69     15       82
  MINIMUM         59    609 AM  33    1973  52      7       56
  AVERAGE         72                        60     12       69

PRECIPITATION (IN)
  YESTERDAY        0.00          2.79 2013   0.16  -0.16     0.00
  MONTH TO DATE    2.43                      2.63  -0.20     2.81
  SINCE SEP 1      2.43                      2.63  -0.20     2.81
  SINCE JAN 1     34.71                     27.79   6.92    21.33

SNOWFALL (IN)
  YESTERDAY        0.0           0.0    MM   0.0    0.0      0.0
  MONTH TO DATE    0.0                       0.0    0.0      0.0
  SINCE SEP 1      0.0                       0.0    0.0      0.0
  SINCE JUL 1      0.0                       0.0    0.0      0.0
  SNOW DEPTH       0

DEGREE DAYS
 HEATING
  YESTERDAY        0                         6     -6        0
  MONTH TO DATE   62                        69     -7        9
  SINCE SEP 1     62                        69     -7        9
  SINCE JUL 1     78                        96    -18        9

 COOLING
  YESTERDAY        7                         1      6        4
  MONTH TO DATE   59                        46     13      103
  SINCE SEP 1     59                        46     13      103
  SINCE JAN 1    529                       533     -4      921
..................................................................


WIND (MPH)
  HIGHEST WIND SPEED    12   HIGHEST WIND DIRECTION    NE (40)
  HIGHEST GUST SPEED    14   HIGHEST GUST DIRECTION     E (70)
  AVERAGE WIND SPEED     5.4


SKY COVER
  AVERAGE SKY COVER 0.2


WEATHER CONDITIONS
 THE FOLLOWING WEATHER WAS RECORDED YESTERDAY.
  NO SIGNIFICANT WEATHER WAS OBSERVED.


RELATIVE HUMIDITY (PERCENT)
 HIGHEST    93           100 AM
 LOWEST     46           100 PM
 AVERAGE    70

..........................................................


THE BUFFALO NY CLIMATE NORMALS FOR TODAY
                         NORMAL    RECORD    YEAR
 MAXIMUM TEMPERATURE (F)   69        89      1965
 MINIMUM TEMPERATURE (F)   51        37      1963


SUNRISE AND SUNSET
SEPTEMBER 22 2017.....SUNRISE   702 AM EDT   SUNSET   712 PM EDT
SEPTEMBER 23 2017.....SUNRISE   704 AM EDT   SUNSET   710 PM EDT


-  INDICATES NEGATIVE NUMBERS.
R  INDICATES RECORD WAS SET OR TIED.
MM INDICATES DATA IS MISSING.
T  INDICATES TRACE AMOUNT.




$$
