175
CDUS41 KBUF 231023
CLIBUF


CLIMATE REPORT
NATIONAL WEATHER SERVICE BUFFALO NY
621 AM EDT MON MAY 23 2016


...................................

...THE BUFFALO NY CLIMATE SUMMARY FOR MAY 22 2016...

CLIMATE NORMAL PERIOD 1981 TO 2010
CLIMATE RECORD PERIOD 1871 TO 2016


WEATHER ITEM   OBSERVED TIME   RECORD YEAR NORMAL DEPARTURE LAST
                VALUE   (LST)  VALUE       VALUE  FROM      YEAR
                                                  NORMAL
..................................................................
TEMPERATURE (F)
 YESTERDAY
  MAXIMUM         72    505 PM  94    1911  68      4       60
  MINIMUM         53    553 AM  36    2002  49      4       40
                                      1990
                                      1963
  AVERAGE         63                        59      4       50

PRECIPITATION (IN)
  YESTERDAY        0.00          1.76 1982   0.12  -0.12     0.00
  MONTH TO DATE    1.15                      2.37  -1.22     0.71
  SINCE MAR 1      5.90                      8.25  -2.35     4.85
  SINCE JAN 1     11.18                     13.92  -2.74     9.84

SNOWFALL (IN)
  YESTERDAY        0.0           0.0    MM   0.0    0.0      0.0
  MONTH TO DATE    T                         0.3   -0.3      0.0
  SINCE MAR 1      8.0                      15.9   -7.9      9.9
  SINCE JUL 1     55.1                      94.7  -39.6    112.9
  SNOW DEPTH       0

DEGREE DAYS
 HEATING
  YESTERDAY        2                         7     -5       15
  MONTH TO DATE  235                       220     15      127
  SINCE MAR 1   1655                      1757   -102     1799
  SINCE JUL 1   5593                      6501   -908     6947

 COOLING
  YESTERDAY        0                         1     -1        0
  MONTH TO DATE    2                        10     -8       54
  SINCE MAR 1      2                        13    -11       54
  SINCE JAN 1      2                        13    -11       54
..................................................................


WIND (MPH)
  HIGHEST WIND SPEED    18   HIGHEST WIND DIRECTION     N (20)
  HIGHEST GUST SPEED    21   HIGHEST GUST DIRECTION     N (20)
  AVERAGE WIND SPEED     7.3


SKY COVER
  AVERAGE SKY COVER 0.7


WEATHER CONDITIONS
 THE FOLLOWING WEATHER WAS RECORDED YESTERDAY.
  NO SIGNIFICANT WEATHER WAS OBSERVED.


RELATIVE HUMIDITY (PERCENT)
 HIGHEST    83          1200 AM
 LOWEST     41           500 PM
 AVERAGE    62

..........................................................


THE BUFFALO NY CLIMATE NORMALS FOR TODAY
                         NORMAL    RECORD    YEAR
 MAXIMUM TEMPERATURE (F)   69        90      1991
 MINIMUM TEMPERATURE (F)   50        33      1967


SUNRISE AND SUNSET
MAY 23 2016...........SUNRISE   544 AM EDT   SUNSET   840 PM EDT
MAY 24 2016...........SUNRISE   543 AM EDT   SUNSET   841 PM EDT


-  INDICATES NEGATIVE NUMBERS.
R  INDICATES RECORD WAS SET OR TIED.
MM INDICATES DATA IS MISSING.
T  INDICATES TRACE AMOUNT.




$$
