000
CDUS41 KBUF 131042
CLIBUF


CLIMATE REPORT
NATIONAL WEATHER SERVICE BUFFALO NY
541 AM EST SAT FEB 13 2016


...................................

...THE BUFFALO NY CLIMATE SUMMARY FOR FEBRUARY 12 2016...

CLIMATE NORMAL PERIOD 1981 TO 2010
CLIMATE RECORD PERIOD 1871 TO 2016


WEATHER ITEM   OBSERVED TIME   RECORD YEAR NORMAL DEPARTURE LAST
                VALUE   (LST)  VALUE       VALUE  FROM      YEAR
                                                  NORMAL
..................................................................
TEMPERATURE (F)
 YESTERDAY
  MAXIMUM         23    241 PM  63    1999  33    -10       29
  MINIMUM         12    826 AM -10    1979  19     -7        1
  AVERAGE         18                        26     -8       15

PRECIPITATION (IN)
  YESTERDAY        0.19          1.41 1910   0.08   0.11     0.08
  MONTH TO DATE    1.13                      1.05   0.08     1.78
  SINCE DEC 1      5.84                      8.12  -2.28     6.52
  SINCE JAN 1      2.94                      4.23  -1.29     4.37

SNOWFALL (IN)
  YESTERDAY        4.9          14.1  1910   0.6    4.3      2.4
  MONTH TO DATE    8.1                       7.9    0.2     32.0
  SINCE DEC 1     34.7                      60.6  -25.9     68.3
  SINCE JUL 1     34.7                      69.4  -34.7     88.8
  SNOW DEPTH       3

DEGREE DAYS
 HEATING
  YESTERDAY       47                        39      8       50
  MONTH TO DATE  383                       479    -96      572
  SINCE DEC 1   2259                      2805   -546     2913
  SINCE JUL 1   3303                      4138   -835     4211

 COOLING
  YESTERDAY        0                         0      0        0
  MONTH TO DATE    0                         0      0        0
  SINCE DEC 1      0                         0      0        0
  SINCE JAN 1      0                         0      0        0
..................................................................


WIND (MPH)
  HIGHEST WIND SPEED    30   HIGHEST WIND DIRECTION    SW (210)
  HIGHEST GUST SPEED    41   HIGHEST GUST DIRECTION    SW (240)
  AVERAGE WIND SPEED    14.7


SKY COVER
  AVERAGE SKY COVER 0.8


WEATHER CONDITIONS
 THE FOLLOWING WEATHER WAS RECORDED YESTERDAY.
  THUNDERSTORM
  HEAVY SNOW
  SNOW
  LIGHT SNOW
  FOG
  HAZE
  BLOWING SNOW


RELATIVE HUMIDITY (PERCENT)
 HIGHEST    88           700 AM
 LOWEST     49           400 AM
 AVERAGE    69

..........................................................


THE BUFFALO NY CLIMATE NORMALS FOR TODAY
                         NORMAL    RECORD    YEAR
 MAXIMUM TEMPERATURE (F)   33        61      1984
 MINIMUM TEMPERATURE (F)   19        -9      1914


SUNRISE AND SUNSET
FEBRUARY 13 2016......SUNRISE   716 AM EST   SUNSET   543 PM EST
FEBRUARY 14 2016......SUNRISE   714 AM EST   SUNSET   544 PM EST


-  INDICATES NEGATIVE NUMBERS.
R  INDICATES RECORD WAS SET OR TIED.
MM INDICATES DATA IS MISSING.
T  INDICATES TRACE AMOUNT.




$$
