000
CDUS41 KBUF 261018
CLIBUF


CLIMATE REPORT
NATIONAL WEATHER SERVICE BUFFALO NY
617 AM EDT FRI AUG 26 2016


...................................

...THE BUFFALO NY CLIMATE SUMMARY FOR AUGUST 25 2016...

CLIMATE NORMAL PERIOD 1981 TO 2010
CLIMATE RECORD PERIOD 1871 TO 2016


WEATHER ITEM   OBSERVED TIME   RECORD YEAR NORMAL DEPARTURE LAST
                VALUE   (LST)  VALUE       VALUE  FROM      YEAR
                                                  NORMAL
..................................................................
TEMPERATURE (F)
 YESTERDAY
  MAXIMUM         83    351 PM  91    2012  77      6       67
  MINIMUM         71    622 AM  42    1963  60     11       58
  AVERAGE         77                        69      8       63

PRECIPITATION (IN)
  YESTERDAY        1.54R         1.54 2016   0.10   1.44     0.08
  MONTH TO DATE    3.28                      2.64   0.64     4.38
  SINCE JUN 1      6.39                      9.53  -3.14    11.83
  SINCE JAN 1     17.63                     24.54  -6.91    24.46

SNOWFALL (IN)
  YESTERDAY        0.0           0.0    MM   0.0    0.0      0.0
  MONTH TO DATE    0.0                       0.0    0.0      0.0
  SINCE JUN 1      0.0                       0.0    0.0      0.0
  SINCE JUL 1      0.0                       0.0    0.0      0.0
  SNOW DEPTH       0

DEGREE DAYS
 HEATING
  YESTERDAY        0                         1     -1        2
  MONTH TO DATE    0                        10    -10        3
  SINCE JUN 1     42                        83    -41       60
  SINCE JUL 1      0                        19    -19       10

 COOLING
  YESTERDAY       12                         4      8        0
  MONTH TO DATE  284                       137    147      143
  SINCE JUN 1    705                       437    268      417
  SINCE JAN 1    764                       463    301      508
..................................................................


WIND (MPH)
  HIGHEST WIND SPEED    22   HIGHEST WIND DIRECTION    SW (240)
  HIGHEST GUST SPEED    30   HIGHEST GUST DIRECTION    SW (240)
  AVERAGE WIND SPEED    10.8


SKY COVER
  AVERAGE SKY COVER 0.8


WEATHER CONDITIONS
 THE FOLLOWING WEATHER WAS RECORDED YESTERDAY.
  THUNDERSTORM
  HEAVY RAIN
  RAIN
  LIGHT RAIN
  FOG


RELATIVE HUMIDITY (PERCENT)
 HIGHEST    94          1000 AM
 LOWEST     54          1200 AM
 AVERAGE    74

..........................................................


THE BUFFALO NY CLIMATE NORMALS FOR TODAY
                         NORMAL    RECORD    YEAR
 MAXIMUM TEMPERATURE (F)   77        93      1948
 MINIMUM TEMPERATURE (F)   60        45      1963


SUNRISE AND SUNSET
AUGUST 26 2016........SUNRISE   633 AM EDT   SUNSET   759 PM EDT
AUGUST 27 2016........SUNRISE   635 AM EDT   SUNSET   757 PM EDT


-  INDICATES NEGATIVE NUMBERS.
R  INDICATES RECORD WAS SET OR TIED.
MM INDICATES DATA IS MISSING.
T  INDICATES TRACE AMOUNT.

$$
