000
CDUS41 KBUF 282040
CLIBUF


CLIMATE REPORT
NATIONAL WEATHER SERVICE BUFFALO NY
440 PM EDT TUE MAR 28 2017


...................................

...THE BUFFALO NY CLIMATE SUMMARY FOR MARCH 27 2017...

CLIMATE NORMAL PERIOD 1981 TO 2010
CLIMATE RECORD PERIOD 1871 TO 2017


WEATHER ITEM   OBSERVED TIME   RECORD YEAR NORMAL DEPARTURE LAST
                VALUE   (LST)  VALUE       VALUE  FROM      YEAR
                                                  NORMAL
..................................................................
TEMPERATURE (F)
 YESTERDAY
  MAXIMUM         53    918 AM  75    1989  46      7       70
  MINIMUM         45   1252 PM  11    1966  30     15       30
  AVERAGE         49                        38     11       50

PRECIPITATION (IN)
  YESTERDAY        T             1.09 1914   0.09  -0.09     0.00
  MONTH TO DATE    3.26                      2.48   0.78     2.07
  SINCE MAR 1      3.26                      2.48   0.78     2.07
  SINCE JAN 1      8.44                      8.15   0.29     7.35

SNOWFALL (IN)
  YESTERDAY        0.0           6.8  1959   0.3   -0.3      0.0
  MONTH TO DATE   26.8                      11.9   14.9      0.9
  SINCE MAR 1     26.8                      11.9   14.9      0.9
  SINCE JUL 1     73.8                      90.7  -16.9     48.0
  SNOW DEPTH       0

DEGREE DAYS
 HEATING
  YESTERDAY       16                        27    -11       15
  MONTH TO DATE  893                       857     36      702
  SINCE MAR 1    893                       857     36      702
  SINCE JUL 1   4785                      5601   -816     4640

 COOLING
  YESTERDAY        0                         0      0        0
  MONTH TO DATE    0                         0      0        0
  SINCE MAR 1      0                         0      0        0
  SINCE JAN 1      0                         0      0        0
..................................................................


WIND (MPH)
  HIGHEST WIND SPEED    17   HIGHEST WIND DIRECTION    SW (220)
  HIGHEST GUST SPEED    24   HIGHEST GUST DIRECTION    SW (230)
  AVERAGE WIND SPEED    10.6


SKY COVER
  AVERAGE SKY COVER 0.9


WEATHER CONDITIONS
 THE FOLLOWING WEATHER WAS RECORDED YESTERDAY.
  LIGHT RAIN
  FOG
  FOG W/VISIBILITY <= 1/4 MILE


RELATIVE HUMIDITY (PERCENT)
 HIGHEST    93           100 PM
 LOWEST     77           500 AM
 AVERAGE    85

..........................................................


THE BUFFALO NY CLIMATE NORMALS FOR TODAY
                         NORMAL    RECORD    YEAR
 MAXIMUM TEMPERATURE (F)   47        77      1998
                                             1945
 MINIMUM TEMPERATURE (F)   30         5      1923


SUNRISE AND SUNSET
MARCH 28 2017.........SUNRISE   704 AM EDT   SUNSET   737 PM EDT
MARCH 29 2017.........SUNRISE   702 AM EDT   SUNSET   738 PM EDT


-  INDICATES NEGATIVE NUMBERS.
R  INDICATES RECORD WAS SET OR TIED.
MM INDICATES DATA IS MISSING.
T  INDICATES TRACE AMOUNT.




$$
