000
CDUS41 KBUF 290705
CLIBUF


CLIMATE REPORT
NATIONAL WEATHER SERVICE BUFFALO NY
205 AM EST THU JAN 29 2015


...................................

...THE BUFFALO NY CLIMATE SUMMARY FOR JANUARY 28 2015...

CLIMATE NORMAL PERIOD 1981 TO 2010
CLIMATE RECORD PERIOD 1871 TO 2015


WEATHER ITEM   OBSERVED TIME   RECORD YEAR NORMAL DEPARTURE LAST
                VALUE   (LST)  VALUE       VALUE  FROM      YEAR
                                                  NORMAL
..................................................................
TEMPERATURE (F)
 YESTERDAY
  MAXIMUM         22    123 PM  51    1994  31     -9        7
                                      1990
                                      1914
  MINIMUM          4    758 AM  -6    2005  18    -14        0
                                      1966
                                      1925
  AVERAGE         13                        24    -11        4

PRECIPITATION (IN)
  YESTERDAY        0.00          0.88 1889   0.08  -0.08      T
  MONTH TO DATE    2.32                      2.91  -0.59     3.16
  SINCE DEC 1      4.47                      6.80  -2.33     8.09
  SINCE JAN 1      2.32                      2.91  -0.59     3.16

SNOWFALL (IN)
  YESTERDAY        0.0           7.1  2009   0.7   -0.7       T
  MONTH TO DATE   22.6                      23.1   -0.5     42.1
  SINCE DEC 1     33.9                      50.5  -16.6     70.6
  SINCE JUL 1     54.4                      59.3   -4.9     80.6
  SNOW DEPTH       4

DEGREE DAYS
 HEATING
  YESTERDAY       52                        41     11       61
  MONTH TO DATE 1237                      1126    111     1252
  SINCE DEC 1   2205                      2208     -3     2392
  SINCE JUL 1   3503                      3541    -38     3710

 COOLING
  YESTERDAY        0                         0      0        0
  MONTH TO DATE    0                         0      0        0
  SINCE DEC 1      0                         0      0        0
  SINCE JAN 1      0                         0      0        0
..................................................................


WIND (MPH)
  HIGHEST WIND SPEED    13   HIGHEST WIND DIRECTION    SW (220)
  HIGHEST GUST SPEED    16   HIGHEST GUST DIRECTION    SW (220)
  AVERAGE WIND SPEED     7.0


SKY COVER
  AVERAGE SKY COVER 0.1


WEATHER CONDITIONS
 THE FOLLOWING WEATHER WAS RECORDED YESTERDAY.
  NO SIGNIFICANT WEATHER WAS OBSERVED.


RELATIVE HUMIDITY (PERCENT)
 HIGHEST    88           200 AM
 LOWEST     57           400 PM
 AVERAGE    73

..........................................................


THE BUFFALO NY CLIMATE NORMALS FOR TODAY
                         NORMAL    RECORD    YEAR
 MAXIMUM TEMPERATURE (F)   31        59      1914
 MINIMUM TEMPERATURE (F)   18        -7      1977


SUNRISE AND SUNSET
JANUARY 29 2015.......SUNRISE   733 AM EST   SUNSET   523 PM EST
JANUARY 30 2015.......SUNRISE   732 AM EST   SUNSET   525 PM EST


-  INDICATES NEGATIVE NUMBERS.
R  INDICATES RECORD WAS SET OR TIED.
MM INDICATES DATA IS MISSING.
T  INDICATES TRACE AMOUNT.




$$
