000
CDUS41 KBUF 311023
CLIBUF


CLIMATE REPORT
NATIONAL WEATHER SERVICE BUFFALO NY
623 AM EDT MON AUG 31 2015


...................................

...THE BUFFALO NY CLIMATE SUMMARY FOR AUGUST 30 2015...

CLIMATE NORMAL PERIOD 1981 TO 2010
CLIMATE RECORD PERIOD 1871 TO 2015


WEATHER ITEM   OBSERVED TIME   RECORD YEAR NORMAL DEPARTURE LAST
                VALUE   (LST)  VALUE       VALUE  FROM      YEAR
                                                  NORMAL
..................................................................
TEMPERATURE (F)
 YESTERDAY
  MAXIMUM         79    400 PM  91    1959  77      2       88
                                      1951
  MINIMUM         67   1156 PM  38    1965  59      8       62
  AVERAGE         73                        68      5       75

PRECIPITATION (IN)
  YESTERDAY        T             1.48 1903   0.11  -0.11     0.47
  MONTH TO DATE    4.39                      3.16   1.23     2.92
  SINCE JUN 1     11.84                     10.05   1.79    12.17
  SINCE JAN 1     24.47                     25.06  -0.59    29.70

SNOWFALL (IN)
  YESTERDAY        0.0           0.0    MM   0.0    0.0      0.0
  MONTH TO DATE    0.0                       0.0    0.0      0.0
  SINCE JUN 1      0.0                       0.0    0.0      0.0
  SINCE JUL 1      0.0                       0.0    0.0      0.0
  SNOW DEPTH       0

DEGREE DAYS
 HEATING
  YESTERDAY        0                         1     -1        0
  MONTH TO DATE    8                        15     -7       12
  SINCE JUN 1     65                        88    -23       50
  SINCE JUL 1     15                        24     -9       22

 COOLING
  YESTERDAY        8                         4      4       10
  MONTH TO DATE  153                       157     -4      138
  SINCE JUN 1    427                       457    -30      416
  SINCE JAN 1    518                       483     35      439
..................................................................


WIND (MPH)
  HIGHEST WIND SPEED    14   HIGHEST WIND DIRECTION    SW (220)
  HIGHEST GUST SPEED    17   HIGHEST GUST DIRECTION     W (250)
  AVERAGE WIND SPEED     5.3


SKY COVER
  AVERAGE SKY COVER 0.6


WEATHER CONDITIONS
 THE FOLLOWING WEATHER WAS RECORDED YESTERDAY.
  LIGHT RAIN


RELATIVE HUMIDITY (PERCENT)
 HIGHEST    87           400 AM
 LOWEST     56           500 PM
 AVERAGE    72

..........................................................


THE BUFFALO NY CLIMATE NORMALS FOR TODAY
                         NORMAL    RECORD    YEAR
 MAXIMUM TEMPERATURE (F)   76        93      1962
 MINIMUM TEMPERATURE (F)   58        43      1976


SUNRISE AND SUNSET
AUGUST 31 2015........SUNRISE   638 AM EDT   SUNSET   752 PM EDT
SEPTEMBER  1 2015.....SUNRISE   639 AM EDT   SUNSET   750 PM EDT


-  INDICATES NEGATIVE NUMBERS.
R  INDICATES RECORD WAS SET OR TIED.
MM INDICATES DATA IS MISSING.
T  INDICATES TRACE AMOUNT.




$$
