000
CDUS41 KBUF 251018
CLIBUF


CLIMATE REPORT
NATIONAL WEATHER SERVICE BUFFALO NY
617 AM EDT WED MAR 25 2015


...................................

...THE BUFFALO NY CLIMATE SUMMARY FOR MARCH 24 2015...

CLIMATE NORMAL PERIOD 1981 TO 2010
CLIMATE RECORD PERIOD 1871 TO 2015


WEATHER ITEM   OBSERVED TIME   RECORD YEAR NORMAL DEPARTURE LAST
                VALUE   (LST)  VALUE       VALUE  FROM      YEAR
                                                  NORMAL
..................................................................
TEMPERATURE (F)
 YESTERDAY
  MAXIMUM         39    515 PM  72    1920  45     -6       25
  MINIMUM         16    404 AM   6    1940  29    -13       16
                                      1888
  AVERAGE         28                        37     -9       21

PRECIPITATION (IN)
  YESTERDAY        0.00          0.78 1878   0.10  -0.10      T
  MONTH TO DATE    0.67                      2.20  -1.53     1.53
  SINCE MAR 1      0.67                      2.20  -1.53     1.53
  SINCE JAN 1      5.66                      7.87  -2.21     8.31

SNOWFALL (IN)
  YESTERDAY        0.0           4.2  1960   0.3   -0.3      0.1
  MONTH TO DATE    6.6                      11.0   -4.4     17.5
  SINCE MAR 1      6.6                      11.0   -4.4     17.5
  SINCE JUL 1    109.6                      89.8   19.8    121.7
  SNOW DEPTH       T

DEGREE DAYS
 HEATING
  YESTERDAY       37                        28      9       44
  MONTH TO DATE  869                       775     94      954
  SINCE MAR 1    869                       775     94      954
  SINCE JUL 1   6017                      5519    498     6060

 COOLING
  YESTERDAY        0                         0      0        0
  MONTH TO DATE    0                         0      0        0
  SINCE MAR 1      0                         0      0        0
  SINCE JAN 1      0                         0      0        0
..................................................................


WIND (MPH)
  HIGHEST WIND SPEED    12   HIGHEST WIND DIRECTION     E (90)
  HIGHEST GUST SPEED    15   HIGHEST GUST DIRECTION     E (70)
  AVERAGE WIND SPEED     5.7


SKY COVER
  AVERAGE SKY COVER 0.3


WEATHER CONDITIONS
 THE FOLLOWING WEATHER WAS RECORDED YESTERDAY.
  NO SIGNIFICANT WEATHER WAS OBSERVED.


RELATIVE HUMIDITY (PERCENT)
 HIGHEST    75          1100 PM
 LOWEST     33           400 PM
 AVERAGE    54

..........................................................


THE BUFFALO NY CLIMATE NORMALS FOR TODAY
                         NORMAL    RECORD    YEAR
 MAXIMUM TEMPERATURE (F)   45        76      1945
                                             1920
 MINIMUM TEMPERATURE (F)   29         5      1983
                                             1974


SUNRISE AND SUNSET
MARCH 25 2015.........SUNRISE   710 AM EDT   SUNSET   733 PM EDT
MARCH 26 2015.........SUNRISE   708 AM EDT   SUNSET   734 PM EDT


-  INDICATES NEGATIVE NUMBERS.
R  INDICATES RECORD WAS SET OR TIED.
MM INDICATES DATA IS MISSING.
T  INDICATES TRACE AMOUNT.




$$
