000
CDUS41 KBUF 200705
CLIBUF


CLIMATE REPORT
NATIONAL WEATHER SERVICE BUFFALO NY
205 AM EST MON NOV 20 2017


...................................

...THE BUFFALO NY CLIMATE SUMMARY FOR NOVEMBER 19 2017...

CLIMATE NORMAL PERIOD 1981 TO 2010
CLIMATE RECORD PERIOD 1871 TO 2017


WEATHER ITEM   OBSERVED TIME   RECORD YEAR NORMAL DEPARTURE LAST
                VALUE   (LST)  VALUE       VALUE  FROM      YEAR
                                                  NORMAL
..................................................................
TEMPERATURE (F)
 YESTERDAY
  MAXIMUM         48   1212 AM  70    1985  46      2       62
  MINIMUM         31   1159 PM  12    1880  33     -2       35
  AVERAGE         40                        40      0       49

PRECIPITATION (IN)
  YESTERDAY        0.35          1.49 2009   0.14   0.21     0.54
  MONTH TO DATE    4.62                      2.55   2.07     1.96
  SINCE SEP 1     12.80                      9.97   2.83     9.90
  SINCE JAN 1     45.08                     35.13   9.95    28.42

SNOWFALL (IN)
  YESTERDAY       MM             7.6  2014   0.3   MM         T
  MONTH TO DATE    0.1                       3.7   -3.6       T
  SINCE SEP 1      0.2                       4.6   -4.4       T
  SINCE JUL 1      0.2                       4.6   -4.4       T
  SNOW DEPTH       0

DEGREE DAYS
 HEATING
  YESTERDAY       25                        25      0       16
  MONTH TO DATE  472                       424     48      314
  SINCE SEP 1    824                      1002   -178      693
  SINCE JUL 1    840                      1029   -189      693

 COOLING
  YESTERDAY        0                         0      0        0
  MONTH TO DATE    0                         0      0        0
  SINCE SEP 1    133                        57     76      121
  SINCE JAN 1    603                       544     59      939
..................................................................


WIND (MPH)
  HIGHEST WIND SPEED    30   HIGHEST WIND DIRECTION    NW (330)
  HIGHEST GUST SPEED    38   HIGHEST GUST DIRECTION    NW (330)
  AVERAGE WIND SPEED    15.3


SKY COVER
  AVERAGE SKY COVER 0.9


WEATHER CONDITIONS
 THE FOLLOWING WEATHER WAS RECORDED YESTERDAY.
  HEAVY RAIN
  RAIN
  LIGHT RAIN
  LIGHT SNOW
  FOG


RELATIVE HUMIDITY (PERCENT)
 HIGHEST   100           100 AM
 LOWEST     64          1100 AM
 AVERAGE    82

..........................................................


THE BUFFALO NY CLIMATE NORMALS FOR TODAY
                         NORMAL    RECORD    YEAR
 MAXIMUM TEMPERATURE (F)   46        72      1953
 MINIMUM TEMPERATURE (F)   33        11      1880


SUNRISE AND SUNSET
NOVEMBER 20 2017......SUNRISE   714 AM EST   SUNSET   447 PM EST
NOVEMBER 21 2017......SUNRISE   715 AM EST   SUNSET   446 PM EST


-  INDICATES NEGATIVE NUMBERS.
R  INDICATES RECORD WAS SET OR TIED.
MM INDICATES DATA IS MISSING.
T  INDICATES TRACE AMOUNT.




$$
