000
CDUS41 KBUF 210705
CLIBUF


CLIMATE REPORT
NATIONAL WEATHER SERVICE BUFFALO NY
305 AM EDT TUE MAR 21 2017


...................................

...THE BUFFALO NY CLIMATE SUMMARY FOR MARCH 20 2017...

CLIMATE NORMAL PERIOD 1981 TO 2010
CLIMATE RECORD PERIOD 1871 TO 2017


WEATHER ITEM   OBSERVED TIME   RECORD YEAR NORMAL DEPARTURE LAST
                VALUE   (LST)  VALUE       VALUE  FROM      YEAR
                                                  NORMAL
..................................................................
TEMPERATURE (F)
 YESTERDAY
  MAXIMUM         51   1254 AM  80    2012  43      8       41
  MINIMUM         28    656 AM   2    1885  27      1       21
  AVERAGE         40                        35      5       31

PRECIPITATION (IN)
  YESTERDAY        0.00          0.88 1897   0.10  -0.10     0.00
  MONTH TO DATE    2.23                      1.81   0.42     1.53
  SINCE MAR 1      2.23                      1.81   0.42     1.53
  SINCE JAN 1      7.41                      7.48  -0.07     6.81

SNOWFALL (IN)
  YESTERDAY        0.0           3.4  1940   0.4   -0.4      0.0
  MONTH TO DATE   26.8                       9.6   17.2      0.9
  SINCE MAR 1     26.8                       9.6   17.2      0.9
  SINCE JUL 1     73.8                      88.4  -14.6     48.0
  SNOW DEPTH       3

DEGREE DAYS
 HEATING
  YESTERDAY       25                        30     -5       34
  MONTH TO DATE  711                       660     51      533
  SINCE MAR 1    711                       660     51      533
  SINCE JUL 1   4603                      5404   -801     4471

 COOLING
  YESTERDAY        0                         0      0        0
  MONTH TO DATE    0                         0      0        0
  SINCE MAR 1      0                         0      0        0
  SINCE JAN 1      0                         0      0        0
..................................................................


WIND (MPH)
  HIGHEST WIND SPEED    15   HIGHEST WIND DIRECTION    SW (220)
  HIGHEST GUST SPEED    20   HIGHEST GUST DIRECTION    SW (240)
  AVERAGE WIND SPEED     6.6


SKY COVER
  AVERAGE SKY COVER 0.9


WEATHER CONDITIONS
 THE FOLLOWING WEATHER WAS RECORDED YESTERDAY.
  FOG
  HAZE


RELATIVE HUMIDITY (PERCENT)
 HIGHEST    85          1200 AM
 LOWEST     64           100 PM
 AVERAGE    75

..........................................................


THE BUFFALO NY CLIMATE NORMALS FOR TODAY
                         NORMAL    RECORD    YEAR
 MAXIMUM TEMPERATURE (F)   44        82      2012
 MINIMUM TEMPERATURE (F)   28        -2      1885


SUNRISE AND SUNSET
MARCH 21 2017.........SUNRISE   716 AM EDT   SUNSET   729 PM EDT
MARCH 22 2017.........SUNRISE   714 AM EDT   SUNSET   730 PM EDT


-  INDICATES NEGATIVE NUMBERS.
R  INDICATES RECORD WAS SET OR TIED.
MM INDICATES DATA IS MISSING.
T  INDICATES TRACE AMOUNT.




$$
