000
CDUS41 KBUF 271013
CLIBUF


CLIMATE REPORT
NATIONAL WEATHER SERVICE BUFFALO NY
511 AM EST SAT DEC 27 2014


...................................

...THE BUFFALO NY CLIMATE SUMMARY FOR DECEMBER 26 2014...

CLIMATE NORMAL PERIOD 1981 TO 2010
CLIMATE RECORD PERIOD 1871 TO 2014


WEATHER ITEM   OBSERVED TIME   RECORD YEAR NORMAL DEPARTURE LAST
                VALUE   (LST)  VALUE       VALUE  FROM      YEAR
                                                  NORMAL
..................................................................
TEMPERATURE (F)
 YESTERDAY
  MAXIMUM         46    357 PM  55    1982  33     13       30
                                      1888
                                      1875
  MINIMUM         36   1159 PM  -3    1993  21     15       21
                                      1983
  AVERAGE         41                        27     14       26

PRECIPITATION (IN)
  YESTERDAY        0.00          1.21 1895   0.13  -0.13     0.24
  MONTH TO DATE    1.83                      3.27  -1.44     4.80
  SINCE DEC 1      1.83                      3.27  -1.44     4.80
  SINCE JAN 1     42.08                     39.86   2.22    45.89

SNOWFALL (IN)
  YESTERDAY        0.0          10.7  1956   1.0   -1.0      3.3
  MONTH TO DATE    9.9                      22.2  -12.3     25.6
  SINCE DEC 1      9.9                      22.2  -12.3     25.6
  SINCE JUL 1     30.4                      31.0   -0.6     35.6
  SNOW DEPTH       0

DEGREE DAYS
 HEATING
  YESTERDAY       24                        38    -14       39
  MONTH TO DATE  798                       891    -93      959
  SINCE DEC 1    798                       891    -93      959
  SINCE JUL 1   2096                      2224   -128     2277

 COOLING
  YESTERDAY        0                         0      0        0
  MONTH TO DATE    0                         0      0        0
  SINCE DEC 1      0                         0      0        0
  SINCE JAN 1    516                       544    -28      611
..................................................................


WIND (MPH)
  HIGHEST WIND SPEED    25   HIGHEST WIND DIRECTION     W (250)
  HIGHEST GUST SPEED    34   HIGHEST GUST DIRECTION    SW (240)
  AVERAGE WIND SPEED    12.4


SKY COVER
  AVERAGE SKY COVER 0.6


WEATHER CONDITIONS
 THE FOLLOWING WEATHER WAS RECORDED YESTERDAY.
  NO SIGNIFICANT WEATHER WAS OBSERVED.


RELATIVE HUMIDITY (PERCENT)
 HIGHEST    79          1000 PM
 LOWEST     53           200 PM
 AVERAGE    66

..........................................................


THE BUFFALO NY CLIMATE NORMALS FOR TODAY
                         NORMAL    RECORD    YEAR
 MAXIMUM TEMPERATURE (F)   33        63      2008
 MINIMUM TEMPERATURE (F)   21        -9      1993


SUNRISE AND SUNSET
DECEMBER 27 2014......SUNRISE   745 AM EST   SUNSET   447 PM EST
DECEMBER 28 2014......SUNRISE   745 AM EST   SUNSET   448 PM EST


-  INDICATES NEGATIVE NUMBERS.
R  INDICATES RECORD WAS SET OR TIED.
MM INDICATES DATA IS MISSING.
T  INDICATES TRACE AMOUNT.




$$
