000
CDUS41 KBUF 180705
CLIBUF


CLIMATE REPORT
NATIONAL WEATHER SERVICE BUFFALO NY
305 AM EDT MON JUL 18 2016


...................................

...THE BUFFALO NY CLIMATE SUMMARY FOR JULY 17 2016...

CLIMATE NORMAL PERIOD 1981 TO 2010
CLIMATE RECORD PERIOD 1871 TO 2016


WEATHER ITEM   OBSERVED TIME   RECORD YEAR NORMAL DEPARTURE LAST
                VALUE   (LST)  VALUE       VALUE  FROM      YEAR
                                                  NORMAL
..................................................................
TEMPERATURE (F)
 YESTERDAY
  MAXIMUM         82    330 PM  94    1953  80      2       79
  MINIMUM         60    344 AM  52    1985  63     -3       60
                                      1962
                                      1945
  AVERAGE         71                        71      0       70

PRECIPITATION (IN)
  YESTERDAY        T             2.70 1873   0.10  -0.10     0.02
  MONTH TO DATE    0.75                      1.68  -0.93     1.94
  SINCE JUN 1      2.06                      5.34  -3.28     6.97
  SINCE JAN 1     13.30                     20.35  -7.05    19.60

SNOWFALL (IN)
  YESTERDAY        0.0           0.0    MM   0.0    0.0      0.0
  MONTH TO DATE    0.0                       0.0    0.0      0.0
  SINCE JUN 1      0.0                       0.0    0.0      0.0
  SINCE JUL 1      0.0                       0.0    0.0      0.0
  SNOW DEPTH       0

DEGREE DAYS
 HEATING
  YESTERDAY        0                         0      0        0
  MONTH TO DATE    0                         2     -2        7
  SINCE JUN 1     42                        66    -24       57
  SINCE JUL 1      0                         2     -2        7

 COOLING
  YESTERDAY        6                         7     -1        5
  MONTH TO DATE  146                       108     38       64
  SINCE JUN 1    274                       211     63      140
  SINCE JAN 1    333                       237     96      231
..................................................................


WIND (MPH)
  HIGHEST WIND SPEED    20   HIGHEST WIND DIRECTION     W (260)
  HIGHEST GUST SPEED    25   HIGHEST GUST DIRECTION     W (260)
  AVERAGE WIND SPEED     8.8


SKY COVER
  AVERAGE SKY COVER 0.5


WEATHER CONDITIONS
 THE FOLLOWING WEATHER WAS RECORDED YESTERDAY.
  NO SIGNIFICANT WEATHER WAS OBSERVED.


RELATIVE HUMIDITY (PERCENT)
 HIGHEST    84           500 AM
 LOWEST     16           100 PM
 AVERAGE    50

..........................................................


THE BUFFALO NY CLIMATE NORMALS FOR TODAY
                         NORMAL    RECORD    YEAR
 MAXIMUM TEMPERATURE (F)   80        94      1968
 MINIMUM TEMPERATURE (F)   63        50      1924


SUNRISE AND SUNSET
JULY 18 2016..........SUNRISE   553 AM EDT   SUNSET   849 PM EDT
JULY 19 2016..........SUNRISE   554 AM EDT   SUNSET   848 PM EDT


-  INDICATES NEGATIVE NUMBERS.
R  INDICATES RECORD WAS SET OR TIED.
MM INDICATES DATA IS MISSING.
T  INDICATES TRACE AMOUNT.




$$
