830
CDUS41 KBUF 050705
CLIBUF


CLIMATE REPORT
NATIONAL WEATHER SERVICE BUFFALO NY
205 AM EST FRI FEB 5 2016


...................................

...THE BUFFALO NY CLIMATE SUMMARY FOR FEBRUARY 4 2016...

CLIMATE NORMAL PERIOD 1981 TO 2010
CLIMATE RECORD PERIOD 1871 TO 2016


WEATHER ITEM   OBSERVED TIME   RECORD YEAR NORMAL DEPARTURE LAST
                VALUE   (LST)  VALUE       VALUE  FROM      YEAR
                                                  NORMAL
..................................................................
TEMPERATURE (F)
 YESTERDAY
  MAXIMUM         39    141 PM  57    1991  32      7       32
                                      1890
  MINIMUM         33   1159 PM  -9    1918  18     15       20
  AVERAGE         36                        25     11       26

PRECIPITATION (IN)
  YESTERDAY        0.01          0.78 1901   0.08  -0.07     0.35
  MONTH TO DATE    0.72                      0.35   0.37     1.02
  SINCE DEC 1      5.43                      7.42  -1.99     5.76
  SINCE JAN 1      2.53                      3.53  -1.00     3.61

SNOWFALL (IN)
  YESTERDAY       MM             6.2  1917   0.6   MM        5.4
  MONTH TO DATE    0.0                       2.8   -2.8     18.7
  SINCE DEC 1     26.6                      55.5  -28.9     55.0
  SINCE JUL 1     26.6                      64.3  -37.7     75.5
  SNOW DEPTH       0

DEGREE DAYS
 HEATING
  YESTERDAY       29                        40    -11       39
  MONTH TO DATE   91                       160    -69      195
  SINCE DEC 1   1967                      2486   -519     2536
  SINCE JUL 1   3011                      3819   -808     3834

 COOLING
  YESTERDAY        0                         0      0        0
  MONTH TO DATE    0                         0      0        0
  SINCE DEC 1      0                         0      0        0
  SINCE JAN 1      0                         0      0        0
..................................................................


WIND (MPH)
  HIGHEST WIND SPEED    26   HIGHEST WIND DIRECTION    SW (240)
  HIGHEST GUST SPEED    36   HIGHEST GUST DIRECTION     W (250)
  AVERAGE WIND SPEED    13.3


SKY COVER
  AVERAGE SKY COVER 0.9


WEATHER CONDITIONS
 THE FOLLOWING WEATHER WAS RECORDED YESTERDAY.
  LIGHT SNOW
  FOG


RELATIVE HUMIDITY (PERCENT)
 HIGHEST    89           600 AM
 LOWEST     64           200 PM
 AVERAGE    77

..........................................................


THE BUFFALO NY CLIMATE NORMALS FOR TODAY
                         NORMAL    RECORD    YEAR
 MAXIMUM TEMPERATURE (F)   32        60      1890
 MINIMUM TEMPERATURE (F)   18       -12      1918
                                             1886


SUNRISE AND SUNSET
FEBRUARY  5 2016......SUNRISE   726 AM EST   SUNSET   532 PM EST
FEBRUARY  6 2016......SUNRISE   725 AM EST   SUNSET   534 PM EST


-  INDICATES NEGATIVE NUMBERS.
R  INDICATES RECORD WAS SET OR TIED.
MM INDICATES DATA IS MISSING.
T  INDICATES TRACE AMOUNT.




$$
