000
CDUS41 KBUF 061026
CLIBUF


CLIMATE REPORT
NATIONAL WEATHER SERVICE BUFFALO NY
525 AM EST TUE DEC 6 2016


...................................

...THE BUFFALO NY CLIMATE SUMMARY FOR DECEMBER 5 2016...

CLIMATE NORMAL PERIOD 1981 TO 2010
CLIMATE RECORD PERIOD 1871 TO 2016


WEATHER ITEM   OBSERVED TIME   RECORD YEAR NORMAL DEPARTURE LAST
                VALUE   (LST)  VALUE       VALUE  FROM      YEAR
                                                  NORMAL
..................................................................
TEMPERATURE (F)
 YESTERDAY
  MAXIMUM         41    532 PM  67    1982  40      1       45
  MINIMUM         33    437 AM  -3    1886  27      6       31
  AVERAGE         37                        34      3       38

PRECIPITATION (IN)
  YESTERDAY        0.21          0.88 1977   0.13   0.08     0.00
  MONTH TO DATE    0.60                      0.63  -0.03     0.13
  SINCE DEC 1      0.60                      0.63  -0.03     0.13
  SINCE JAN 1     30.41                     37.22  -6.81    34.02

SNOWFALL (IN)
  YESTERDAY        0.3           9.5  1977   0.6   -0.3      0.0
  MONTH TO DATE    0.3                       3.1   -2.8      0.0
  SINCE DEC 1      0.3                       3.1   -2.8      0.0
  SINCE JUL 1      1.2                      11.9  -10.7       T
  SNOW DEPTH       0

DEGREE DAYS
 HEATING
  YESTERDAY       28                        32     -4       27
  MONTH TO DATE  130                       154    -24      119
  SINCE DEC 1    130                       154    -24      119
  SINCE JUL 1   1100                      1487   -387     1163

 COOLING
  YESTERDAY        0                         0      0        0
  MONTH TO DATE    0                         0      0        0
  SINCE DEC 1      0                         0      0        0
  SINCE JAN 1    939                       544    395      657
..................................................................


WIND (MPH)
  HIGHEST WIND SPEED    26   HIGHEST WIND DIRECTION     W (250)
  HIGHEST GUST SPEED    34   HIGHEST GUST DIRECTION     W (260)
  AVERAGE WIND SPEED    12.1


SKY COVER
  AVERAGE SKY COVER 0.9


WEATHER CONDITIONS
 THE FOLLOWING WEATHER WAS RECORDED YESTERDAY.
  LIGHT RAIN
  SNOW
  LIGHT SNOW
  FOG


RELATIVE HUMIDITY (PERCENT)
 HIGHEST    89           200 AM
 LOWEST     60           300 PM
 AVERAGE    75

..........................................................


THE BUFFALO NY CLIMATE NORMALS FOR TODAY
                         NORMAL    RECORD    YEAR
 MAXIMUM TEMPERATURE (F)   39        69      1998
 MINIMUM TEMPERATURE (F)   27         3      1886


SUNRISE AND SUNSET
DECEMBER  6 2016......SUNRISE   732 AM EST   SUNSET   440 PM EST
DECEMBER  7 2016......SUNRISE   733 AM EST   SUNSET   440 PM EST


-  INDICATES NEGATIVE NUMBERS.
R  INDICATES RECORD WAS SET OR TIED.
MM INDICATES DATA IS MISSING.
T  INDICATES TRACE AMOUNT.




$$
