542
CDUS41 KBUF 141039
CLIBUF


CLIMATE REPORT
NATIONAL WEATHER SERVICE BUFFALO NY
537 AM EST SUN JAN 14 2018


...................................

...THE BUFFALO NY CLIMATE SUMMARY FOR JANUARY 13 2018...

CLIMATE NORMAL PERIOD 1981 TO 2010
CLIMATE RECORD PERIOD 1871 TO 2018


WEATHER ITEM   OBSERVED TIME   RECORD YEAR NORMAL DEPARTURE LAST
                VALUE   (LST)  VALUE       VALUE  FROM      YEAR
                                                  NORMAL
..................................................................
TEMPERATURE (F)
 YESTERDAY
  MAXIMUM         17   1220 AM  68    2005  31    -14       33
  MINIMUM          8    955 PM -10    1914  19    -11       22
  AVERAGE         13                        25    -12       28

PRECIPITATION (IN)
  YESTERDAY        0.24          1.30 1895   0.10   0.14      T
  MONTH TO DATE    2.40                      1.45   0.95     1.38
  SINCE DEC 1      5.33                      5.34  -0.01     5.44
  SINCE JAN 1      2.40                      1.45   0.95     1.38

SNOWFALL (IN)
  YESTERDAY        2.6           7.4  2016   0.8    1.8       T
  MONTH TO DATE   15.1                      11.5    3.6      2.9
  SINCE DEC 1     48.8                      38.9    9.9     33.0
  SINCE JUL 1     49.0                      47.7    1.3     33.9
  SNOW DEPTH       7

DEGREE DAYS
 HEATING
  YESTERDAY       52                        40     12       37
  MONTH TO DATE  582                       515     67      483
  SINCE DEC 1   1803                      1597    206     1523
  SINCE JUL 1   2918                      2930    -12     2493

 COOLING
  YESTERDAY        0                         0      0        0
  MONTH TO DATE    0                         0      0        0
  SINCE DEC 1      0                         0      0        0
  SINCE JAN 1      0                         0      0        0
..................................................................


WIND (MPH)
  HIGHEST WIND SPEED    23   HIGHEST WIND DIRECTION     N (350)
  HIGHEST GUST SPEED    30   HIGHEST GUST DIRECTION     N (340)
  AVERAGE WIND SPEED    12.2


SKY COVER
  AVERAGE SKY COVER 0.9


WEATHER CONDITIONS
 THE FOLLOWING WEATHER WAS RECORDED YESTERDAY.
  SNOW
  LIGHT SNOW
  FOG
  HAZE


RELATIVE HUMIDITY (PERCENT)
 HIGHEST    92           400 AM
 LOWEST     61           300 PM
 AVERAGE    77

..........................................................


THE BUFFALO NY CLIMATE NORMALS FOR TODAY
                         NORMAL    RECORD    YEAR
 MAXIMUM TEMPERATURE (F)   31        66      1995
 MINIMUM TEMPERATURE (F)   18        -9      1957
                                             1914


SUNRISE AND SUNSET
JANUARY 14 2018.......SUNRISE   744 AM EST   SUNSET   505 PM EST
JANUARY 15 2018.......SUNRISE   743 AM EST   SUNSET   506 PM EST


-  INDICATES NEGATIVE NUMBERS.
R  INDICATES RECORD WAS SET OR TIED.
MM INDICATES DATA IS MISSING.
T  INDICATES TRACE AMOUNT.




$$
