475
CDUS41 KBUF 200705
CLIBUF


CLIMATE REPORT
NATIONAL WEATHER SERVICE BUFFALO NY
205 AM EST FRI JAN 20 2017


...................................

...THE BUFFALO NY CLIMATE SUMMARY FOR JANUARY 19 2017...

CLIMATE NORMAL PERIOD 1981 TO 2010
CLIMATE RECORD PERIOD 1871 TO 2017


WEATHER ITEM   OBSERVED TIME   RECORD YEAR NORMAL DEPARTURE LAST
                VALUE   (LST)  VALUE       VALUE  FROM      YEAR
                                                  NORMAL
..................................................................
TEMPERATURE (F)
 YESTERDAY
  MAXIMUM         36    317 AM  62    1907  31      5       22
  MINIMUM         33    833 PM -10    1994  18     15        9
  AVERAGE         35                        24     11       16

PRECIPITATION (IN)
  YESTERDAY        0.01          1.14 1996   0.10  -0.09      T
  MONTH TO DATE    2.12                      2.06   0.06     1.54
  SINCE DEC 1      6.18                      5.95   0.23     4.44
  SINCE JAN 1      2.12                      2.06   0.06     1.54

SNOWFALL (IN)
  YESTERDAY       MM            15.6  1985   0.7   MM         T
  MONTH TO DATE    2.9                      16.3  -13.4     23.5
  SINCE DEC 1     33.0                      43.7  -10.7     24.5
  SINCE JUL 1     33.9                      52.5  -18.6     24.5
  SNOW DEPTH       0

DEGREE DAYS
 HEATING
  YESTERDAY       30                        41    -11       49
  MONTH TO DATE  684                       757    -73      741
  SINCE DEC 1   1724                      1839   -115     1444
  SINCE JUL 1   2694                      3172   -478     2488

 COOLING
  YESTERDAY        0                         0      0        0
  MONTH TO DATE    0                         0      0        0
  SINCE DEC 1      0                         0      0        0
  SINCE JAN 1      0                         0      0        0
..................................................................


WIND (MPH)
  HIGHEST WIND SPEED    23   HIGHEST WIND DIRECTION     W (250)
  HIGHEST GUST SPEED    34   HIGHEST GUST DIRECTION     W (250)
  AVERAGE WIND SPEED    10.4


SKY COVER
  AVERAGE SKY COVER 1.0


WEATHER CONDITIONS
 THE FOLLOWING WEATHER WAS RECORDED YESTERDAY.
  LIGHT RAIN
  SNOW
  LIGHT SNOW
  FOG


RELATIVE HUMIDITY (PERCENT)
 HIGHEST   100           100 AM
 LOWEST     89           400 AM
 AVERAGE    95

..........................................................


THE BUFFALO NY CLIMATE NORMALS FOR TODAY
                         NORMAL    RECORD    YEAR
 MAXIMUM TEMPERATURE (F)   31        62      1951
                                             1907
 MINIMUM TEMPERATURE (F)   18        -5      1994
                                             1983


SUNRISE AND SUNSET
JANUARY 20 2017.......SUNRISE   740 AM EST   SUNSET   512 PM EST
JANUARY 21 2017.......SUNRISE   739 AM EST   SUNSET   514 PM EST


-  INDICATES NEGATIVE NUMBERS.
R  INDICATES RECORD WAS SET OR TIED.
MM INDICATES DATA IS MISSING.
T  INDICATES TRACE AMOUNT.




$$
