936
CDUS41 KBUF 261014
CLIBUF


CLIMATE REPORT
NATIONAL WEATHER SERVICE BUFFALO NY
611 AM EDT FRI MAY 26 2017


...................................

...THE BUFFALO NY CLIMATE SUMMARY FOR MAY 25 2017...

CLIMATE NORMAL PERIOD 1981 TO 2010
CLIMATE RECORD PERIOD 1871 TO 2017


WEATHER ITEM   OBSERVED TIME   RECORD YEAR NORMAL DEPARTURE LAST
                VALUE   (LST)  VALUE       VALUE  FROM      YEAR
                                                  NORMAL
..................................................................
TEMPERATURE (F)
 YESTERDAY
  MAXIMUM         62    511 PM  86    2012  69     -7       77
                                      1975
                                      1944
  MINIMUM         54   1159 PM  35    1992  50      4       56
                                      1956
  AVERAGE         58                        60     -2       67

PRECIPITATION (IN)
  YESTERDAY        1.79R         1.79 2017   0.12   1.67     0.00
  MONTH TO DATE    5.81                      2.74   3.07     1.15
  SINCE MAR 1     16.55                      8.62   7.93     5.90
  SINCE JAN 1     21.73                     14.29   7.44    11.18

SNOWFALL (IN)
  YESTERDAY        0.0           0.0    MM   0.0    0.0      0.0
  MONTH TO DATE    0.0                       0.3   -0.3       T
  SINCE MAR 1     29.1                      15.9   13.2      8.0
  SINCE JUL 1     76.1                      94.7  -18.6     55.1
  SNOW DEPTH       0

DEGREE DAYS
 HEATING
  YESTERDAY        7                         6      1        0
  MONTH TO DATE  272                       240     32      237
  SINCE MAR 1   1688                      1777    -89     1657
  SINCE JUL 1   5580                      6521   -941     5595

 COOLING
  YESTERDAY        0                         1     -1        2
  MONTH TO DATE   19                        13      6        4
  SINCE MAR 1     25                        16      9        4
  SINCE JAN 1     25                        16      9        4
..................................................................


WIND (MPH)
  HIGHEST WIND SPEED    14   HIGHEST WIND DIRECTION     E (70)
  HIGHEST GUST SPEED    19   HIGHEST GUST DIRECTION     E (70)
  AVERAGE WIND SPEED     7.6


SKY COVER
  AVERAGE SKY COVER 1.0


WEATHER CONDITIONS
 THE FOLLOWING WEATHER WAS RECORDED YESTERDAY.
  HEAVY RAIN
  RAIN
  LIGHT RAIN
  FOG
  FOG W/VISIBILITY <= 1/4 MILE


RELATIVE HUMIDITY (PERCENT)
 HIGHEST    93           600 AM
 LOWEST     72          1200 AM
 AVERAGE    83

..........................................................


THE BUFFALO NY CLIMATE NORMALS FOR TODAY
                         NORMAL    RECORD    YEAR
 MAXIMUM TEMPERATURE (F)   70        88      1944
 MINIMUM TEMPERATURE (F)   51        37      1997
                                             1961


SUNRISE AND SUNSET
MAY 26 2017...........SUNRISE   542 AM EDT   SUNSET   842 PM EDT
MAY 27 2017...........SUNRISE   542 AM EDT   SUNSET   843 PM EDT


-  INDICATES NEGATIVE NUMBERS.
R  INDICATES RECORD WAS SET OR TIED.
MM INDICATES DATA IS MISSING.
T  INDICATES TRACE AMOUNT.




$$
