000
CDUS41 KBUF 241010
CLIBUF


CLIMATE REPORT
NATIONAL WEATHER SERVICE BUFFALO NY
609 AM EDT TUE MAR 24 2015


...................................

...THE BUFFALO NY CLIMATE SUMMARY FOR MARCH 23 2015...

CLIMATE NORMAL PERIOD 1981 TO 2010
CLIMATE RECORD PERIOD 1871 TO 2015


WEATHER ITEM   OBSERVED TIME   RECORD YEAR NORMAL DEPARTURE LAST
                VALUE   (LST)  VALUE       VALUE  FROM      YEAR
                                                  NORMAL
..................................................................
TEMPERATURE (F)
 YESTERDAY
  MAXIMUM         25    412 PM  78    1966  45    -20       28
  MINIMUM         17    808 AM   2    1885  28    -11       17
  AVERAGE         21                        36    -15       23

PRECIPITATION (IN)
  YESTERDAY        T             0.74 1991   0.10  -0.10     0.01
  MONTH TO DATE    0.67                      2.10  -1.43     1.53
  SINCE MAR 1      0.67                      2.10  -1.43     1.53
  SINCE JAN 1      5.66                      7.77  -2.11     8.31

SNOWFALL (IN)
  YESTERDAY        T             6.8  2011   0.4   -0.4      0.6
  MONTH TO DATE    6.6                      10.7   -4.1     17.4
  SINCE MAR 1      6.6                      10.7   -4.1     17.4
  SINCE JUL 1    109.6                      89.5   20.1    121.6
  SNOW DEPTH       1

DEGREE DAYS
 HEATING
  YESTERDAY       44                        29     15       42
  MONTH TO DATE  832                       747     85      910
  SINCE MAR 1    832                       747     85      910
  SINCE JUL 1   5980                      5491    489     6016

 COOLING
  YESTERDAY        0                         0      0        0
  MONTH TO DATE    0                         0      0        0
  SINCE MAR 1      0                         0      0        0
  SINCE JAN 1      0                         0      0        0
..................................................................


WIND (MPH)
  HIGHEST WIND SPEED    15   HIGHEST WIND DIRECTION     N (340)
  HIGHEST GUST SPEED    20   HIGHEST GUST DIRECTION     N (360)
  AVERAGE WIND SPEED     7.1


SKY COVER
  AVERAGE SKY COVER 0.5


WEATHER CONDITIONS
 THE FOLLOWING WEATHER WAS RECORDED YESTERDAY.
  NO SIGNIFICANT WEATHER WAS OBSERVED.


RELATIVE HUMIDITY (PERCENT)
 HIGHEST    73           300 AM
 LOWEST     36           300 PM
 AVERAGE    55

..........................................................


THE BUFFALO NY CLIMATE NORMALS FOR TODAY
                         NORMAL    RECORD    YEAR
 MAXIMUM TEMPERATURE (F)   45        72      1920
 MINIMUM TEMPERATURE (F)   29         6      1940
                                             1888


SUNRISE AND SUNSET
MARCH 24 2015.........SUNRISE   712 AM EDT   SUNSET   732 PM EDT
MARCH 25 2015.........SUNRISE   710 AM EDT   SUNSET   733 PM EDT


-  INDICATES NEGATIVE NUMBERS.
R  INDICATES RECORD WAS SET OR TIED.
MM INDICATES DATA IS MISSING.
T  INDICATES TRACE AMOUNT.




$$
