000
CDUS41 KBUF 271203 CCA
CLIBUF

CLIMATE REPORT
NATIONAL WEATHER SERVICE BUFFALO NY
529 AM EST THU NOV 27 2014


...................................

...THE BUFFALO NY CLIMATE SUMMARY FOR NOVEMBER 26 2014...

CLIMATE NORMAL PERIOD 1981 TO 2010
CLIMATE RECORD PERIOD 1871 TO 2014


WEATHER ITEM   OBSERVED TIME   RECORD YEAR NORMAL DEPARTURE LAST
                VALUE   (LST)  VALUE       VALUE  FROM      YEAR
                                                  NORMAL
..................................................................
TEMPERATURE (F)
 YESTERDAY
  MAXIMUM         34    251 AM  68    1896  43     -9       35
  MINIMUM         30   1159 PM   6    1880  31     -1       31
  AVERAGE         32                        37     -5       33

PRECIPITATION (IN)
  YESTERDAY        0.02          1.08 1897   0.13  -0.11     0.33
  MONTH TO DATE    2.33                      3.48  -1.15     2.63
  SINCE SEP 1     10.06                     10.90  -0.84    13.16
  SINCE JAN 1     40.00                     36.06   3.96    40.79

SNOWFALL (IN)
  YESTERDAY        0.1           3.8  1977   0.4   -0.3      2.5
  MONTH TO DATE   17.3                       6.1   11.2      3.8
  SINCE SEP 1     17.3                       7.0   10.3      3.8
  SINCE JUL 1     17.3                       7.0   10.3      3.8
  SNOW DEPTH       0

DEGREE DAYS
 HEATING
  YESTERDAY       33                        28      5       32
  MONTH TO DATE  695                       613     82      652
  SINCE SEP 1   1162                      1191    -29     1141
  SINCE JUL 1   1184                      1218    -34     1157

 COOLING
  YESTERDAY        0                         0      0        0
  MONTH TO DATE    0                         0      0        0
  SINCE SEP 1     70                        57     13       59
  SINCE JAN 1    516                       544    -28      611
..................................................................


WIND (MPH)
  HIGHEST WIND SPEED    16   HIGHEST WIND DIRECTION    NE (60)
  HIGHEST GUST SPEED    20   HIGHEST GUST DIRECTION    NE (60)
  AVERAGE WIND SPEED     6.9


SKY COVER
  AVERAGE SKY COVER 0.9


WEATHER CONDITIONS
 THE FOLLOWING WEATHER WAS RECORDED YESTERDAY.
  LIGHT SNOW
  FOG


RELATIVE HUMIDITY (PERCENT)
 HIGHEST    85           200 PM
 LOWEST     56           100 AM
 AVERAGE    71

..........................................................


THE BUFFALO NY CLIMATE NORMALS FOR TODAY
                         NORMAL    RECORD    YEAR
 MAXIMUM TEMPERATURE (F)   43        72      1990
 MINIMUM TEMPERATURE (F)   30        10      1936


SUNRISE AND SUNSET
NOVEMBER 27 2014......SUNRISE   722 AM EST   SUNSET   443 PM EST
NOVEMBER 28 2014......SUNRISE   723 AM EST   SUNSET   443 PM EST


-  INDICATES NEGATIVE NUMBERS.
R  INDICATES RECORD WAS SET OR TIED.
MM INDICATES DATA IS MISSING.
T  INDICATES TRACE AMOUNT.




$$
