000
CDUS41 KBUF 271029
CLIBUF


CLIMATE REPORT
NATIONAL WEATHER SERVICE BUFFALO NY
627 AM EDT SAT MAY 27 2017


...................................

...THE BUFFALO NY CLIMATE SUMMARY FOR MAY 26 2017...

CLIMATE NORMAL PERIOD 1981 TO 2010
CLIMATE RECORD PERIOD 1871 TO 2017


WEATHER ITEM   OBSERVED TIME   RECORD YEAR NORMAL DEPARTURE LAST
                VALUE   (LST)  VALUE       VALUE  FROM      YEAR
                                                  NORMAL
..................................................................
TEMPERATURE (F)
 YESTERDAY
  MAXIMUM         61   1205 PM  88    1944  70     -9       84
  MINIMUM         52    255 AM  37    1997  51      1       61
                                      1961
  AVERAGE         57                        60     -3       73

PRECIPITATION (IN)
  YESTERDAY        0.13          1.09 1907   0.12   0.01      T
                                      1905
  MONTH TO DATE    5.94                      2.86   3.08     1.15
  SINCE MAR 1     16.68                      8.74   7.94     5.90
  SINCE JAN 1     21.86                     14.41   7.45    11.18

SNOWFALL (IN)
  YESTERDAY        0.0           0.0    MM   0.0    0.0      0.0
  MONTH TO DATE    0.0                       0.3   -0.3       T
  SINCE MAR 1     29.1                      15.9   13.2      8.0
  SINCE JUL 1     76.1                      94.7  -18.6     55.1
  SNOW DEPTH       0

DEGREE DAYS
 HEATING
  YESTERDAY        8                         6      2        0
  MONTH TO DATE  280                       246     34      237
  SINCE MAR 1   1696                      1783    -87     1657
  SINCE JUL 1   5588                      6527   -939     5595

 COOLING
  YESTERDAY        0                         1     -1        8
  MONTH TO DATE   19                        14      5       12
  SINCE MAR 1     25                        17      8       12
  SINCE JAN 1     25                        17      8       12
..................................................................


WIND (MPH)
  HIGHEST WIND SPEED    20   HIGHEST WIND DIRECTION    SW (240)
  HIGHEST GUST SPEED    28   HIGHEST GUST DIRECTION    SW (230)
  AVERAGE WIND SPEED    10.3


SKY COVER
  AVERAGE SKY COVER 1.0


WEATHER CONDITIONS
 THE FOLLOWING WEATHER WAS RECORDED YESTERDAY.
  LIGHT RAIN
  FOG
  FOG W/VISIBILITY <= 1/4 MILE


RELATIVE HUMIDITY (PERCENT)
 HIGHEST   100          1200 AM
 LOWEST     86          1000 AM
 AVERAGE    93

..........................................................


THE BUFFALO NY CLIMATE NORMALS FOR TODAY
                         NORMAL    RECORD    YEAR
 MAXIMUM TEMPERATURE (F)   70        89      1978
 MINIMUM TEMPERATURE (F)   51        36      1969
                                             1930


SUNRISE AND SUNSET
MAY 27 2017...........SUNRISE   542 AM EDT   SUNSET   843 PM EDT
MAY 28 2017...........SUNRISE   541 AM EDT   SUNSET   844 PM EDT


-  INDICATES NEGATIVE NUMBERS.
R  INDICATES RECORD WAS SET OR TIED.
MM INDICATES DATA IS MISSING.
T  INDICATES TRACE AMOUNT.




$$
