000
CDUS41 KBUF 170705
CLIBUF


CLIMATE REPORT
NATIONAL WEATHER SERVICE BUFFALO NY
305 AM EDT THU APR 17 2014


...................................

...THE BUFFALO NY CLIMATE SUMMARY FOR APRIL 16 2014...

CLIMATE NORMAL PERIOD 1981 TO 2010
CLIMATE RECORD PERIOD 1871 TO 2014


WEATHER ITEM   OBSERVED TIME   RECORD YEAR NORMAL DEPARTURE LAST
                VALUE   (LST)  VALUE       VALUE  FROM      YEAR
                                                  NORMAL
..................................................................
TEMPERATURE (F)
 YESTERDAY
  MAXIMUM         38    445 PM  82    2012  55    -17       64
  MINIMUM         24    619 AM  20    1928  37    -13       44
                                      1875
  AVERAGE         31                        46    -15       54

PRECIPITATION (IN)
  YESTERDAY        0.00          0.96 1986   0.10  -0.10     0.19
  MONTH TO DATE    2.78                      1.69   1.09     3.34
  SINCE MAR 1      5.33                      4.56   0.77     4.40
  SINCE JAN 1     12.11                     10.23   1.88     9.95

SNOWFALL (IN)
  YESTERDAY        0.0           6.2  1904   0.1   -0.1      0.0
  MONTH TO DATE    1.2                       2.2   -1.0      0.3
  SINCE MAR 1     25.7                      15.1   10.6     10.1
  SINCE JUL 1    129.9                      93.9   36.0     58.8
  SNOW DEPTH       0

DEGREE DAYS
 HEATING
  YESTERDAY       34                        19     15       11
  MONTH TO DATE  341                       351    -10      368
  SINCE MAR 1   1519                      1312    207     1354
  SINCE JUL 1   6625                      6056    569     5674

 COOLING
  YESTERDAY        0                         0      0        0
  MONTH TO DATE    0                         0      0        0
  SINCE MAR 1      0                         0      0        0
  SINCE JAN 1      0                         0      0        0
..................................................................


WIND (MPH)
  HIGHEST WIND SPEED    18   HIGHEST WIND DIRECTION    NW (300)
  HIGHEST GUST SPEED    24   HIGHEST GUST DIRECTION    NW (310)
  AVERAGE WIND SPEED     7.2


SKY COVER
  POSSIBLE SUNSHINE  MM
  AVERAGE SKY COVER 0.4


WEATHER CONDITIONS
 THE FOLLOWING WEATHER WAS RECORDED YESTERDAY.
  NO SIGNIFICANT WEATHER WAS OBSERVED.


RELATIVE HUMIDITY (PERCENT)
 HIGHEST    63          1000 PM
 LOWEST     40           600 PM
 AVERAGE    52

..........................................................


THE BUFFALO NY CLIMATE NORMALS FOR TODAY
                         NORMAL    RECORD    YEAR
 MAXIMUM TEMPERATURE (F)   56        80      1976
 MINIMUM TEMPERATURE (F)   37        15      1875


SUNRISE AND SUNSET
APRIL 17 2014.........SUNRISE   630 AM EDT   SUNSET   800 PM EDT
APRIL 18 2014.........SUNRISE   628 AM EDT   SUNSET   801 PM EDT


-  INDICATES NEGATIVE NUMBERS.
R  INDICATES RECORD WAS SET OR TIED.
MM INDICATES DATA IS MISSING.
T  INDICATES TRACE AMOUNT.




$$
