372
CDUS41 KBUF 101028
CLIBUF


CLIMATE REPORT
NATIONAL WEATHER SERVICE BUFFALO NY
526 AM EST WED FEB 10 2016


...................................

...THE BUFFALO NY CLIMATE SUMMARY FOR FEBRUARY 9 2016...

CLIMATE NORMAL PERIOD 1981 TO 2010
CLIMATE RECORD PERIOD 1871 TO 2016


WEATHER ITEM   OBSERVED TIME   RECORD YEAR NORMAL DEPARTURE LAST
                VALUE   (LST)  VALUE       VALUE  FROM      YEAR
                                                  NORMAL
..................................................................
TEMPERATURE (F)
 YESTERDAY
  MAXIMUM         37    239 PM  62    1925  32      5       17
  MINIMUM         30   1159 PM -20    1934  18     12       12
  AVERAGE         34                        25      9       15

PRECIPITATION (IN)
  YESTERDAY        0.10          1.40 1876   0.09   0.01     0.14
  MONTH TO DATE    0.86                      0.79   0.07     1.63
  SINCE DEC 1      5.57                      7.86  -2.29     6.37
  SINCE JAN 1      2.67                      3.97  -1.30     4.22

SNOWFALL (IN)
  YESTERDAY        0.3           6.0  1995   0.6   -0.3      2.7
  MONTH TO DATE    1.3                       6.0   -4.7     28.2
  SINCE DEC 1     27.9                      58.7  -30.8     64.5
  SINCE JUL 1     27.9                      67.5  -39.6     85.0
  SNOW DEPTH       0

DEGREE DAYS
 HEATING
  YESTERDAY       31                        40     -9       50
  MONTH TO DATE  240                       360   -120      431
  SINCE DEC 1   2116                      2686   -570     2772
  SINCE JUL 1   3160                      4019   -859     4070

 COOLING
  YESTERDAY        0                         0      0        0
  MONTH TO DATE    0                         0      0        0
  SINCE DEC 1      0                         0      0        0
  SINCE JAN 1      0                         0      0        0
..................................................................


WIND (MPH)
  HIGHEST WIND SPEED    25   HIGHEST WIND DIRECTION    SW (230)
  HIGHEST GUST SPEED    34   HIGHEST GUST DIRECTION    SW (230)
  AVERAGE WIND SPEED    12.9


SKY COVER
  AVERAGE SKY COVER 0.9


WEATHER CONDITIONS
 THE FOLLOWING WEATHER WAS RECORDED YESTERDAY.
  LIGHT RAIN
  HAIL
  SNOW
  LIGHT SNOW
  FOG
  BLOWING SNOW


RELATIVE HUMIDITY (PERCENT)
 HIGHEST    96           700 AM
 LOWEST     75           300 PM
 AVERAGE    86

..........................................................


THE BUFFALO NY CLIMATE NORMALS FOR TODAY
                         NORMAL    RECORD    YEAR
 MAXIMUM TEMPERATURE (F)   32        57      1965
 MINIMUM TEMPERATURE (F)   19       -13      1912


SUNRISE AND SUNSET
FEBRUARY 10 2016......SUNRISE   720 AM EST   SUNSET   539 PM EST
FEBRUARY 11 2016......SUNRISE   718 AM EST   SUNSET   540 PM EST


-  INDICATES NEGATIVE NUMBERS.
R  INDICATES RECORD WAS SET OR TIED.
MM INDICATES DATA IS MISSING.
T  INDICATES TRACE AMOUNT.




$$
