485
CDUS41 KBUF 240705
CLIBUF


CLIMATE REPORT
NATIONAL WEATHER SERVICE BUFFALO NY
305 AM EDT WED AUG 24 2016


...................................

...THE BUFFALO NY CLIMATE SUMMARY FOR AUGUST 23 2016...

CLIMATE NORMAL PERIOD 1981 TO 2010
CLIMATE RECORD PERIOD 1871 TO 2016


WEATHER ITEM   OBSERVED TIME   RECORD YEAR NORMAL DEPARTURE LAST
                VALUE   (LST)  VALUE       VALUE  FROM      YEAR
                                                  NORMAL
..................................................................
TEMPERATURE (F)
 YESTERDAY
  MAXIMUM         80    405 PM  90    1959  78      2       80
                                      1948
  MINIMUM         57    511 AM  46    1952  60     -3       57
  AVERAGE         69                        69      0       69

PRECIPITATION (IN)
  YESTERDAY        0.00          0.83 1956   0.10  -0.10     0.00
  MONTH TO DATE    1.74                      2.44  -0.70     4.30
  SINCE JUN 1      4.85                      9.33  -4.48    11.75
  SINCE JAN 1     16.09                     24.34  -8.25    24.38

SNOWFALL (IN)
  YESTERDAY        0.0           0.0    MM   0.0    0.0      0.0
  MONTH TO DATE    0.0                       0.0    0.0      0.0
  SINCE JUN 1      0.0                       0.0    0.0      0.0
  SINCE JUL 1      0.0                       0.0    0.0      0.0
  SNOW DEPTH       0

DEGREE DAYS
 HEATING
  YESTERDAY        0                         1     -1        0
  MONTH TO DATE    0                         8     -8        1
  SINCE JUN 1     42                        81    -39       58
  SINCE JUL 1      0                        17    -17        8

 COOLING
  YESTERDAY        4                         5     -1        4
  MONTH TO DATE  264                       129    135      138
  SINCE JUN 1    685                       429    256      412
  SINCE JAN 1    744                       455    289      503
..................................................................


WIND (MPH)
  HIGHEST WIND SPEED    20   HIGHEST WIND DIRECTION     W (260)
  HIGHEST GUST SPEED    25   HIGHEST GUST DIRECTION     W (260)
  AVERAGE WIND SPEED     9.2


SKY COVER
  AVERAGE SKY COVER 0.2


WEATHER CONDITIONS
 THE FOLLOWING WEATHER WAS RECORDED YESTERDAY.
  NO SIGNIFICANT WEATHER WAS OBSERVED.


RELATIVE HUMIDITY (PERCENT)
 HIGHEST    86           300 AM
 LOWEST     39           100 PM
 AVERAGE    63

..........................................................


THE BUFFALO NY CLIMATE NORMALS FOR TODAY
                         NORMAL    RECORD    YEAR
 MAXIMUM TEMPERATURE (F)   78        91      1947
 MINIMUM TEMPERATURE (F)   60        43      1971


SUNRISE AND SUNSET
AUGUST 24 2016........SUNRISE   631 AM EDT   SUNSET   802 PM EDT
AUGUST 25 2016........SUNRISE   632 AM EDT   SUNSET   801 PM EDT


-  INDICATES NEGATIVE NUMBERS.
R  INDICATES RECORD WAS SET OR TIED.
MM INDICATES DATA IS MISSING.
T  INDICATES TRACE AMOUNT.




$$
