000
CDUS41 KBUF 261019
CLIBUF


CLIMATE REPORT
NATIONAL WEATHER SERVICE BUFFALO NY
618 AM EDT FRI JUN 26 2015


...................................

...THE BUFFALO NY CLIMATE SUMMARY FOR JUNE 25 2015...

CLIMATE NORMAL PERIOD 1981 TO 2010
CLIMATE RECORD PERIOD 1871 TO 2015


WEATHER ITEM   OBSERVED TIME   RECORD YEAR NORMAL DEPARTURE LAST
                VALUE   (LST)  VALUE       VALUE  FROM      YEAR
                                                  NORMAL
..................................................................
TEMPERATURE (F)
 YESTERDAY
  MAXIMUM         80    351 PM  96    1988  78      2       76
  MINIMUM         58    510 AM  43    1979  60     -2       67
  AVERAGE         69                        69      0       72

PRECIPITATION (IN)
  YESTERDAY        0.00          1.82 1968   0.12  -0.12     0.38
  MONTH TO DATE    3.12                      3.12   0.00     3.53
  SINCE JUN 1      3.12                      3.12   0.00     3.53
  SINCE JAN 1     15.75                     18.13  -2.38    21.06

SNOWFALL (IN)
  YESTERDAY        0.0           0.0    MM   0.0    0.0      0.0
  MONTH TO DATE    0.0                       0.0    0.0      0.0
  SINCE JUN 1      0.0                       0.0    0.0      0.0
  SINCE JUL 1    112.9                      94.7   18.2    129.9
  SNOW DEPTH       0

DEGREE DAYS
 HEATING
  YESTERDAY        0                         1     -1        0
  MONTH TO DATE   39                        60    -21       28
  SINCE JUN 1     39                        60    -21       28
  SINCE JUL 1   7017                      6613    404     7125

 COOLING
  YESTERDAY        4                         5     -1        7
  MONTH TO DATE   70                        77     -7       92
  SINCE JUN 1     70                        77     -7       92
  SINCE JAN 1    161                       103     58      115
..................................................................


WIND (MPH)
  HIGHEST WIND SPEED    16   HIGHEST WIND DIRECTION    NE (30)
  HIGHEST GUST SPEED    19   HIGHEST GUST DIRECTION    NE (30)
  AVERAGE WIND SPEED     6.7


SKY COVER
  AVERAGE SKY COVER 0.7


WEATHER CONDITIONS
 THE FOLLOWING WEATHER WAS RECORDED YESTERDAY.
  NO SIGNIFICANT WEATHER WAS OBSERVED.


RELATIVE HUMIDITY (PERCENT)
 HIGHEST    78           100 AM
 LOWEST     38          1200 PM
 AVERAGE    58

..........................................................


THE BUFFALO NY CLIMATE NORMALS FOR TODAY
                         NORMAL    RECORD    YEAR
 MAXIMUM TEMPERATURE (F)   78        93      2005
 MINIMUM TEMPERATURE (F)   60        45      1979


SUNRISE AND SUNSET
JUNE 26 2015..........SUNRISE   538 AM EDT   SUNSET   858 PM EDT
JUNE 27 2015..........SUNRISE   538 AM EDT   SUNSET   858 PM EDT


-  INDICATES NEGATIVE NUMBERS.
R  INDICATES RECORD WAS SET OR TIED.
MM INDICATES DATA IS MISSING.
T  INDICATES TRACE AMOUNT.




$$
