000
CDUS41 KBUF 100705
CLIBUF


CLIMATE REPORT
NATIONAL WEATHER SERVICE BUFFALO NY
205 AM EST TUE JAN 10 2017


...................................

...THE BUFFALO NY CLIMATE SUMMARY FOR JANUARY 9 2017...

CLIMATE NORMAL PERIOD 1981 TO 2010
CLIMATE RECORD PERIOD 1871 TO 2017


WEATHER ITEM   OBSERVED TIME   RECORD YEAR NORMAL DEPARTURE LAST
                VALUE   (LST)  VALUE       VALUE  FROM      YEAR
                                                  NORMAL
..................................................................
TEMPERATURE (F)
 YESTERDAY
  MAXIMUM         26    409 PM  64    2008  31     -5       49
  MINIMUM         14    835 AM  -9    1968  19     -5       40
  AVERAGE         20                        25     -5       45

PRECIPITATION (IN)
  YESTERDAY        T             0.88 1930   0.11  -0.11     0.03
  MONTH TO DATE    0.72                      1.04  -0.32     0.35
  SINCE DEC 1      4.78                      4.93  -0.15     3.25
  SINCE JAN 1      0.72                      1.04  -0.32     0.35

SNOWFALL (IN)
  YESTERDAY       MM             7.7  2015   0.8   MM        0.0
  MONTH TO DATE    2.9                       8.2   -5.3      3.1
  SINCE DEC 1     33.0                      35.6   -2.6      4.1
  SINCE JUL 1     33.9                      44.4  -10.5      4.1
  SNOW DEPTH       1

DEGREE DAYS
 HEATING
  YESTERDAY       45                        40      5       20
  MONTH TO DATE  371                       355     16      331
  SINCE DEC 1   1411                      1437    -26     1034
  SINCE JUL 1   2381                      2770   -389     2078

 COOLING
  YESTERDAY        0                         0      0        0
  MONTH TO DATE    0                         0      0        0
  SINCE DEC 1      0                         0      0        0
  SINCE JAN 1      0                         0      0        0
..................................................................


WIND (MPH)
  HIGHEST WIND SPEED    24   HIGHEST WIND DIRECTION    SW (220)
  HIGHEST GUST SPEED    33   HIGHEST GUST DIRECTION    SW (210)
  AVERAGE WIND SPEED    13.6


SKY COVER
  AVERAGE SKY COVER 0.8


WEATHER CONDITIONS
 THE FOLLOWING WEATHER WAS RECORDED YESTERDAY.
  LIGHT SNOW


RELATIVE HUMIDITY (PERCENT)
 HIGHEST    67           600 AM
 LOWEST     46           400 PM
 AVERAGE    57

..........................................................


THE BUFFALO NY CLIMATE NORMALS FOR TODAY
                         NORMAL    RECORD    YEAR
 MAXIMUM TEMPERATURE (F)   31        58      1950
 MINIMUM TEMPERATURE (F)   19        -7      2004
                                             1982


SUNRISE AND SUNSET
JANUARY 10 2017.......SUNRISE   745 AM EST   SUNSET   501 PM EST
JANUARY 11 2017.......SUNRISE   745 AM EST   SUNSET   502 PM EST


-  INDICATES NEGATIVE NUMBERS.
R  INDICATES RECORD WAS SET OR TIED.
MM INDICATES DATA IS MISSING.
T  INDICATES TRACE AMOUNT.




$$
