508
CDUS41 KBUF 142032
CLIBUF


CLIMATE REPORT
NATIONAL WEATHER SERVICE BUFFALO NY
431 PM EDT THU MAY 14 2015


...................................

...THE BUFFALO NY CLIMATE SUMMARY FOR MAY 14 2015...
VALID TODAY AS OF 0400 PM LOCAL TIME.

CLIMATE NORMAL PERIOD 1981 TO 2010
CLIMATE RECORD PERIOD 1871 TO 2015


WEATHER ITEM   OBSERVED TIME   RECORD YEAR NORMAL DEPARTURE LAST
                VALUE   (LST)  VALUE       VALUE  FROM      YEAR
                                                  NORMAL
..................................................................
TEMPERATURE (F)
 TODAY
  MAXIMUM         65    259 PM  88    1974  66     -1       81
  MINIMUM         38    511 AM  33    1878  47     -9       60
  AVERAGE         52                        56     -4       71

PRECIPITATION (IN)
  TODAY            0.00          1.03 2011   0.10  -0.10     0.77
                                      1978
  MONTH TO DATE    0.67                      1.45  -0.78     1.84
  SINCE MAR 1      4.81                      7.33  -2.52     9.47
  SINCE JAN 1      9.80                     13.00  -3.20    16.25

SNOWFALL (IN)
  TODAY            0.0           0.0    MM   0.0    0.0      0.0
  MONTH TO DATE    0.0                       0.2   -0.2      0.0
  SINCE MAR 1      9.9                      15.8   -5.9     25.7
  SINCE JUL 1    112.9                      94.6   18.3    129.9
  SNOW DEPTH       0

DEGREE DAYS
 HEATING
  TODAY           13                         9      4        0
  MONTH TO DATE   68                       156    -88      128
  SINCE MAR 1   1740                      1693     47     1877
  SINCE JUL 1   6888                      6437    451     6983

 COOLING
  TODAY            0                         1     -1        6
  MONTH TO DATE   40                         2     38       21
  SINCE MAR 1     40                         5     35       21
  SINCE JAN 1     40                         5     35       21
..................................................................


WIND (MPH)
  HIGHEST WIND SPEED     9   HIGHEST WIND DIRECTION     W (250)
  HIGHEST GUST SPEED    12   HIGHEST GUST DIRECTION    SW (220)
  AVERAGE WIND SPEED     4.3


SKY COVER
  AVERAGE SKY COVER 0.2


WEATHER CONDITIONS
 THE FOLLOWING WEATHER WAS RECORDED TODAY.
  FOG
  HAZE


RELATIVE HUMIDITY (PERCENT)
 HIGHEST    93           200 AM
 LOWEST     26           300 PM
 AVERAGE    60

..........................................................


THE BUFFALO NY CLIMATE NORMALS FOR TOMORROW
                         NORMAL    RECORD    YEAR
 MAXIMUM TEMPERATURE (F)   66        87      1961
 MINIMUM TEMPERATURE (F)   47        34      1920


SUNRISE AND SUNSET
MAY 14 2015...........SUNRISE   553 AM EDT   SUNSET   830 PM EDT
MAY 15 2015...........SUNRISE   552 AM EDT   SUNSET   831 PM EDT


-  INDICATES NEGATIVE NUMBERS.
R  INDICATES RECORD WAS SET OR TIED.
MM INDICATES DATA IS MISSING.
T  INDICATES TRACE AMOUNT.

$$
