000
CDUS41 KBUF 170705
CLIBUF


CLIMATE REPORT
NATIONAL WEATHER SERVICE BUFFALO NY
305 AM EDT SAT SEP 17 2016


...................................

...THE BUFFALO NY CLIMATE SUMMARY FOR SEPTEMBER 16 2016...

CLIMATE NORMAL PERIOD 1981 TO 2010
CLIMATE RECORD PERIOD 1871 TO 2016


WEATHER ITEM   OBSERVED TIME   RECORD YEAR NORMAL DEPARTURE LAST
                VALUE   (LST)  VALUE       VALUE  FROM      YEAR
                                                  NORMAL
..................................................................
TEMPERATURE (F)
 YESTERDAY
  MAXIMUM         80    456 PM  89    1991  71      9       81
  MINIMUM         50    409 AM  35    1964  53     -3       57
  AVERAGE         65                        62      3       69

PRECIPITATION (IN)
  YESTERDAY        0.00          1.51 1888   0.14  -0.14     0.00
  MONTH TO DATE    1.05                      1.92  -0.87     2.73
  SINCE SEP 1      1.05                      1.92  -0.87     2.73
  SINCE JAN 1     19.57                     27.08  -7.51    27.20

SNOWFALL (IN)
  YESTERDAY        0.0           0.0    MM   0.0    0.0      0.0
  MONTH TO DATE    0.0                       0.0    0.0      0.0
  SINCE SEP 1      0.0                       0.0    0.0      0.0
  SINCE JUL 1      0.0                       0.0    0.0      0.0
  SNOW DEPTH       0

DEGREE DAYS
 HEATING
  YESTERDAY        0                         4     -4        0
  MONTH TO DATE    9                        43    -34       25
  SINCE SEP 1      9                        43    -34       25
  SINCE JUL 1      9                        70    -61       40

 COOLING
  YESTERDAY        0                         2     -2        4
  MONTH TO DATE   74                        41     33      112
  SINCE SEP 1     74                        41     33      112
  SINCE JAN 1    892                       528    364      637
..................................................................


WIND (MPH)
  HIGHEST WIND SPEED    15   HIGHEST WIND DIRECTION     S (170)
  HIGHEST GUST SPEED    20   HIGHEST GUST DIRECTION    SE (150)
  AVERAGE WIND SPEED     6.5


SKY COVER
  AVERAGE SKY COVER 0.5


WEATHER CONDITIONS
 THE FOLLOWING WEATHER WAS RECORDED YESTERDAY.
  HAZE


RELATIVE HUMIDITY (PERCENT)
 HIGHEST    83          1200 AM
 LOWEST     45           300 PM
 AVERAGE    64

..........................................................


THE BUFFALO NY CLIMATE NORMALS FOR TODAY
                         NORMAL    RECORD    YEAR
 MAXIMUM TEMPERATURE (F)   71        86      1955
 MINIMUM TEMPERATURE (F)   53        33      1959


SUNRISE AND SUNSET
SEPTEMBER 17 2016.....SUNRISE   657 AM EDT   SUNSET   720 PM EDT
SEPTEMBER 18 2016.....SUNRISE   658 AM EDT   SUNSET   719 PM EDT


-  INDICATES NEGATIVE NUMBERS.
R  INDICATES RECORD WAS SET OR TIED.
MM INDICATES DATA IS MISSING.
T  INDICATES TRACE AMOUNT.




$$
