000
CDUS41 KBUF 081039
CLIBUF


CLIMATE REPORT
NATIONAL WEATHER SERVICE BUFFALO NY
532 AM EST SUN JAN 8 2017


...................................

...THE BUFFALO NY CLIMATE SUMMARY FOR JANUARY 7 2017...

CLIMATE NORMAL PERIOD 1981 TO 2010
CLIMATE RECORD PERIOD 1871 TO 2017


WEATHER ITEM   OBSERVED TIME   RECORD YEAR NORMAL DEPARTURE LAST
                VALUE   (LST)  VALUE       VALUE  FROM      YEAR
                                                  NORMAL
..................................................................
TEMPERATURE (F)
 YESTERDAY
  MAXIMUM         17    344 PM  63    2008  32    -15       41
  MINIMUM          5    522 AM  -5    2014  19    -14       21
                                      1942
  AVERAGE         11                        25    -14       31

PRECIPITATION (IN)
  YESTERDAY        0.01          1.24 1998   0.11  -0.10     0.00
  MONTH TO DATE    0.72                      0.82  -0.10     0.15
  SINCE DEC 1      4.78                      4.71   0.07     3.05
  SINCE JAN 1      0.72                      0.82  -0.10     0.15

SNOWFALL (IN)
  YESTERDAY        0.5           7.3  1963   1.0   -0.5      0.0
  MONTH TO DATE    2.9                       6.5   -3.6      3.1
  SINCE DEC 1     33.0                      33.9   -0.9      4.1
  SINCE JUL 1     33.9                      42.7   -8.8      4.1
  SNOW DEPTH       1

DEGREE DAYS
 HEATING
  YESTERDAY       54                        40     14       34
  MONTH TO DATE  275                       275      0      279
  SINCE DEC 1   1315                      1357    -42      982
  SINCE JUL 1   2285                      2690   -405     2026

 COOLING
  YESTERDAY        0                         0      0        0
  MONTH TO DATE    0                         0      0        0
  SINCE DEC 1      0                         0      0        0
  SINCE JAN 1      0                         0      0        0
..................................................................


WIND (MPH)
  HIGHEST WIND SPEED    22   HIGHEST WIND DIRECTION     W (290)
  HIGHEST GUST SPEED    28   HIGHEST GUST DIRECTION     W (290)
  AVERAGE WIND SPEED     8.4


SKY COVER
  AVERAGE SKY COVER 0.7


WEATHER CONDITIONS
 THE FOLLOWING WEATHER WAS RECORDED YESTERDAY.
  SNOW
  LIGHT SNOW
  HAZE


RELATIVE HUMIDITY (PERCENT)
 HIGHEST    80           600 AM
 LOWEST     58           600 PM
 AVERAGE    69

..........................................................


THE BUFFALO NY CLIMATE NORMALS FOR TODAY
                         NORMAL    RECORD    YEAR
 MAXIMUM TEMPERATURE (F)   32        66      2008
 MINIMUM TEMPERATURE (F)   19        -6      1968


SUNRISE AND SUNSET
JANUARY  8 2017.......SUNRISE   746 AM EST   SUNSET   458 PM EST
JANUARY  9 2017.......SUNRISE   745 AM EST   SUNSET   459 PM EST


-  INDICATES NEGATIVE NUMBERS.
R  INDICATES RECORD WAS SET OR TIED.
MM INDICATES DATA IS MISSING.
T  INDICATES TRACE AMOUNT.




$$
