000
CDUS41 KBUF 210706
CLIBUF


CLIMATE REPORT
NATIONAL WEATHER SERVICE BUFFALO NY
305 AM EDT THU APR 21 2016


...................................

...THE BUFFALO NY CLIMATE SUMMARY FOR APRIL 20 2016...

CLIMATE NORMAL PERIOD 1981 TO 2010
CLIMATE RECORD PERIOD 1871 TO 2016


WEATHER ITEM   OBSERVED TIME   RECORD YEAR NORMAL DEPARTURE LAST
                VALUE   (LST)  VALUE       VALUE  FROM      YEAR
                                                  NORMAL
..................................................................
TEMPERATURE (F)
 YESTERDAY
  MAXIMUM         67    455 PM  84    1987  57     10       70
  MINIMUM         38    614 AM  20    1926  39     -1       44
                                      1904
  AVERAGE         53                        48      5       57

PRECIPITATION (IN)
  YESTERDAY        0.00          1.27 1893   0.09  -0.09     0.39
  MONTH TO DATE    1.36                      2.06  -0.70     2.62
  SINCE MAR 1      4.21                      4.93  -0.72     4.06
  SINCE JAN 1      9.49                     10.60  -1.11     9.05

SNOWFALL (IN)
  YESTERDAY        0.0           5.5  1901   0.1   -0.1      0.0
  MONTH TO DATE    7.1                       2.5    4.6      0.3
  SINCE MAR 1      8.0                      15.4   -7.4      9.9
  SINCE JUL 1     55.1                      94.2  -39.1    112.9
  SNOW DEPTH       0

DEGREE DAYS
 HEATING
  YESTERDAY       12                        17     -5        8
  MONTH TO DATE  478                       422     56      351
  SINCE MAR 1   1250                      1383   -133     1453
  SINCE JUL 1   5188                      6127   -939     6601

 COOLING
  YESTERDAY        0                         0      0        0
  MONTH TO DATE    0                         0      0        0
  SINCE MAR 1      0                         0      0        0
  SINCE JAN 1      0                         0      0        0
..................................................................


WIND (MPH)
  HIGHEST WIND SPEED    15   HIGHEST WIND DIRECTION    NE (40)
  HIGHEST GUST SPEED    20   HIGHEST GUST DIRECTION     N (20)
  AVERAGE WIND SPEED     6.1


SKY COVER
  AVERAGE SKY COVER 0.3


WEATHER CONDITIONS
 THE FOLLOWING WEATHER WAS RECORDED YESTERDAY.
  NO SIGNIFICANT WEATHER WAS OBSERVED.


RELATIVE HUMIDITY (PERCENT)
 HIGHEST    76           600 AM
 LOWEST     18           300 PM
 AVERAGE    47

..........................................................


THE BUFFALO NY CLIMATE NORMALS FOR TODAY
                         NORMAL    RECORD    YEAR
 MAXIMUM TEMPERATURE (F)   58        84      1954
 MINIMUM TEMPERATURE (F)   39        21      1875


SUNRISE AND SUNSET
APRIL 21 2016.........SUNRISE   623 AM EDT   SUNSET   805 PM EDT
APRIL 22 2016.........SUNRISE   621 AM EDT   SUNSET   806 PM EDT


-  INDICATES NEGATIVE NUMBERS.
R  INDICATES RECORD WAS SET OR TIED.
MM INDICATES DATA IS MISSING.
T  INDICATES TRACE AMOUNT.




$$
