000
CDUS41 KBUF 211027
CLIBUF


CLIMATE REPORT
NATIONAL WEATHER SERVICE BUFFALO NY
626 AM EDT SAT MAY 21 2016


...................................

...THE BUFFALO NY CLIMATE SUMMARY FOR MAY 20 2016...

CLIMATE NORMAL PERIOD 1981 TO 2010
CLIMATE RECORD PERIOD 1871 TO 2016


WEATHER ITEM   OBSERVED TIME   RECORD YEAR NORMAL DEPARTURE LAST
                VALUE   (LST)  VALUE       VALUE  FROM      YEAR
                                                  NORMAL
..................................................................
TEMPERATURE (F)
 YESTERDAY
  MAXIMUM         74    408 PM  89    2012  68      6       52
  MINIMUM         43    448 AM  32    1907  49     -6       40
  AVERAGE         59                        58      1       46

PRECIPITATION (IN)
  YESTERDAY        0.00          1.31 1894   0.12  -0.12     0.00
  MONTH TO DATE    1.15                      2.13  -0.98     0.71
  SINCE MAR 1      5.90                      8.01  -2.11     4.85
  SINCE JAN 1     11.18                     13.68  -2.50     9.84

SNOWFALL (IN)
  YESTERDAY        0.0           0.1  1907   0.0    0.0      0.0
  MONTH TO DATE    T                         0.3   -0.3      0.0
  SINCE MAR 1      8.0                      15.9   -7.9      9.9
  SINCE JUL 1     55.1                      94.7  -39.6    112.9
  SNOW DEPTH       0

DEGREE DAYS
 HEATING
  YESTERDAY        6                         8     -2       19
  MONTH TO DATE  229                       206     23      101
  SINCE MAR 1   1649                      1743    -94     1773
  SINCE JUL 1   5587                      6487   -900     6921

 COOLING
  YESTERDAY        0                         1     -1        0
  MONTH TO DATE    2                         8     -6       54
  SINCE MAR 1      2                        11     -9       54
  SINCE JAN 1      2                        11     -9       54
..................................................................


WIND (MPH)
  HIGHEST WIND SPEED    16   HIGHEST WIND DIRECTION    NE (30)
  HIGHEST GUST SPEED    21   HIGHEST GUST DIRECTION     N (20)
  AVERAGE WIND SPEED     5.8


SKY COVER
  AVERAGE SKY COVER 0.4


WEATHER CONDITIONS
 THE FOLLOWING WEATHER WAS RECORDED YESTERDAY.
  NO SIGNIFICANT WEATHER WAS OBSERVED.


RELATIVE HUMIDITY (PERCENT)
 HIGHEST    76           200 AM
 LOWEST     27           100 PM
 AVERAGE    52

..........................................................


THE BUFFALO NY CLIMATE NORMALS FOR TODAY
                         NORMAL    RECORD    YEAR
 MAXIMUM TEMPERATURE (F)   68        90      1977
 MINIMUM TEMPERATURE (F)   49        33      1907


SUNRISE AND SUNSET
MAY 21 2016...........SUNRISE   546 AM EDT   SUNSET   838 PM EDT
MAY 22 2016...........SUNRISE   545 AM EDT   SUNSET   839 PM EDT


-  INDICATES NEGATIVE NUMBERS.
R  INDICATES RECORD WAS SET OR TIED.
MM INDICATES DATA IS MISSING.
T  INDICATES TRACE AMOUNT.

$$
