000
CDUS41 KBUF 251016
CLIBUF


CLIMATE REPORT
NATIONAL WEATHER SERVICE BUFFALO NY
615 AM EDT THU MAY 25 2017


...................................

...THE BUFFALO NY CLIMATE SUMMARY FOR MAY 24 2017...

CLIMATE NORMAL PERIOD 1981 TO 2010
CLIMATE RECORD PERIOD 1871 TO 2017


WEATHER ITEM   OBSERVED TIME   RECORD YEAR NORMAL DEPARTURE LAST
                VALUE   (LST)  VALUE       VALUE  FROM      YEAR
                                                  NORMAL
..................................................................
TEMPERATURE (F)
 YESTERDAY
  MAXIMUM         79    341 PM  88    1922  69     10       73
  MINIMUM         57    548 AM  31    1963  50      7       54
                                      1925
  AVERAGE         68                        60      8       64

PRECIPITATION (IN)
  YESTERDAY        0.02          1.09 1964   0.12  -0.10     0.00
  MONTH TO DATE    4.02                      2.62   1.40     1.15
  SINCE MAR 1     14.76                      8.50   6.26     5.90
  SINCE JAN 1     19.94                     14.17   5.77    11.18

SNOWFALL (IN)
  YESTERDAY        0.0           T    1925   0.0    0.0      0.0
  MONTH TO DATE    0.0                       0.3   -0.3       T
  SINCE MAR 1     29.1                      15.9   13.2      8.0
  SINCE JUL 1     76.1                      94.7  -18.6     55.1
  SNOW DEPTH       0

DEGREE DAYS
 HEATING
  YESTERDAY        0                         7     -7        1
  MONTH TO DATE  265                       234     31      237
  SINCE MAR 1   1681                      1771    -90     1657
  SINCE JUL 1   5573                      6515   -942     5595

 COOLING
  YESTERDAY        3                         1      2        0
  MONTH TO DATE   19                        12      7        2
  SINCE MAR 1     25                        15     10        2
  SINCE JAN 1     25                        15     10        2
..................................................................


WIND (MPH)
  HIGHEST WIND SPEED    18   HIGHEST WIND DIRECTION    SE (130)
  HIGHEST GUST SPEED    24   HIGHEST GUST DIRECTION    SE (140)
  AVERAGE WIND SPEED     9.4


SKY COVER
  AVERAGE SKY COVER 0.8


WEATHER CONDITIONS
 THE FOLLOWING WEATHER WAS RECORDED YESTERDAY.
  LIGHT RAIN


RELATIVE HUMIDITY (PERCENT)
 HIGHEST    72           300 AM
 LOWEST     27           100 PM
 AVERAGE    50

..........................................................


THE BUFFALO NY CLIMATE NORMALS FOR TODAY
                         NORMAL    RECORD    YEAR
 MAXIMUM TEMPERATURE (F)   69        86      2012
                                             1975
                                             1944
 MINIMUM TEMPERATURE (F)   50        35      1992
                                             1956


SUNRISE AND SUNSET
MAY 25 2017...........SUNRISE   543 AM EDT   SUNSET   841 PM EDT
MAY 26 2017...........SUNRISE   542 AM EDT   SUNSET   842 PM EDT


-  INDICATES NEGATIVE NUMBERS.
R  INDICATES RECORD WAS SET OR TIED.
MM INDICATES DATA IS MISSING.
T  INDICATES TRACE AMOUNT.




$$
