000
CDUS41 KBUF 250705
CLIBUF


CLIMATE REPORT
NATIONAL WEATHER SERVICE BUFFALO NY
305 AM EDT TUE AUG 25 2015


...................................

...THE BUFFALO NY CLIMATE SUMMARY FOR AUGUST 24 2015...

CLIMATE NORMAL PERIOD 1981 TO 2010
CLIMATE RECORD PERIOD 1871 TO 2015


WEATHER ITEM   OBSERVED TIME   RECORD YEAR NORMAL DEPARTURE LAST
                VALUE   (LST)  VALUE       VALUE  FROM      YEAR
                                                  NORMAL
..................................................................
TEMPERATURE (F)
 YESTERDAY
  MAXIMUM         74    159 PM  91    1947  78     -4       81
  MINIMUM         66   1159 PM  43    1971  60      6       60
  AVERAGE         70                        69      1       71

PRECIPITATION (IN)
  YESTERDAY        0.00          2.04 1975   0.10  -0.10     0.00
  MONTH TO DATE    4.30                      2.54   1.76     2.45
  SINCE JUN 1     11.75                      9.43   2.32    11.70
  SINCE JAN 1     24.38                     24.44  -0.06    29.23

SNOWFALL (IN)
  YESTERDAY        0.0           0.0    MM   0.0    0.0      0.0
  MONTH TO DATE    0.0                       0.0    0.0      0.0
  SINCE JUN 1      0.0                       0.0    0.0      0.0
  SINCE JUL 1      0.0                       0.0    0.0      0.0
  SNOW DEPTH       0

DEGREE DAYS
 HEATING
  YESTERDAY        0                         1     -1        0
  MONTH TO DATE    1                         9     -8       10
  SINCE JUN 1     58                        82    -24       48
  SINCE JUL 1      8                        18    -10       20

 COOLING
  YESTERDAY        5                         4      1        6
  MONTH TO DATE  143                       133     10      106
  SINCE JUN 1    417                       433    -16      384
  SINCE JAN 1    508                       459     49      407
..................................................................


WIND (MPH)
  HIGHEST WIND SPEED    24   HIGHEST WIND DIRECTION    SW (240)
  HIGHEST GUST SPEED    29   HIGHEST GUST DIRECTION     W (250)
  AVERAGE WIND SPEED    12.5


SKY COVER
  AVERAGE SKY COVER 0.7


WEATHER CONDITIONS
 THE FOLLOWING WEATHER WAS RECORDED YESTERDAY.
  NO SIGNIFICANT WEATHER WAS OBSERVED.


RELATIVE HUMIDITY (PERCENT)
 HIGHEST    78           700 AM
 LOWEST     46           200 PM
 AVERAGE    62

..........................................................


THE BUFFALO NY CLIMATE NORMALS FOR TODAY
                         NORMAL    RECORD    YEAR
 MAXIMUM TEMPERATURE (F)   77        91      2012
 MINIMUM TEMPERATURE (F)   60        42      1963


SUNRISE AND SUNSET
AUGUST 25 2015........SUNRISE   632 AM EDT   SUNSET   802 PM EDT
AUGUST 26 2015........SUNRISE   633 AM EDT   SUNSET   800 PM EDT


-  INDICATES NEGATIVE NUMBERS.
R  INDICATES RECORD WAS SET OR TIED.
MM INDICATES DATA IS MISSING.
T  INDICATES TRACE AMOUNT.




$$
