000
CDUS41 KBUF 290706
CLIBUF


CLIMATE REPORT
NATIONAL WEATHER SERVICE BUFFALO NY
305 AM EDT MON JUN 29 2015


...................................

...THE BUFFALO NY CLIMATE SUMMARY FOR JUNE 28 2015...

CLIMATE NORMAL PERIOD 1981 TO 2010
CLIMATE RECORD PERIOD 1871 TO 2015


WEATHER ITEM   OBSERVED TIME   RECORD YEAR NORMAL DEPARTURE LAST
                VALUE   (LST)  VALUE       VALUE  FROM      YEAR
                                                  NORMAL
..................................................................
TEMPERATURE (F)
 YESTERDAY
  MAXIMUM         61   1255 PM  95    1944  78    -17       89
  MINIMUM         56    800 AM  49    1962  61     -5       67
                                      1891
  AVERAGE         59                        70    -11       78

PRECIPITATION (IN)
  YESTERDAY        0.13          1.58 1957   0.10   0.03      T
  MONTH TO DATE    4.97                      3.44   1.53     3.53
  SINCE JUN 1      4.97                      3.44   1.53     3.53
  SINCE JAN 1     17.60                     18.45  -0.85    21.06

SNOWFALL (IN)
  YESTERDAY        0.0           0.0    MM   0.0    0.0      0.0
  MONTH TO DATE    0.0                       0.0    0.0      0.0
  SINCE JUN 1      0.0                       0.0    0.0      0.0
  SINCE JUL 1    112.9                      94.7   18.2    129.9
  SNOW DEPTH       0

DEGREE DAYS
 HEATING
  YESTERDAY        6                         1      5        0
  MONTH TO DATE   50                        63    -13       28
  SINCE JUN 1     50                        63    -13       28
  SINCE JUL 1   7028                      6616    412     7125

 COOLING
  YESTERDAY        0                         5     -5       13
  MONTH TO DATE   72                        92    -20      121
  SINCE JUN 1     72                        92    -20      121
  SINCE JAN 1    163                       118     45      144
..................................................................


WIND (MPH)
  HIGHEST WIND SPEED    15   HIGHEST WIND DIRECTION    NE (60)
  HIGHEST GUST SPEED    19   HIGHEST GUST DIRECTION    NE (50)
  AVERAGE WIND SPEED     9.1


SKY COVER
  AVERAGE SKY COVER 0.9


WEATHER CONDITIONS
 THE FOLLOWING WEATHER WAS RECORDED YESTERDAY.
  RAIN
  LIGHT RAIN
  FOG


RELATIVE HUMIDITY (PERCENT)
 HIGHEST    93           200 AM
 LOWEST     84           200 PM
 AVERAGE    89

..........................................................


THE BUFFALO NY CLIMATE NORMALS FOR TODAY
                         NORMAL    RECORD    YEAR
 MAXIMUM TEMPERATURE (F)   79        97      1933
 MINIMUM TEMPERATURE (F)   61        45      1988


SUNRISE AND SUNSET
JUNE 29 2015..........SUNRISE   539 AM EDT   SUNSET   858 PM EDT
JUNE 30 2015..........SUNRISE   539 AM EDT   SUNSET   858 PM EDT


-  INDICATES NEGATIVE NUMBERS.
R  INDICATES RECORD WAS SET OR TIED.
MM INDICATES DATA IS MISSING.
T  INDICATES TRACE AMOUNT.




$$
