000
CDUS41 KBUF 240705
CLIBUF


CLIMATE REPORT
NATIONAL WEATHER SERVICE BUFFALO NY
305 AM EDT TUE MAY 24 2016


...................................

...THE BUFFALO NY CLIMATE SUMMARY FOR MAY 23 2016...

CLIMATE NORMAL PERIOD 1981 TO 2010
CLIMATE RECORD PERIOD 1871 TO 2016


WEATHER ITEM   OBSERVED TIME   RECORD YEAR NORMAL DEPARTURE LAST
                VALUE   (LST)  VALUE       VALUE  FROM      YEAR
                                                  NORMAL
..................................................................
TEMPERATURE (F)
 YESTERDAY
  MAXIMUM         79    300 PM  90    1991  69     10       63
  MINIMUM         48    359 AM  33    1967  50     -2       34
  AVERAGE         64                        59      5       49

PRECIPITATION (IN)
  YESTERDAY        0.00          1.53 1940   0.13  -0.13     0.00
  MONTH TO DATE    1.15                      2.50  -1.35     0.71
  SINCE MAR 1      5.90                      8.38  -2.48     4.85
  SINCE JAN 1     11.18                     14.05  -2.87     9.84

SNOWFALL (IN)
  YESTERDAY        0.0           0.0    MM   0.0    0.0      0.0
  MONTH TO DATE    T                         0.3   -0.3      0.0
  SINCE MAR 1      8.0                      15.9   -7.9      9.9
  SINCE JUL 1     55.1                      94.7  -39.6    112.9
  SNOW DEPTH       0

DEGREE DAYS
 HEATING
  YESTERDAY        1                         7     -6       16
  MONTH TO DATE  236                       227      9      143
  SINCE MAR 1   1656                      1764   -108     1815
  SINCE JUL 1   5594                      6508   -914     6963

 COOLING
  YESTERDAY        0                         1     -1        0
  MONTH TO DATE    2                        11     -9       54
  SINCE MAR 1      2                        14    -12       54
  SINCE JAN 1      2                        14    -12       54
..................................................................


WIND (MPH)
  HIGHEST WIND SPEED    13   HIGHEST WIND DIRECTION    NW (330)
  HIGHEST GUST SPEED    16   HIGHEST GUST DIRECTION     N (340)
  AVERAGE WIND SPEED     5.4


SKY COVER
  AVERAGE SKY COVER 0.1


WEATHER CONDITIONS
 THE FOLLOWING WEATHER WAS RECORDED YESTERDAY.
  NO SIGNIFICANT WEATHER WAS OBSERVED.


RELATIVE HUMIDITY (PERCENT)
 HIGHEST    86           400 AM
 LOWEST     23           400 PM
 AVERAGE    55

..........................................................


THE BUFFALO NY CLIMATE NORMALS FOR TODAY
                         NORMAL    RECORD    YEAR
 MAXIMUM TEMPERATURE (F)   69        88      1922
 MINIMUM TEMPERATURE (F)   50        31      1963
                                             1925


SUNRISE AND SUNSET
MAY 24 2016...........SUNRISE   543 AM EDT   SUNSET   841 PM EDT
MAY 25 2016...........SUNRISE   543 AM EDT   SUNSET   842 PM EDT


-  INDICATES NEGATIVE NUMBERS.
R  INDICATES RECORD WAS SET OR TIED.
MM INDICATES DATA IS MISSING.
T  INDICATES TRACE AMOUNT.




$$
