525
CDUS41 KBUF 311020
CLIBUF


CLIMATE REPORT
NATIONAL WEATHER SERVICE BUFFALO NY
620 AM EDT WED AUG 31 2016


...................................

...THE BUFFALO NY CLIMATE SUMMARY FOR AUGUST 30 2016...

CLIMATE NORMAL PERIOD 1981 TO 2010
CLIMATE RECORD PERIOD 1871 TO 2016


WEATHER ITEM   OBSERVED TIME   RECORD YEAR NORMAL DEPARTURE LAST
                VALUE   (LST)  VALUE       VALUE  FROM      YEAR
                                                  NORMAL
..................................................................
TEMPERATURE (F)
 YESTERDAY
  MAXIMUM         81    308 PM  91    1959  77      4       79
                                      1951
  MINIMUM         60    612 AM  38    1965  59      1       67
  AVERAGE         71                        68      3       73

PRECIPITATION (IN)
  YESTERDAY        0.00          1.48 1903   0.11  -0.11      T
  MONTH TO DATE    3.28                      3.16   0.12     4.39
  SINCE JUN 1      6.39                     10.05  -3.66    11.84
  SINCE JAN 1     17.63                     25.06  -7.43    24.47

SNOWFALL (IN)
  YESTERDAY        0.0           0.0    MM   0.0    0.0      0.0
  MONTH TO DATE    0.0                       0.0    0.0      0.0
  SINCE JUN 1      0.0                       0.0    0.0      0.0
  SINCE JUL 1      0.0                       0.0    0.0      0.0
  SNOW DEPTH       0

DEGREE DAYS
 HEATING
  YESTERDAY        0                         1     -1        0
  MONTH TO DATE    0                        15    -15        8
  SINCE JUN 1     42                        88    -46       65
  SINCE JUL 1      0                        24    -24       15

 COOLING
  YESTERDAY        6                         4      2        8
  MONTH TO DATE  331                       157    174      153
  SINCE JUN 1    752                       457    295      427
  SINCE JAN 1    811                       483    328      518
..................................................................


WIND (MPH)
  HIGHEST WIND SPEED    16   HIGHEST WIND DIRECTION    SW (240)
  HIGHEST GUST SPEED    20   HIGHEST GUST DIRECTION    SW (220)
  AVERAGE WIND SPEED     7.8


SKY COVER
  AVERAGE SKY COVER 0.4


WEATHER CONDITIONS
 THE FOLLOWING WEATHER WAS RECORDED YESTERDAY.
  NO SIGNIFICANT WEATHER WAS OBSERVED.


RELATIVE HUMIDITY (PERCENT)
 HIGHEST    90           200 AM
 LOWEST     48           400 PM
 AVERAGE    69

..........................................................


THE BUFFALO NY CLIMATE NORMALS FOR TODAY
                         NORMAL    RECORD    YEAR
 MAXIMUM TEMPERATURE (F)   76        93      1962
 MINIMUM TEMPERATURE (F)   58        43      1976


SUNRISE AND SUNSET
AUGUST 31 2016........SUNRISE   639 AM EDT   SUNSET   750 PM EDT
SEPTEMBER  1 2016.....SUNRISE   640 AM EDT   SUNSET   749 PM EDT


-  INDICATES NEGATIVE NUMBERS.
R  INDICATES RECORD WAS SET OR TIED.
MM INDICATES DATA IS MISSING.
T  INDICATES TRACE AMOUNT.

$$
