000
CDUS41 KBUF 281034
CLIBUF


CLIMATE REPORT
NATIONAL WEATHER SERVICE BUFFALO NY
531 AM EST SUN DEC 28 2014


...................................

...THE BUFFALO NY CLIMATE SUMMARY FOR DECEMBER 27 2014...

CLIMATE NORMAL PERIOD 1981 TO 2010
CLIMATE RECORD PERIOD 1871 TO 2014


WEATHER ITEM   OBSERVED TIME   RECORD YEAR NORMAL DEPARTURE LAST
                VALUE   (LST)  VALUE       VALUE  FROM      YEAR
                                                  NORMAL
..................................................................
TEMPERATURE (F)
 YESTERDAY
  MAXIMUM         54    447 PM  63    2008  33     21       36
  MINIMUM         36    203 AM  -9    1993  21     15       21
  AVERAGE         45                        27     18       29

PRECIPITATION (IN)
  YESTERDAY        T             1.21 2008   0.12  -0.12     0.01
  MONTH TO DATE    1.83                      3.39  -1.56     4.81
  SINCE DEC 1      1.83                      3.39  -1.56     4.81
  SINCE JAN 1     42.08                     39.98   2.10    45.90

SNOWFALL (IN)
  YESTERDAY        0.0          21.9  2001   1.0   -1.0      0.4
  MONTH TO DATE    9.9                      23.2  -13.3     26.0
  SINCE DEC 1      9.9                      23.2  -13.3     26.0
  SINCE JUL 1     30.4                      32.0   -1.6     36.0
  SNOW DEPTH       0

DEGREE DAYS
 HEATING
  YESTERDAY       20                        38    -18       36
  MONTH TO DATE  818                       929   -111      995
  SINCE DEC 1    818                       929   -111      995
  SINCE JUL 1   2116                      2262   -146     2313

 COOLING
  YESTERDAY        0                         0      0        0
  MONTH TO DATE    0                         0      0        0
  SINCE DEC 1      0                         0      0        0
  SINCE JAN 1    516                       544    -28      611
..................................................................


WIND (MPH)
  HIGHEST WIND SPEED    24   HIGHEST WIND DIRECTION    SW (240)
  HIGHEST GUST SPEED    33   HIGHEST GUST DIRECTION     W (250)
  AVERAGE WIND SPEED    11.7


SKY COVER
  AVERAGE SKY COVER 0.8


WEATHER CONDITIONS
 THE FOLLOWING WEATHER WAS RECORDED YESTERDAY.
  LIGHT RAIN


RELATIVE HUMIDITY (PERCENT)
 HIGHEST    82          1200 AM
 LOWEST     59           200 PM
 AVERAGE    71

..........................................................


THE BUFFALO NY CLIMATE NORMALS FOR TODAY
                         NORMAL    RECORD    YEAR
 MAXIMUM TEMPERATURE (F)   33        67      1982
 MINIMUM TEMPERATURE (F)   21        -3      1960


SUNRISE AND SUNSET
DECEMBER 28 2014......SUNRISE   745 AM EST   SUNSET   448 PM EST
DECEMBER 29 2014......SUNRISE   746 AM EST   SUNSET   449 PM EST


-  INDICATES NEGATIVE NUMBERS.
R  INDICATES RECORD WAS SET OR TIED.
MM INDICATES DATA IS MISSING.
T  INDICATES TRACE AMOUNT.




$$
