603
CDUS41 KBUF 230705
CLIBUF


CLIMATE REPORT
NATIONAL WEATHER SERVICE BUFFALO NY
205 AM EST FRI FEB 23 2018


...................................

...THE BUFFALO NY CLIMATE SUMMARY FOR FEBRUARY 22 2018...

CLIMATE NORMAL PERIOD 1981 TO 2010
CLIMATE RECORD PERIOD 1871 TO 2018


WEATHER ITEM   OBSERVED TIME   RECORD YEAR NORMAL DEPARTURE LAST
                VALUE   (LST)  VALUE       VALUE  FROM      YEAR
                                                  NORMAL
..................................................................
TEMPERATURE (F)
 YESTERDAY
  MAXIMUM         38    350 PM  66    1930  35      3       58
  MINIMUM         30    820 AM  -3    1885  20     10       41
  AVERAGE         34                        27      7       50

PRECIPITATION (IN)
  YESTERDAY        0.01          1.21 1990   0.09  -0.08     0.00
  MONTH TO DATE    3.22                      1.93   1.29     1.44
  SINCE DEC 1      9.88                      9.00   0.88     8.42
  SINCE JAN 1      6.95                      5.11   1.84     4.36

SNOWFALL (IN)
  YESTERDAY       MM             5.9  1914   0.6   MM        0.0
  MONTH TO DATE   18.1                      13.9    4.2      4.6
  SINCE DEC 1     83.0                      66.6   16.4     45.7
  SINCE JUL 1     83.2                      75.4    7.8     46.6
  SNOW DEPTH       0

DEGREE DAYS
 HEATING
  YESTERDAY       31                        38     -7       15
  MONTH TO DATE  784                       864    -80      722
  SINCE DEC 1   3260                      3190     70     2807
  SINCE JUL 1   4375                      4523   -148     3777

 COOLING
  YESTERDAY        0                         0      0        0
  MONTH TO DATE    0                         0      0        0
  SINCE DEC 1      0                         0      0        0
  SINCE JAN 1      0                         0      0        0
..................................................................


WIND (MPH)
  HIGHEST WIND SPEED    16   HIGHEST WIND DIRECTION     E (70)
  HIGHEST GUST SPEED    19   HIGHEST GUST DIRECTION     E (70)
  AVERAGE WIND SPEED     9.5


SKY COVER
  AVERAGE SKY COVER 1.0


WEATHER CONDITIONS
 THE FOLLOWING WEATHER WAS RECORDED YESTERDAY.
  LIGHT SNOW
  FOG


RELATIVE HUMIDITY (PERCENT)
 HIGHEST    89           100 PM
 LOWEST     72           100 AM
 AVERAGE    81

..........................................................


THE BUFFALO NY CLIMATE NORMALS FOR TODAY
                         NORMAL    RECORD    YEAR
 MAXIMUM TEMPERATURE (F)   35        62      1984
 MINIMUM TEMPERATURE (F)   20        -7      2015


SUNRISE AND SUNSET
FEBRUARY 23 2018......SUNRISE   700 AM EST   SUNSET   557 PM EST
FEBRUARY 24 2018......SUNRISE   659 AM EST   SUNSET   558 PM EST


-  INDICATES NEGATIVE NUMBERS.
R  INDICATES RECORD WAS SET OR TIED.
MM INDICATES DATA IS MISSING.
T  INDICATES TRACE AMOUNT.




$$
