000
CDUS41 KBUF 281013
CLIBUF


CLIMATE REPORT
NATIONAL WEATHER SERVICE BUFFALO NY
613 AM EDT TUE JUL 28 2015


...................................

...THE BUFFALO NY CLIMATE SUMMARY FOR JULY 27 2015...

CLIMATE NORMAL PERIOD 1981 TO 2010
CLIMATE RECORD PERIOD 1871 TO 2015


WEATHER ITEM   OBSERVED TIME   RECORD YEAR NORMAL DEPARTURE LAST
                VALUE   (LST)  VALUE       VALUE  FROM      YEAR
                                                  NORMAL
..................................................................
TEMPERATURE (F)
 YESTERDAY
  MAXIMUM         89    320 PM  90    1964  80      9       81
                                      1958
                                      1955
  MINIMUM         64    500 AM  48    1977  63      1       65
                                      1891
  AVERAGE         77                        71      6       73

PRECIPITATION (IN)
  YESTERDAY        0.00          1.38 1948   0.11  -0.11     0.08
  MONTH TO DATE    2.39                      2.76  -0.37     3.91
  SINCE JUN 1      7.42                      6.42   1.00     7.71
  SINCE JAN 1     20.05                     21.43  -1.38    25.24

SNOWFALL (IN)
  YESTERDAY        0.0           0.0    MM   0.0    0.0      0.0
  MONTH TO DATE    0.0                       0.0    0.0      0.0
  SINCE JUN 1      0.0                       0.0    0.0      0.0
  SINCE JUL 1      0.0                       0.0    0.0      0.0
  SNOW DEPTH       0

DEGREE DAYS
 HEATING
  YESTERDAY        0                         0      0        0
  MONTH TO DATE    7                         2      5        4
  SINCE JUN 1     57                        66     -9       32
  SINCE JUL 1      7                         2      5        4

 COOLING
  YESTERDAY       12                         6      6        8
  MONTH TO DATE  150                       177    -27      129
  SINCE JUN 1    226                       280    -54      277
  SINCE JAN 1    317                       306     11      300
..................................................................


WIND (MPH)
  HIGHEST WIND SPEED    10   HIGHEST WIND DIRECTION     N (350)
  HIGHEST GUST SPEED    13   HIGHEST GUST DIRECTION     N (350)
  AVERAGE WIND SPEED     3.8


SKY COVER
  AVERAGE SKY COVER 0.3


WEATHER CONDITIONS
 THE FOLLOWING WEATHER WAS RECORDED YESTERDAY.
  NO SIGNIFICANT WEATHER WAS OBSERVED.


RELATIVE HUMIDITY (PERCENT)
 HIGHEST    87           200 AM
 LOWEST     37           300 PM
 AVERAGE    62

..........................................................


THE BUFFALO NY CLIMATE NORMALS FOR TODAY
                         NORMAL    RECORD    YEAR
 MAXIMUM TEMPERATURE (F)   80        93      1964
 MINIMUM TEMPERATURE (F)   63        51      1996


SUNRISE AND SUNSET
JULY 28 2015..........SUNRISE   602 AM EDT   SUNSET   841 PM EDT
JULY 29 2015..........SUNRISE   603 AM EDT   SUNSET   840 PM EDT


-  INDICATES NEGATIVE NUMBERS.
R  INDICATES RECORD WAS SET OR TIED.
MM INDICATES DATA IS MISSING.
T  INDICATES TRACE AMOUNT.

$$
