000
CDUS41 KBUF 201021
CLIBUF


CLIMATE REPORT
NATIONAL WEATHER SERVICE BUFFALO NY
620 AM EDT SAT MAY 20 2017


...................................

...THE BUFFALO NY CLIMATE SUMMARY FOR MAY 19 2017...

CLIMATE NORMAL PERIOD 1981 TO 2010
CLIMATE RECORD PERIOD 1871 TO 2017


WEATHER ITEM   OBSERVED TIME   RECORD YEAR NORMAL DEPARTURE LAST
                VALUE   (LST)  VALUE       VALUE  FROM      YEAR
                                                  NORMAL
..................................................................
TEMPERATURE (F)
 YESTERDAY
  MAXIMUM         62   1200 AM  86    1962  68     -6       67
  MINIMUM         53   1159 PM  34    2002  48      5       41
  AVERAGE         58                        58      0       54

PRECIPITATION (IN)
  YESTERDAY        0.00          3.41 1986   0.11  -0.11     0.00
  MONTH TO DATE    3.70                      2.01   1.69     1.15
  SINCE MAR 1     14.44                      7.89   6.55     5.90
  SINCE JAN 1     19.62                     13.56   6.06    11.18

SNOWFALL (IN)
  YESTERDAY        0.0           T    2002   0.0    0.0      0.0
                                      1976
  MONTH TO DATE    0.0                       0.3   -0.3       T
  SINCE MAR 1     29.1                      15.9   13.2      8.0
  SINCE JUL 1     76.1                      94.7  -18.6     55.1
  SNOW DEPTH       0

DEGREE DAYS
 HEATING
  YESTERDAY        7                         8     -1       11
  MONTH TO DATE  243                       198     45      223
  SINCE MAR 1   1659                      1735    -76     1643
  SINCE JUL 1   5551                      6479   -928     5581

 COOLING
  YESTERDAY        0                         1     -1        0
  MONTH TO DATE   16                         7      9        2
  SINCE MAR 1     22                        10     12        2
  SINCE JAN 1     22                        10     12        2
..................................................................


WIND (MPH)
  HIGHEST WIND SPEED    16   HIGHEST WIND DIRECTION     N (340)
  HIGHEST GUST SPEED    20   HIGHEST GUST DIRECTION    SW (230)
  AVERAGE WIND SPEED     8.3


SKY COVER
  AVERAGE SKY COVER 0.8


WEATHER CONDITIONS
 THE FOLLOWING WEATHER WAS RECORDED YESTERDAY.
  NO SIGNIFICANT WEATHER WAS OBSERVED.


RELATIVE HUMIDITY (PERCENT)
 HIGHEST    80           200 AM
 LOWEST     57          1200 PM
 AVERAGE    69

..........................................................


THE BUFFALO NY CLIMATE NORMALS FOR TODAY
                         NORMAL    RECORD    YEAR
 MAXIMUM TEMPERATURE (F)   68        89      2012
 MINIMUM TEMPERATURE (F)   49        32      1907


SUNRISE AND SUNSET
MAY 20 2017...........SUNRISE   547 AM EDT   SUNSET   837 PM EDT
MAY 21 2017...........SUNRISE   546 AM EDT   SUNSET   838 PM EDT


-  INDICATES NEGATIVE NUMBERS.
R  INDICATES RECORD WAS SET OR TIED.
MM INDICATES DATA IS MISSING.
T  INDICATES TRACE AMOUNT.




$$
