000
CDUS41 KBUF 162118
CLIBUF


CLIMATE REPORT
NATIONAL WEATHER SERVICE BUFFALO NY
518 PM EDT TUE AUG 16 2016


...................................

...THE BUFFALO NY CLIMATE SUMMARY FOR AUGUST 16 2016...
VALID TODAY AS OF 0500 PM LOCAL TIME.

CLIMATE NORMAL PERIOD 1981 TO 2010
CLIMATE RECORD PERIOD 1871 TO 2016


WEATHER ITEM   OBSERVED TIME   RECORD YEAR NORMAL DEPARTURE LAST
                VALUE   (LST)  VALUE       VALUE  FROM      YEAR
                                                  NORMAL
..................................................................
TEMPERATURE (F)
 TODAY
  MAXIMUM         87    120 PM  92    1935  79      8       83
  MINIMUM         70    827 AM  44    1880  61      9       63
  AVERAGE         79                        70      9       73

PRECIPITATION (IN)
  TODAY            0.72          2.71 1879   0.10   0.62     0.00
  MONTH TO DATE    1.28                      1.72  -0.44     3.47
  SINCE JUN 1      4.39                      8.61  -4.22    10.92
  SINCE JAN 1     15.63                     23.62  -7.99    23.55

SNOWFALL (IN)
  TODAY            0.0           0.0    MM   0.0    0.0      0.0
  MONTH TO DATE    0.0                       0.0    0.0      0.0
  SINCE JUN 1      0.0                       0.0    0.0      0.0
  SINCE JUL 1      0.0                       0.0    0.0      0.0
  SNOW DEPTH       0

DEGREE DAYS
 HEATING
  TODAY            0                         1     -1        0
  MONTH TO DATE    0                         1     -1        1
  SINCE JUN 1     42                        74    -32       58
  SINCE JUL 1      0                        10    -10        8

 COOLING
  TODAY           14                         5      9        8
  MONTH TO DATE  204                        94    110       85
  SINCE JUN 1    625                       394    231      359
  SINCE JAN 1    684                       420    264      450
..................................................................


WIND (MPH)
  HIGHEST WIND SPEED    30   HIGHEST WIND DIRECTION    SW (240)
  HIGHEST GUST SPEED    40   HIGHEST GUST DIRECTION    SW (240)
  AVERAGE WIND SPEED    14.0


SKY COVER
  AVERAGE SKY COVER 0.9


WEATHER CONDITIONS
 THE FOLLOWING WEATHER WAS RECORDED TODAY.
  HEAVY RAIN
  RAIN
  LIGHT RAIN
  FOG


RELATIVE HUMIDITY (PERCENT)
 HIGHEST    97           800 AM
 LOWEST     57           100 PM
 AVERAGE    77

..........................................................


THE BUFFALO NY CLIMATE NORMALS FOR TOMORROW
                         NORMAL    RECORD    YEAR
 MAXIMUM TEMPERATURE (F)   79        93      1955
 MINIMUM TEMPERATURE (F)   61        46      1961


SUNRISE AND SUNSET
AUGUST 16 2016........SUNRISE   623 AM EDT   SUNSET   815 PM EDT
AUGUST 17 2016........SUNRISE   624 AM EDT   SUNSET   813 PM EDT


-  INDICATES NEGATIVE NUMBERS.
R  INDICATES RECORD WAS SET OR TIED.
MM INDICATES DATA IS MISSING.
T  INDICATES TRACE AMOUNT.




$$
