524
CDUS41 KBUF 031014
CLIBUF


CLIMATE REPORT
NATIONAL WEATHER SERVICE BUFFALO NY
513 AM EST WED FEB 3 2016


...................................

...THE BUFFALO NY CLIMATE SUMMARY FOR FEBRUARY 2 2016...

CLIMATE NORMAL PERIOD 1981 TO 2010
CLIMATE RECORD PERIOD 1871 TO 2016


WEATHER ITEM   OBSERVED TIME   RECORD YEAR NORMAL DEPARTURE LAST
                VALUE   (LST)  VALUE       VALUE  FROM      YEAR
                                                  NORMAL
..................................................................
TEMPERATURE (F)
 YESTERDAY
  MAXIMUM         44   1044 PM  57    1973  31     13       15
  MINIMUM         30    833 AM -20    1961  18     12        3
  AVERAGE         37                        25     12        9

PRECIPITATION (IN)
  YESTERDAY        0.04          0.81 1990   0.09  -0.05     0.42
  MONTH TO DATE    0.05                      0.18  -0.13     0.65
  SINCE DEC 1      4.76                      7.25  -2.49     5.39
  SINCE JAN 1      1.86                      3.36  -1.50     3.24

SNOWFALL (IN)
  YESTERDAY        0.0           8.2  2015   0.8   -0.8      8.2
  MONTH TO DATE    0.0                       1.5   -1.5     12.6
  SINCE DEC 1     26.6                      54.2  -27.6     48.9
  SINCE JUL 1     26.6                      63.0  -36.4     69.4
  SNOW DEPTH       0

DEGREE DAYS
 HEATING
  YESTERDAY       28                        40    -12       56
  MONTH TO DATE   47                        80    -33      101
  SINCE DEC 1   1923                      2406   -483     2442
  SINCE JUL 1   2967                      3739   -772     3740

 COOLING
  YESTERDAY        0                         0      0        0
  MONTH TO DATE    0                         0      0        0
  SINCE DEC 1      0                         0      0        0
  SINCE JAN 1      0                         0      0        0
..................................................................


WIND (MPH)
  HIGHEST WIND SPEED    21   HIGHEST WIND DIRECTION     E (80)
  HIGHEST GUST SPEED    26   HIGHEST GUST DIRECTION     E (70)
  AVERAGE WIND SPEED     6.9


SKY COVER
  AVERAGE SKY COVER 0.7


WEATHER CONDITIONS
 THE FOLLOWING WEATHER WAS RECORDED YESTERDAY.
  RAIN
  LIGHT RAIN
  FOG


RELATIVE HUMIDITY (PERCENT)
 HIGHEST    85           300 AM
 LOWEST     57           200 PM
 AVERAGE    71

..........................................................


THE BUFFALO NY CLIMATE NORMALS FOR TODAY
                         NORMAL    RECORD    YEAR
 MAXIMUM TEMPERATURE (F)   31        50      1952
 MINIMUM TEMPERATURE (F)   18        -7      1881


SUNRISE AND SUNSET
FEBRUARY  3 2016......SUNRISE   728 AM EST   SUNSET   530 PM EST
FEBRUARY  4 2016......SUNRISE   727 AM EST   SUNSET   531 PM EST


-  INDICATES NEGATIVE NUMBERS.
R  INDICATES RECORD WAS SET OR TIED.
MM INDICATES DATA IS MISSING.
T  INDICATES TRACE AMOUNT.




$$
