000
CDUS41 KBUF 132035
CLIBUF


CLIMATE REPORT
NATIONAL WEATHER SERVICE BUFFALO NY
425 PM EDT THU JUL 13 2017


...................................

...THE BUFFALO NY CLIMATE SUMMARY FOR JULY 13 2017...
VALID TODAY AS OF 0400 PM LOCAL TIME.

CLIMATE NORMAL PERIOD 1981 TO 2010
CLIMATE RECORD PERIOD 1871 TO 2017


WEATHER ITEM   OBSERVED TIME   RECORD YEAR NORMAL DEPARTURE LAST
                VALUE   (LST)  VALUE       VALUE  FROM      YEAR
                                                  NORMAL
..................................................................
TEMPERATURE (F)
 TODAY
  MAXIMUM         78    253 PM  94    2005  80     -2       87
  MINIMUM         63    957 AM  49    1888  63      0       74
  AVERAGE         71                        71      0       81

PRECIPITATION (IN)
  TODAY            2.29R         1.86 1956   0.10   2.19     0.00
  MONTH TO DATE    3.01                      1.28   1.73     0.75
  SINCE JUN 1      5.22                      4.94   0.28     2.06
  SINCE JAN 1     27.49                     19.95   7.54    13.30

SNOWFALL (IN)
  TODAY            0.0           0.0    MM   0.0    0.0      0.0
  MONTH TO DATE    0.0                       0.0    0.0      0.0
  SINCE JUN 1      0.0                       0.0    0.0      0.0
  SINCE JUL 1      0.0                       0.0    0.0      0.0
  SNOW DEPTH       0

DEGREE DAYS
 HEATING
  TODAY            0                         0      0        0
  MONTH TO DATE    0                         2     -2        0
  SINCE JUN 1     49                        66    -17       42
  SINCE JUL 1      0                         2     -2        0

 COOLING
  TODAY            6                         7     -1       16
  MONTH TO DATE   82                        80      2      113
  SINCE JUN 1    205                       183     22      241
  SINCE JAN 1    232                       209     23      300
..................................................................


WIND (MPH)
  HIGHEST WIND SPEED    17   HIGHEST WIND DIRECTION    NE (50)
  HIGHEST GUST SPEED    23   HIGHEST GUST DIRECTION    NE (40)
  AVERAGE WIND SPEED     7.4


SKY COVER
  AVERAGE SKY COVER 0.8


WEATHER CONDITIONS
 THE FOLLOWING WEATHER WAS RECORDED TODAY.
  THUNDERSTORM
  HEAVY RAIN
  RAIN
  LIGHT RAIN
  FOG
  FOG W/VISIBILITY <= 1/4 MILE


RELATIVE HUMIDITY (PERCENT)
 HIGHEST   100           800 AM
 LOWEST     76           300 PM
 AVERAGE    88

..........................................................


THE BUFFALO NY CLIMATE NORMALS FOR TOMORROW
                         NORMAL    RECORD    YEAR
 MAXIMUM TEMPERATURE (F)   80        92      2005
 MINIMUM TEMPERATURE (F)   63        50      1884


SUNRISE AND SUNSET
JULY 13 2017..........SUNRISE   548 AM EDT   SUNSET   853 PM EDT
JULY 14 2017..........SUNRISE   549 AM EDT   SUNSET   852 PM EDT


-  INDICATES NEGATIVE NUMBERS.
R  INDICATES RECORD WAS SET OR TIED.
MM INDICATES DATA IS MISSING.
T  INDICATES TRACE AMOUNT.




$$
