000
CDUS41 KBUF 120705
CLIBUF


CLIMATE REPORT
NATIONAL WEATHER SERVICE BUFFALO NY
205 AM EST SUN NOV 12 2017


...................................

...THE BUFFALO NY CLIMATE SUMMARY FOR NOVEMBER 11 2017...

CLIMATE NORMAL PERIOD 1981 TO 2010
CLIMATE RECORD PERIOD 1871 TO 2017


WEATHER ITEM   OBSERVED TIME   RECORD YEAR NORMAL DEPARTURE LAST
                VALUE   (LST)  VALUE       VALUE  FROM      YEAR
                                                  NORMAL
..................................................................
TEMPERATURE (F)
 YESTERDAY
  MAXIMUM         35    307 PM  70    2012  50    -15       55
  MINIMUM         19R   759 AM  19    1957  35    -16       35
  AVERAGE         27                        42    -15       45

PRECIPITATION (IN)
  YESTERDAY        T             1.40 1995   0.13  -0.13     0.00
  MONTH TO DATE    3.53                      1.43   2.10     1.42
  SINCE SEP 1     11.71                      8.85   2.86     9.36
  SINCE JAN 1     43.99                     34.01   9.98    27.88

SNOWFALL (IN)
  YESTERDAY       MM             5.3  1942   0.2   MM        0.0
  MONTH TO DATE    0.1                       1.7   -1.6      0.0
  SINCE SEP 1      0.2                       2.6   -2.4       T
  SINCE JUL 1      0.2                       2.6   -2.4       T
  SNOW DEPTH       0

DEGREE DAYS
 HEATING
  YESTERDAY       38                        23     15       20
  MONTH TO DATE  257                       231     26      172
  SINCE SEP 1    609                       809   -200      551
  SINCE JUL 1    625                       836   -211      551

 COOLING
  YESTERDAY        0                         0      0        0
  MONTH TO DATE    0                         0      0        0
  SINCE SEP 1    133                        57     76      121
  SINCE JAN 1    603                       544     59      939
..................................................................


WIND (MPH)
  HIGHEST WIND SPEED    16   HIGHEST WIND DIRECTION     E (100)
  HIGHEST GUST SPEED    20   HIGHEST GUST DIRECTION     E (100)
  AVERAGE WIND SPEED     6.2


SKY COVER
  AVERAGE SKY COVER 0.6


WEATHER CONDITIONS
 THE FOLLOWING WEATHER WAS RECORDED YESTERDAY.
  LIGHT SNOW


RELATIVE HUMIDITY (PERCENT)
 HIGHEST    84           600 AM
 LOWEST     41           200 PM
 AVERAGE    63

..........................................................


THE BUFFALO NY CLIMATE NORMALS FOR TODAY
                         NORMAL    RECORD    YEAR
 MAXIMUM TEMPERATURE (F)   49        70      2012
 MINIMUM TEMPERATURE (F)   35        22      1921
                                             1911
                                             1894


SUNRISE AND SUNSET
NOVEMBER 12 2017......SUNRISE   704 AM EST   SUNSET   454 PM EST
NOVEMBER 13 2017......SUNRISE   705 AM EST   SUNSET   453 PM EST


-  INDICATES NEGATIVE NUMBERS.
R  INDICATES RECORD WAS SET OR TIED.
MM INDICATES DATA IS MISSING.
T  INDICATES TRACE AMOUNT.




$$
