000
CDUS41 KBUF 240705
CLIBUF


CLIMATE REPORT
NATIONAL WEATHER SERVICE BUFFALO NY
205 AM EST TUE FEB 24 2015


...................................

...THE BUFFALO NY CLIMATE SUMMARY FOR FEBRUARY 23 2015...

CLIMATE NORMAL PERIOD 1981 TO 2010
CLIMATE RECORD PERIOD 1871 TO 2015


WEATHER ITEM   OBSERVED TIME   RECORD YEAR NORMAL DEPARTURE LAST
                VALUE   (LST)  VALUE       VALUE  FROM      YEAR
                                                  NORMAL
..................................................................
TEMPERATURE (F)
 YESTERDAY
  MAXIMUM         10   1239 AM  62    1984  35    -25       35
  MINIMUM         -7R  1022 PM  -6    1889  20    -27       25
  AVERAGE          2                        28    -26       30

PRECIPITATION (IN)
  YESTERDAY        T             0.94 1985   0.09  -0.09     0.00
  MONTH TO DATE    2.30                      2.02   0.28     3.42
  SINCE DEC 1      7.04                      9.09  -2.05    11.51
  SINCE JAN 1      4.89                      5.20  -0.31     6.58

SNOWFALL (IN)
  YESTERDAY       MM             3.8  1994   0.6   MM        0.0
  MONTH TO DATE   44.7                      14.5   30.2     16.8
  SINCE DEC 1     81.0                      67.2   13.8     87.7
  SINCE JUL 1    101.5                      76.0   25.5     97.7
  SNOW DEPTH      22

DEGREE DAYS
 HEATING
  YESTERDAY       63                        37     26       35
  MONTH TO DATE 1231                       901    330     1002
  SINCE DEC 1   3572                      3227    345     3531
  SINCE JUL 1   4870                      4560    310     4849

 COOLING
  YESTERDAY        0                         0      0        0
  MONTH TO DATE    0                         0      0        0
  SINCE DEC 1      0                         0      0        0
  SINCE JAN 1      0                         0      0        0
..................................................................


WIND (MPH)
  HIGHEST WIND SPEED    21   HIGHEST WIND DIRECTION    SW (230)
  HIGHEST GUST SPEED    27   HIGHEST GUST DIRECTION    SW (220)
  AVERAGE WIND SPEED    13.3


SKY COVER
  AVERAGE SKY COVER 0.5


WEATHER CONDITIONS
 THE FOLLOWING WEATHER WAS RECORDED YESTERDAY.
  LIGHT SNOW
  HAZE


RELATIVE HUMIDITY (PERCENT)
 HIGHEST    75           700 PM
 LOWEST     51           200 PM
 AVERAGE    63

..........................................................


THE BUFFALO NY CLIMATE NORMALS FOR TODAY
                         NORMAL    RECORD    YEAR
 MAXIMUM TEMPERATURE (F)   35        67      1906
 MINIMUM TEMPERATURE (F)   21       -10      1889


SUNRISE AND SUNSET
FEBRUARY 24 2015......SUNRISE   659 AM EST   SUNSET   558 PM EST
FEBRUARY 25 2015......SUNRISE   658 AM EST   SUNSET   559 PM EST


-  INDICATES NEGATIVE NUMBERS.
R  INDICATES RECORD WAS SET OR TIED.
MM INDICATES DATA IS MISSING.
T  INDICATES TRACE AMOUNT.




$$
