000
CDUS41 KBUF 101030
CLIBUF


CLIMATE REPORT
NATIONAL WEATHER SERVICE BUFFALO NY
530 AM EST SAT FEB 10 2018


...................................

...THE BUFFALO NY CLIMATE SUMMARY FOR FEBRUARY 9 2018...

CLIMATE NORMAL PERIOD 1981 TO 2010
CLIMATE RECORD PERIOD 1871 TO 2018


WEATHER ITEM   OBSERVED TIME   RECORD YEAR NORMAL DEPARTURE LAST
                VALUE   (LST)  VALUE       VALUE  FROM      YEAR
                                                  NORMAL
..................................................................
TEMPERATURE (F)
 YESTERDAY
  MAXIMUM         28   1159 PM  62    1925  32     -4       23
  MINIMUM         15    734 AM -20    1934  18     -3       17
  AVERAGE         22                        25     -3       20

PRECIPITATION (IN)
  YESTERDAY        0.25          1.40 1876   0.09   0.16      T
  MONTH TO DATE    0.99                      0.79   0.20     0.69
  SINCE DEC 1      7.65                      7.86  -0.21     7.67
  SINCE JAN 1      4.72                      3.97   0.75     3.61

SNOWFALL (IN)
  YESTERDAY        3.7           6.0  1995   0.6    3.1       T
  MONTH TO DATE   14.4                       6.0    8.4      1.4
  SINCE DEC 1     79.3                      58.7   20.6     42.5
  SINCE JUL 1     79.5                      67.5   12.0     43.4
  SNOW DEPTH       4

DEGREE DAYS
 HEATING
  YESTERDAY       43                        40      3       45
  MONTH TO DATE  399                       360     39      330
  SINCE DEC 1   2875                      2686    189     2415
  SINCE JUL 1   3990                      4019    -29     3385

 COOLING
  YESTERDAY        0                         0      0        0
  MONTH TO DATE    0                         0      0        0
  SINCE DEC 1      0                         0      0        0
  SINCE JAN 1      0                         0      0        0
..................................................................


WIND (MPH)
  HIGHEST WIND SPEED    16   HIGHEST WIND DIRECTION    SW (230)
  HIGHEST GUST SPEED    21   HIGHEST GUST DIRECTION    SW (230)
  AVERAGE WIND SPEED     7.0


SKY COVER
  AVERAGE SKY COVER 1.0


WEATHER CONDITIONS
 THE FOLLOWING WEATHER WAS RECORDED YESTERDAY.
  HEAVY SNOW
  SNOW
  LIGHT SNOW
  FOG
  FOG W/VISIBILITY <= 1/4 MILE


RELATIVE HUMIDITY (PERCENT)
 HIGHEST   100           700 PM
 LOWEST     73           600 AM
 AVERAGE    87

..........................................................


THE BUFFALO NY CLIMATE NORMALS FOR TODAY
                         NORMAL    RECORD    YEAR
 MAXIMUM TEMPERATURE (F)   32        57      1965
 MINIMUM TEMPERATURE (F)   19       -13      1912


SUNRISE AND SUNSET
FEBRUARY 10 2018......SUNRISE   719 AM EST   SUNSET   540 PM EST
FEBRUARY 11 2018......SUNRISE   718 AM EST   SUNSET   541 PM EST


-  INDICATES NEGATIVE NUMBERS.
R  INDICATES RECORD WAS SET OR TIED.
MM INDICATES DATA IS MISSING.
T  INDICATES TRACE AMOUNT.

$$
