000
CDUS41 KBUF 111010
CLIBUF


CLIMATE REPORT
NATIONAL WEATHER SERVICE BUFFALO NY
509 AM EST SAT NOV 11 2017


...................................

...THE BUFFALO NY CLIMATE SUMMARY FOR NOVEMBER 10 2017...

CLIMATE NORMAL PERIOD 1981 TO 2010
CLIMATE RECORD PERIOD 1871 TO 2017


WEATHER ITEM   OBSERVED TIME   RECORD YEAR NORMAL DEPARTURE LAST
                VALUE   (LST)  VALUE       VALUE  FROM      YEAR
                                                  NORMAL
..................................................................
TEMPERATURE (F)
 YESTERDAY
  MAXIMUM         29   1214 AM  69    1975  50    -21       56
  MINIMUM         20   1125 AM  19    1991  36    -16       32
  AVERAGE         25                        43    -18       44

PRECIPITATION (IN)
  YESTERDAY        T             1.30 1898   0.12  -0.12     0.00
  MONTH TO DATE    3.53                      1.30   2.23     1.42
  SINCE SEP 1     11.71                      8.72   2.99     9.36
  SINCE JAN 1     43.99                     33.88  10.11    27.88

SNOWFALL (IN)
  YESTERDAY        0.1           6.2  1913   0.2   -0.1      0.0
  MONTH TO DATE    0.1                       1.5   -1.4      0.0
  SINCE SEP 1      0.2                       2.4   -2.2       T
  SINCE JUL 1      0.2                       2.4   -2.2       T
  SNOW DEPTH       0

DEGREE DAYS
 HEATING
  YESTERDAY       40                        22     18       21
  MONTH TO DATE  219                       208     11      152
  SINCE SEP 1    571                       786   -215      531
  SINCE JUL 1    587                       813   -226      531

 COOLING
  YESTERDAY        0                         0      0        0
  MONTH TO DATE    0                         0      0        0
  SINCE SEP 1    133                        57     76      121
  SINCE JAN 1    603                       544     59      939
..................................................................


WIND (MPH)
  HIGHEST WIND SPEED    25   HIGHEST WIND DIRECTION     N (340)
  HIGHEST GUST SPEED    35   HIGHEST GUST DIRECTION     W (290)
  AVERAGE WIND SPEED    13.7


SKY COVER
  AVERAGE SKY COVER 0.5


WEATHER CONDITIONS
 THE FOLLOWING WEATHER WAS RECORDED YESTERDAY.
  LIGHT SNOW


RELATIVE HUMIDITY (PERCENT)
 HIGHEST    71          1100 PM
 LOWEST     36           200 PM
 AVERAGE    54

..........................................................


THE BUFFALO NY CLIMATE NORMALS FOR TODAY
                         NORMAL    RECORD    YEAR
 MAXIMUM TEMPERATURE (F)   50        70      2012
 MINIMUM TEMPERATURE (F)   35        19      1957


SUNRISE AND SUNSET
NOVEMBER 11 2017......SUNRISE   702 AM EST   SUNSET   455 PM EST
NOVEMBER 12 2017......SUNRISE   704 AM EST   SUNSET   454 PM EST


-  INDICATES NEGATIVE NUMBERS.
R  INDICATES RECORD WAS SET OR TIED.
MM INDICATES DATA IS MISSING.
T  INDICATES TRACE AMOUNT.




$$
