000
CDUS41 KBUF 131023
CLIBUF


CLIMATE REPORT
NATIONAL WEATHER SERVICE BUFFALO NY
620 AM EDT THU APR 13 2017


...................................

...THE BUFFALO NY CLIMATE SUMMARY FOR APRIL 12 2017...

CLIMATE NORMAL PERIOD 1981 TO 2010
CLIMATE RECORD PERIOD 1871 TO 2017


WEATHER ITEM   OBSERVED TIME   RECORD YEAR NORMAL DEPARTURE LAST
                VALUE   (LST)  VALUE       VALUE  FROM      YEAR
                                                  NORMAL
..................................................................
TEMPERATURE (F)
 YESTERDAY
  MAXIMUM         48    235 AM  80    2001  54     -6       43
  MINIMUM         38   1159 PM  20    1874  36      2       32
  AVERAGE         43                        44     -1       38

PRECIPITATION (IN)
  YESTERDAY        0.00          1.11 1944   0.10  -0.10      T
  MONTH TO DATE    2.47                      1.27   1.20     1.36
  SINCE MAR 1      6.83                      4.14   2.69     4.21
  SINCE JAN 1     12.01                      9.81   2.20     9.49

SNOWFALL (IN)
  YESTERDAY        0.0           5.0  1940   0.1   -0.1      0.0
  MONTH TO DATE    2.3                       1.8    0.5      7.1
  SINCE MAR 1     29.1                      14.7   14.4      8.0
  SINCE JUL 1     76.1                      93.5  -17.4     55.1
  SNOW DEPTH       0

DEGREE DAYS
 HEATING
  YESTERDAY       22                        20      2       27
  MONTH TO DATE  215                       273    -58      366
  SINCE MAR 1   1199                      1234    -35     1138
  SINCE JUL 1   5091                      5978   -887     5076

 COOLING
  YESTERDAY        0                         0      0        0
  MONTH TO DATE    2                         0      2        0
  SINCE MAR 1      2                         0      2        0
  SINCE JAN 1      2                         0      2        0
..................................................................


WIND (MPH)
  HIGHEST WIND SPEED    22   HIGHEST WIND DIRECTION    SW (240)
  HIGHEST GUST SPEED    31   HIGHEST GUST DIRECTION    SW (240)
  AVERAGE WIND SPEED    11.5


SKY COVER
  AVERAGE SKY COVER 0.8


WEATHER CONDITIONS
 THE FOLLOWING WEATHER WAS RECORDED YESTERDAY.
  NO SIGNIFICANT WEATHER WAS OBSERVED.


RELATIVE HUMIDITY (PERCENT)
 HIGHEST    89          1200 AM
 LOWEST     65           500 AM
 AVERAGE    77

..........................................................


THE BUFFALO NY CLIMATE NORMALS FOR TODAY
                         NORMAL    RECORD    YEAR
 MAXIMUM TEMPERATURE (F)   54        82      1945
 MINIMUM TEMPERATURE (F)   36        16      1940


SUNRISE AND SUNSET
APRIL 13 2017.........SUNRISE   636 AM EDT   SUNSET   755 PM EDT
APRIL 14 2017.........SUNRISE   634 AM EDT   SUNSET   757 PM EDT


-  INDICATES NEGATIVE NUMBERS.
R  INDICATES RECORD WAS SET OR TIED.
MM INDICATES DATA IS MISSING.
T  INDICATES TRACE AMOUNT.




$$
