000
CDUS41 KBUF 101026
CLIBUF


CLIMATE REPORT
NATIONAL WEATHER SERVICE BUFFALO NY
525 AM EST FRI FEB 10 2017


...................................

...THE BUFFALO NY CLIMATE SUMMARY FOR FEBRUARY 9 2017...

CLIMATE NORMAL PERIOD 1981 TO 2010
CLIMATE RECORD PERIOD 1871 TO 2017


WEATHER ITEM   OBSERVED TIME   RECORD YEAR NORMAL DEPARTURE LAST
                VALUE   (LST)  VALUE       VALUE  FROM      YEAR
                                                  NORMAL
..................................................................
TEMPERATURE (F)
 YESTERDAY
  MAXIMUM         23    329 PM  62    1925  32     -9       37
  MINIMUM         17   1128 AM -20    1934  18     -1       30
  AVERAGE         20                        25     -5       34

PRECIPITATION (IN)
  YESTERDAY        T             1.40 1876   0.09  -0.09     0.10
  MONTH TO DATE    0.69                      0.79  -0.10     0.86
  SINCE DEC 1      7.67                      7.86  -0.19     5.57
  SINCE JAN 1      3.61                      3.97  -0.36     2.67

SNOWFALL (IN)
  YESTERDAY        T             6.0  1995   0.6   -0.6      0.3
  MONTH TO DATE    1.4                       6.0   -4.6      1.3
  SINCE DEC 1     42.5                      58.7  -16.2     27.9
  SINCE JUL 1     43.4                      67.5  -24.1     27.9
  SNOW DEPTH       T

DEGREE DAYS
 HEATING
  YESTERDAY       45                        40      5       31
  MONTH TO DATE  330                       360    -30      240
  SINCE DEC 1   2415                      2686   -271     2116
  SINCE JUL 1   3385                      4019   -634     3160

 COOLING
  YESTERDAY        0                         0      0        0
  MONTH TO DATE    0                         0      0        0
  SINCE DEC 1      0                         0      0        0
  SINCE JAN 1      0                         0      0        0
..................................................................


WIND (MPH)
  HIGHEST WIND SPEED    24   HIGHEST WIND DIRECTION     W (270)
  HIGHEST GUST SPEED    29   HIGHEST GUST DIRECTION     W (270)
  AVERAGE WIND SPEED    11.4


SKY COVER
  AVERAGE SKY COVER 0.6


WEATHER CONDITIONS
 THE FOLLOWING WEATHER WAS RECORDED YESTERDAY.
  LIGHT SNOW
  FOG
  HAZE


RELATIVE HUMIDITY (PERCENT)
 HIGHEST    84           100 AM
 LOWEST     45           400 PM
 AVERAGE    65

..........................................................


THE BUFFALO NY CLIMATE NORMALS FOR TODAY
                         NORMAL    RECORD    YEAR
 MAXIMUM TEMPERATURE (F)   32        57      1965
 MINIMUM TEMPERATURE (F)   19       -13      1912


SUNRISE AND SUNSET
FEBRUARY 10 2017......SUNRISE   719 AM EST   SUNSET   540 PM EST
FEBRUARY 11 2017......SUNRISE   717 AM EST   SUNSET   541 PM EST


-  INDICATES NEGATIVE NUMBERS.
R  INDICATES RECORD WAS SET OR TIED.
MM INDICATES DATA IS MISSING.
T  INDICATES TRACE AMOUNT.

$$
