000
CDUS41 KBUF 110705
CLIBUF


CLIMATE REPORT
NATIONAL WEATHER SERVICE BUFFALO NY
305 AM EDT MON SEP 11 2017


...................................

...THE BUFFALO NY CLIMATE SUMMARY FOR SEPTEMBER 10 2017...

CLIMATE NORMAL PERIOD 1981 TO 2010
CLIMATE RECORD PERIOD 1871 TO 2017


WEATHER ITEM   OBSERVED TIME   RECORD YEAR NORMAL DEPARTURE LAST
                VALUE   (LST)  VALUE       VALUE  FROM      YEAR
                                                  NORMAL
..................................................................
TEMPERATURE (F)
 YESTERDAY
  MAXIMUM         67    322 PM  90    1955  73     -6       88
  MINIMUM         45    625 AM  36    1883  56    -11       65
  AVERAGE         56                        64     -8       77

PRECIPITATION (IN)
  YESTERDAY        0.00          1.56 1946   0.12  -0.12     0.94
  MONTH TO DATE    2.43                      1.15   1.28     0.94
  SINCE SEP 1      2.43                      1.15   1.28     0.94
  SINCE JAN 1     34.71                     26.31   8.40    19.46

SNOWFALL (IN)
  YESTERDAY        0.0           0.0    MM   0.0    0.0      0.0
  MONTH TO DATE    0.0                       0.0    0.0      0.0
  SINCE SEP 1      0.0                       0.0    0.0      0.0
  SINCE JUL 1      0.0                       0.0    0.0      0.0
  SNOW DEPTH       0

DEGREE DAYS
 HEATING
  YESTERDAY        9                         3      6        0
  MONTH TO DATE   57                        21     36        2
  SINCE SEP 1     57                        21     36        2
  SINCE JUL 1     73                        48     25        2

 COOLING
  YESTERDAY        0                         2     -2       12
  MONTH TO DATE    5                        29    -24       71
  SINCE SEP 1      5                        29    -24       71
  SINCE JAN 1    475                       516    -41      889
..................................................................


WIND (MPH)
  HIGHEST WIND SPEED    14   HIGHEST WIND DIRECTION    NE (30)
  HIGHEST GUST SPEED    18   HIGHEST GUST DIRECTION    NE (30)
  AVERAGE WIND SPEED     4.2


SKY COVER
  AVERAGE SKY COVER 0.2


WEATHER CONDITIONS
 THE FOLLOWING WEATHER WAS RECORDED YESTERDAY.
  NO SIGNIFICANT WEATHER WAS OBSERVED.


RELATIVE HUMIDITY (PERCENT)
 HIGHEST    93           300 AM
 LOWEST     45           200 PM
 AVERAGE    69

..........................................................


THE BUFFALO NY CLIMATE NORMALS FOR TODAY
                         NORMAL    RECORD    YEAR
 MAXIMUM TEMPERATURE (F)   73        87      1952
                                             1947
 MINIMUM TEMPERATURE (F)   55        39      1967


SUNRISE AND SUNSET
SEPTEMBER 11 2017.....SUNRISE   651 AM EDT   SUNSET   732 PM EDT
SEPTEMBER 12 2017.....SUNRISE   652 AM EDT   SUNSET   730 PM EDT


-  INDICATES NEGATIVE NUMBERS.
R  INDICATES RECORD WAS SET OR TIED.
MM INDICATES DATA IS MISSING.
T  INDICATES TRACE AMOUNT.




$$
