000
CDUS41 KBUF 290706
CLIBUF


CLIMATE REPORT
NATIONAL WEATHER SERVICE BUFFALO NY
305 AM EDT FRI APR 29 2016


...................................

...THE BUFFALO NY CLIMATE SUMMARY FOR APRIL 28 2016...

CLIMATE NORMAL PERIOD 1981 TO 2010
CLIMATE RECORD PERIOD 1871 TO 2016


WEATHER ITEM   OBSERVED TIME   RECORD YEAR NORMAL DEPARTURE LAST
                VALUE   (LST)  VALUE       VALUE  FROM      YEAR
                                                  NORMAL
..................................................................
TEMPERATURE (F)
 YESTERDAY
  MAXIMUM         51    210 PM  94    1990  60     -9       51
  MINIMUM         35    454 AM  24    1947  41     -6       37
  AVERAGE         43                        51     -8       44

PRECIPITATION (IN)
  YESTERDAY        0.00          1.28 1889   0.10  -0.10     0.00
  MONTH TO DATE    1.90                      2.81  -0.91     2.70
  SINCE MAR 1      4.75                      5.68  -0.93     4.14
  SINCE JAN 1     10.03                     11.35  -1.32     9.13

SNOWFALL (IN)
  YESTERDAY        0.0           0.2  1885   0.1   -0.1      0.0
  MONTH TO DATE    7.1                       2.7    4.4      0.3
  SINCE MAR 1      8.0                      15.6   -7.6      9.9
  SINCE JUL 1     55.1                      94.4  -39.3    112.9
  SNOW DEPTH       0

DEGREE DAYS
 HEATING
  YESTERDAY       22                        14      8       21
  MONTH TO DATE  615                       547     68      545
  SINCE MAR 1   1387                      1508   -121     1647
  SINCE JUL 1   5325                      6252   -927     6795

 COOLING
  YESTERDAY        0                         0      0        0
  MONTH TO DATE    0                         0      0        0
  SINCE MAR 1      0                         0      0        0
  SINCE JAN 1      0                         0      0        0
..................................................................


WIND (MPH)
  HIGHEST WIND SPEED    21   HIGHEST WIND DIRECTION    NE (60)
  HIGHEST GUST SPEED    25   HIGHEST GUST DIRECTION     E (100)
  AVERAGE WIND SPEED    11.5


SKY COVER
  AVERAGE SKY COVER 0.9


WEATHER CONDITIONS
 THE FOLLOWING WEATHER WAS RECORDED YESTERDAY.
  NO SIGNIFICANT WEATHER WAS OBSERVED.


RELATIVE HUMIDITY (PERCENT)
 HIGHEST    64           600 AM
 LOWEST     31          1000 AM
 AVERAGE    48

..........................................................


THE BUFFALO NY CLIMATE NORMALS FOR TODAY
                         NORMAL    RECORD    YEAR
 MAXIMUM TEMPERATURE (F)   61        81      1990
                                             1962
 MINIMUM TEMPERATURE (F)   42        28      2012


SUNRISE AND SUNSET
APRIL 29 2016.........SUNRISE   611 AM EDT   SUNSET   814 PM EDT
APRIL 30 2016.........SUNRISE   610 AM EDT   SUNSET   815 PM EDT


-  INDICATES NEGATIVE NUMBERS.
R  INDICATES RECORD WAS SET OR TIED.
MM INDICATES DATA IS MISSING.
T  INDICATES TRACE AMOUNT.




$$
