000
CDUS41 KBUF 072041
CLIBUF


CLIMATE REPORT
NATIONAL WEATHER SERVICE BUFFALO NY
441 PM EDT SAT OCT 7 2017


...................................

...THE BUFFALO NY CLIMATE SUMMARY FOR OCTOBER 7 2017...
VALID TODAY AS OF 0400 PM LOCAL TIME.

CLIMATE NORMAL PERIOD 1981 TO 2010
CLIMATE RECORD PERIOD 1871 TO 2017


WEATHER ITEM   OBSERVED TIME   RECORD YEAR NORMAL DEPARTURE LAST
                VALUE   (LST)  VALUE       VALUE  FROM      YEAR
                                                  NORMAL
..................................................................
TEMPERATURE (F)
 TODAY
  MAXIMUM         81    152 PM  82    1955  62     19       76
                                      1913
                                      1900
  MINIMUM         63   1230 AM  28    1964  46     17       53
  AVERAGE         72                        54     18       65

PRECIPITATION (IN)
  TODAY            0.07          1.45 1907   0.12  -0.05     0.00
  MONTH TO DATE    0.20                      0.86  -0.66     0.52
  SINCE SEP 1      3.37                      4.76  -1.39     4.05
  SINCE JAN 1     35.65                     29.92   5.73    22.57

SNOWFALL (IN)
  TODAY            0.0           T    2001   0.0    0.0      0.0
                                      1979
  MONTH TO DATE    0.0                       0.1   -0.1      0.0
  SINCE SEP 1      0.0                       0.1   -0.1      0.0
  SINCE JUL 1      0.0                       0.1   -0.1      0.0
  SNOW DEPTH       0

DEGREE DAYS
 HEATING
  TODAY            0                        11    -11        0
  MONTH TO DATE   25                        72    -47       12
  SINCE SEP 1    118                       207    -89       56
  SINCE JUL 1    134                       234   -100       56

 COOLING
  TODAY            7                         0      7        0
  MONTH TO DATE   11                         0     11        0
  SINCE SEP 1    127                        53     74      109
  SINCE JAN 1    597                       540     57      927
..................................................................


WIND (MPH)
  HIGHEST WIND SPEED    21   HIGHEST WIND DIRECTION    SW (220)
  HIGHEST GUST SPEED    27   HIGHEST GUST DIRECTION    SW (220)
  AVERAGE WIND SPEED     8.9


SKY COVER
  AVERAGE SKY COVER 0.9


WEATHER CONDITIONS
 THE FOLLOWING WEATHER WAS RECORDED TODAY.
  LIGHT RAIN
  FOG


RELATIVE HUMIDITY (PERCENT)
 HIGHEST    93          1200 AM
 LOWEST     49           200 PM
 AVERAGE    71

..........................................................


THE BUFFALO NY CLIMATE NORMALS FOR TOMORROW
                         NORMAL    RECORD    YEAR
 MAXIMUM TEMPERATURE (F)   62        82      1949
 MINIMUM TEMPERATURE (F)   45        31      2001


SUNRISE AND SUNSET
OCTOBER  7 2017.......SUNRISE   719 AM EDT   SUNSET   645 PM EDT
OCTOBER  8 2017.......SUNRISE   720 AM EDT   SUNSET   644 PM EDT


-  INDICATES NEGATIVE NUMBERS.
R  INDICATES RECORD WAS SET OR TIED.
MM INDICATES DATA IS MISSING.
T  INDICATES TRACE AMOUNT.




$$
