000
CDUS41 KBUF 051028
CLIBUF


CLIMATE REPORT
NATIONAL WEATHER SERVICE BUFFALO NY
527 AM EST MON DEC 5 2016


...................................

...THE BUFFALO NY CLIMATE SUMMARY FOR DECEMBER 4 2016...

CLIMATE NORMAL PERIOD 1981 TO 2010
CLIMATE RECORD PERIOD 1871 TO 2016


WEATHER ITEM   OBSERVED TIME   RECORD YEAR NORMAL DEPARTURE LAST
                VALUE   (LST)  VALUE       VALUE  FROM      YEAR
                                                  NORMAL
..................................................................
TEMPERATURE (F)
 YESTERDAY
  MAXIMUM         41    130 PM  70    1941  40      1       44
  MINIMUM         36   1159 PM  -2    1966  28      8       38
  AVERAGE         39                        34      5       41

PRECIPITATION (IN)
  YESTERDAY        0.00          0.95 1891   0.12  -0.12     0.00
  MONTH TO DATE    0.39                      0.50  -0.11     0.13
  SINCE DEC 1      0.39                      0.50  -0.11     0.13
  SINCE JAN 1     30.20                     37.09  -6.89    34.02

SNOWFALL (IN)
  YESTERDAY        0.0           5.4  2006   0.7   -0.7      0.0
  MONTH TO DATE    T                         2.5   -2.5      0.0
  SINCE DEC 1      T                         2.5   -2.5      0.0
  SINCE JUL 1      0.9                      11.3  -10.4       T
  SNOW DEPTH       0

DEGREE DAYS
 HEATING
  YESTERDAY       26                        31     -5       24
  MONTH TO DATE  102                       122    -20       92
  SINCE DEC 1    102                       122    -20       92
  SINCE JUL 1   1072                      1455   -383     1136

 COOLING
  YESTERDAY        0                         0      0        0
  MONTH TO DATE    0                         0      0        0
  SINCE DEC 1      0                         0      0        0
  SINCE JAN 1    939                       544    395      657
..................................................................


WIND (MPH)
  HIGHEST WIND SPEED    15   HIGHEST WIND DIRECTION     E (70)
  HIGHEST GUST SPEED    19   HIGHEST GUST DIRECTION     E (70)
  AVERAGE WIND SPEED     6.4


SKY COVER
  AVERAGE SKY COVER 0.9


WEATHER CONDITIONS
 THE FOLLOWING WEATHER WAS RECORDED YESTERDAY.
  LIGHT SNOW


RELATIVE HUMIDITY (PERCENT)
 HIGHEST    82           500 AM
 LOWEST     59           200 PM
 AVERAGE    71

..........................................................


THE BUFFALO NY CLIMATE NORMALS FOR TODAY
                         NORMAL    RECORD    YEAR
 MAXIMUM TEMPERATURE (F)   40        67      1982
 MINIMUM TEMPERATURE (F)   27        -3      1886


SUNRISE AND SUNSET
DECEMBER  5 2016......SUNRISE   731 AM EST   SUNSET   441 PM EST
DECEMBER  6 2016......SUNRISE   732 AM EST   SUNSET   440 PM EST


-  INDICATES NEGATIVE NUMBERS.
R  INDICATES RECORD WAS SET OR TIED.
MM INDICATES DATA IS MISSING.
T  INDICATES TRACE AMOUNT.




$$
