000
CDUS41 KBUF 211027
CLIBUF


CLIMATE REPORT
NATIONAL WEATHER SERVICE BUFFALO NY
621 AM EDT FRI AUG 21 2015


...................................

...THE BUFFALO NY CLIMATE SUMMARY FOR AUGUST 20 2015...

CLIMATE NORMAL PERIOD 1981 TO 2010
CLIMATE RECORD PERIOD 1871 TO 2015


WEATHER ITEM   OBSERVED TIME   RECORD YEAR NORMAL DEPARTURE LAST
                VALUE   (LST)  VALUE       VALUE  FROM      YEAR
                                                  NORMAL
..................................................................
TEMPERATURE (F)
 YESTERDAY
  MAXIMUM         80   1037 AM  90    1959  78      2       78
  MINIMUM         68    959 PM  47    2000  61      7       66
                                      1984
                                      1977
  AVERAGE         74                        69      5       72

PRECIPITATION (IN)
  YESTERDAY        0.81          1.72 1993   0.10   0.71      T
  MONTH TO DATE    4.30                      2.13   2.17     2.45
  SINCE JUN 1     11.75                      9.02   2.73    11.70
  SINCE JAN 1     24.38                     24.03   0.35    29.23

SNOWFALL (IN)
  YESTERDAY        0.0           0.0    MM   0.0    0.0      0.0
  MONTH TO DATE    0.0                       0.0    0.0      0.0
  SINCE JUN 1      0.0                       0.0    0.0      0.0
  SINCE JUL 1      0.0                       0.0    0.0      0.0
  SNOW DEPTH       0

DEGREE DAYS
 HEATING
  YESTERDAY        0                         1     -1        0
  MONTH TO DATE    1                         5     -4       10
  SINCE JUN 1     58                        78    -20       48
  SINCE JUL 1      8                        14     -6       20

 COOLING
  YESTERDAY        9                         5      4        7
  MONTH TO DATE  130                       114     16       75
  SINCE JUN 1    404                       414    -10      353
  SINCE JAN 1    495                       440     55      376
..................................................................


WIND (MPH)
  HIGHEST WIND SPEED    28   HIGHEST WIND DIRECTION    SW (230)
  HIGHEST GUST SPEED    37   HIGHEST GUST DIRECTION     W (250)
  AVERAGE WIND SPEED    14.6


SKY COVER
  AVERAGE SKY COVER 0.6


WEATHER CONDITIONS
 THE FOLLOWING WEATHER WAS RECORDED YESTERDAY.
  HEAVY RAIN
  RAIN
  LIGHT RAIN
  FOG


RELATIVE HUMIDITY (PERCENT)
 HIGHEST    90          1200 PM
 LOWEST     57           500 PM
 AVERAGE    74

..........................................................


THE BUFFALO NY CLIMATE NORMALS FOR TODAY
                         NORMAL    RECORD    YEAR
 MAXIMUM TEMPERATURE (F)   78        88      1901
 MINIMUM TEMPERATURE (F)   60        45      1950


SUNRISE AND SUNSET
AUGUST 21 2015........SUNRISE   627 AM EDT   SUNSET   808 PM EDT
AUGUST 22 2015........SUNRISE   628 AM EDT   SUNSET   807 PM EDT


-  INDICATES NEGATIVE NUMBERS.
R  INDICATES RECORD WAS SET OR TIED.
MM INDICATES DATA IS MISSING.
T  INDICATES TRACE AMOUNT.




$$
