000
CDUS41 KBUF 240705
CLIBUF


CLIMATE REPORT
NATIONAL WEATHER SERVICE BUFFALO NY
305 AM EDT FRI JUL 24 2015


...................................

...THE BUFFALO NY CLIMATE SUMMARY FOR JULY 23 2015...

CLIMATE NORMAL PERIOD 1981 TO 2010
CLIMATE RECORD PERIOD 1871 TO 2015


WEATHER ITEM   OBSERVED TIME   RECORD YEAR NORMAL DEPARTURE LAST
                VALUE   (LST)  VALUE       VALUE  FROM      YEAR
                                                  NORMAL
..................................................................
TEMPERATURE (F)
 YESTERDAY
  MAXIMUM         79    431 PM  93    1933  80     -1       78
  MINIMUM         55    506 AM  48    1981  63     -8       63
  AVERAGE         67                        71     -4       71

PRECIPITATION (IN)
  YESTERDAY        0.00          2.55 1920   0.11  -0.11     0.14
  MONTH TO DATE    2.32                      2.33  -0.01     3.83
  SINCE JUN 1      7.35                      5.99   1.36     7.63
  SINCE JAN 1     19.98                     21.00  -1.02    25.16

SNOWFALL (IN)
  YESTERDAY        0.0           0.0    MM   0.0    0.0      0.0
  MONTH TO DATE    0.0                       0.0    0.0      0.0
  SINCE JUN 1      0.0                       0.0    0.0      0.0
  SINCE JUL 1      0.0                       0.0    0.0      0.0
  SNOW DEPTH       0

DEGREE DAYS
 HEATING
  YESTERDAY        0                         0      0        0
  MONTH TO DATE    7                         2      5        3
  SINCE JUN 1     57                        66     -9       31
  SINCE JUL 1      7                         2      5        3

 COOLING
  YESTERDAY        2                         7     -5        6
  MONTH TO DATE  113                       150    -37      117
  SINCE JUN 1    189                       253    -64      265
  SINCE JAN 1    280                       279      1      288
..................................................................


WIND (MPH)
  HIGHEST WIND SPEED    18   HIGHEST WIND DIRECTION     W (250)
  HIGHEST GUST SPEED    23   HIGHEST GUST DIRECTION    SW (240)
  AVERAGE WIND SPEED     8.5


SKY COVER
  AVERAGE SKY COVER 0.3


WEATHER CONDITIONS
 THE FOLLOWING WEATHER WAS RECORDED YESTERDAY.
  NO SIGNIFICANT WEATHER WAS OBSERVED.


RELATIVE HUMIDITY (PERCENT)
 HIGHEST    86           600 AM
 LOWEST     30           400 PM
 AVERAGE    58

..........................................................


THE BUFFALO NY CLIMATE NORMALS FOR TODAY
                         NORMAL    RECORD    YEAR
 MAXIMUM TEMPERATURE (F)   80        91      1945
                                             1899
 MINIMUM TEMPERATURE (F)   63        49      1962
                                             1893


SUNRISE AND SUNSET
JULY 24 2015..........SUNRISE   558 AM EDT   SUNSET   845 PM EDT
JULY 25 2015..........SUNRISE   559 AM EDT   SUNSET   844 PM EDT


-  INDICATES NEGATIVE NUMBERS.
R  INDICATES RECORD WAS SET OR TIED.
MM INDICATES DATA IS MISSING.
T  INDICATES TRACE AMOUNT.




$$
