000
CDUS41 KBUF 132054
CLIBUF


CLIMATE REPORT
NATIONAL WEATHER SERVICE BUFFALO NY
454 PM EDT FRI MAY 13 2016


...................................

...THE BUFFALO NY CLIMATE SUMMARY FOR MAY 13 2016...
VALID TODAY AS OF 0400 PM LOCAL TIME.

CLIMATE NORMAL PERIOD 1981 TO 2010
CLIMATE RECORD PERIOD 1871 TO 2016


WEATHER ITEM   OBSERVED TIME   RECORD YEAR NORMAL DEPARTURE LAST
                VALUE   (LST)  VALUE       VALUE  FROM      YEAR
                                                  NORMAL
..................................................................
TEMPERATURE (F)
 TODAY
  MAXIMUM         69   1215 AM  85    2014  66      3       53
                                      2011
                                      2004
  MINIMUM         52   1009 AM  30    1895  46      6       41
  AVERAGE         61                        56      5       47

PRECIPITATION (IN)
  TODAY            0.41          1.94 1990   0.11   0.30      T
  MONTH TO DATE    1.10                      1.35  -0.25     0.67
  SINCE MAR 1      5.85                      7.23  -1.38     4.81
  SINCE JAN 1     11.13                     12.90  -1.77     9.80

SNOWFALL (IN)
  TODAY            0.0           T    2013   0.0    0.0      0.0
                                      1984
  MONTH TO DATE    0.0                       0.2   -0.2      0.0
  SINCE MAR 1      8.0                      15.8   -7.8      9.9
  SINCE JUL 1     55.1                      94.6  -39.5    112.9
  SNOW DEPTH       0

DEGREE DAYS
 HEATING
  TODAY            4                         9     -5       18
  MONTH TO DATE  138                       147     -9       55
  SINCE MAR 1   1558                      1684   -126     1727
  SINCE JUL 1   5496                      6428   -932     6875

 COOLING
  TODAY            0                         1     -1        0
  MONTH TO DATE    2                         1      1       40
  SINCE MAR 1      2                         4     -2       40
  SINCE JAN 1      2                         4     -2       40
..................................................................


WIND (MPH)
  HIGHEST WIND SPEED    25   HIGHEST WIND DIRECTION    SW (240)
  HIGHEST GUST SPEED    34   HIGHEST GUST DIRECTION    SW (240)
  AVERAGE WIND SPEED    14.5


SKY COVER
  AVERAGE SKY COVER 0.8


WEATHER CONDITIONS
 THE FOLLOWING WEATHER WAS RECORDED TODAY.
  HEAVY RAIN
  LIGHT RAIN
  FOG
  HAZE


RELATIVE HUMIDITY (PERCENT)
 HIGHEST   100           600 AM
 LOWEST     68           100 AM
 AVERAGE    84

..........................................................


THE BUFFALO NY CLIMATE NORMALS FOR TOMORROW
                         NORMAL    RECORD    YEAR
 MAXIMUM TEMPERATURE (F)   66        88      1974
 MINIMUM TEMPERATURE (F)   47        33      1878


SUNRISE AND SUNSET
MAY 13 2016...........SUNRISE   554 AM EDT   SUNSET   830 PM EDT
MAY 14 2016...........SUNRISE   552 AM EDT   SUNSET   831 PM EDT


-  INDICATES NEGATIVE NUMBERS.
R  INDICATES RECORD WAS SET OR TIED.
MM INDICATES DATA IS MISSING.
T  INDICATES TRACE AMOUNT.




$$
