000
CDUS41 KBUF 041014
CLIBUF


CLIMATE REPORT
NATIONAL WEATHER SERVICE BUFFALO NY
512 AM EST THU FEB 4 2016


...................................

...THE BUFFALO NY CLIMATE SUMMARY FOR FEBRUARY 3 2016...

CLIMATE NORMAL PERIOD 1981 TO 2010
CLIMATE RECORD PERIOD 1871 TO 2016


WEATHER ITEM   OBSERVED TIME   RECORD YEAR NORMAL DEPARTURE LAST
                VALUE   (LST)  VALUE       VALUE  FROM      YEAR
                                                  NORMAL
..................................................................
TEMPERATURE (F)
 YESTERDAY
  MAXIMUM         61R   336 PM  50    1952  31     30       20
  MINIMUM         38   1159 PM  -7    1881  18     20        0
  AVERAGE         50                        25     25       10

PRECIPITATION (IN)
  YESTERDAY        0.66          1.35 1880   0.09   0.57     0.02
  MONTH TO DATE    0.71                      0.27   0.44     0.67
  SINCE DEC 1      5.42                      7.34  -1.92     5.41
  SINCE JAN 1      2.52                      3.45  -0.93     3.26

SNOWFALL (IN)
  YESTERDAY        0.0           8.7  1908   0.7   -0.7      0.7
  MONTH TO DATE    0.0                       2.2   -2.2     13.3
  SINCE DEC 1     26.6                      54.9  -28.3     49.6
  SINCE JUL 1     26.6                      63.7  -37.1     70.1
  SNOW DEPTH       0

DEGREE DAYS
 HEATING
  YESTERDAY       15                        40    -25       55
  MONTH TO DATE   62                       120    -58      156
  SINCE DEC 1   1938                      2446   -508     2497
  SINCE JUL 1   2982                      3779   -797     3795

 COOLING
  YESTERDAY        0                         0      0        0
  MONTH TO DATE    0                         0      0        0
  SINCE DEC 1      0                         0      0        0
  SINCE JAN 1      0                         0      0        0
..................................................................


WIND (MPH)
  HIGHEST WIND SPEED    35   HIGHEST WIND DIRECTION     S (200)
  HIGHEST GUST SPEED    47   HIGHEST GUST DIRECTION     S (180)
  AVERAGE WIND SPEED    20.7


SKY COVER
  AVERAGE SKY COVER 0.8


WEATHER CONDITIONS
 THE FOLLOWING WEATHER WAS RECORDED YESTERDAY.
  RAIN
  LIGHT RAIN
  FOG


RELATIVE HUMIDITY (PERCENT)
 HIGHEST    86           600 AM
 LOWEST     64           100 PM
 AVERAGE    75

..........................................................


THE BUFFALO NY CLIMATE NORMALS FOR TODAY
                         NORMAL    RECORD    YEAR
 MAXIMUM TEMPERATURE (F)   32        57      1991
                                             1890
 MINIMUM TEMPERATURE (F)   18        -9      1918


SUNRISE AND SUNSET
FEBRUARY  4 2016......SUNRISE   727 AM EST   SUNSET   531 PM EST
FEBRUARY  5 2016......SUNRISE   726 AM EST   SUNSET   532 PM EST


-  INDICATES NEGATIVE NUMBERS.
R  INDICATES RECORD WAS SET OR TIED.
MM INDICATES DATA IS MISSING.
T  INDICATES TRACE AMOUNT.




$$
