949
CDUS41 KBUF 161026
CLIBUF


CLIMATE REPORT
NATIONAL WEATHER SERVICE BUFFALO NY
525 AM EST SAT DEC 16 2017


...................................

...THE BUFFALO NY CLIMATE SUMMARY FOR DECEMBER 15 2017...

CLIMATE NORMAL PERIOD 1981 TO 2010
CLIMATE RECORD PERIOD 1871 TO 2017


WEATHER ITEM   OBSERVED TIME   RECORD YEAR NORMAL DEPARTURE LAST
                VALUE   (LST)  VALUE       VALUE  FROM      YEAR
                                                  NORMAL
..................................................................
TEMPERATURE (F)
 YESTERDAY
  MAXIMUM         25    954 PM  65    1971  36    -11       16
  MINIMUM         11    344 AM  -4    1943  24    -13        9
  AVERAGE         18                        30    -12       13

PRECIPITATION (IN)
  YESTERDAY        0.28          1.26 1945   0.13   0.15      T
  MONTH TO DATE    1.59                      1.90  -0.31     2.17
  SINCE DEC 1      1.59                      1.90  -0.31     2.17
  SINCE JAN 1     47.14                     38.49   8.65    31.98

SNOWFALL (IN)
  YESTERDAY        5.0          18.3  1945   1.0    4.0       T
  MONTH TO DATE   18.1                      11.4    6.7     15.2
  SINCE DEC 1     18.1                      11.4    6.7     15.2
  SINCE JUL 1     18.3                      20.2   -1.9     16.1
  SNOW DEPTH       5

DEGREE DAYS
 HEATING
  YESTERDAY       47                        35     12       52
  MONTH TO DATE  525                       489     36      493
  SINCE DEC 1    525                       489     36      493
  SINCE JUL 1   1640                      1822   -182     1463

 COOLING
  YESTERDAY        0                         0      0        0
  MONTH TO DATE    0                         0      0        0
  SINCE DEC 1      0                         0      0        0
  SINCE JAN 1    603                       544     59      939
..................................................................


WIND (MPH)
  HIGHEST WIND SPEED    23   HIGHEST WIND DIRECTION     W (260)
  HIGHEST GUST SPEED    32   HIGHEST GUST DIRECTION     W (270)
  AVERAGE WIND SPEED    10.8


SKY COVER
  AVERAGE SKY COVER 0.8


WEATHER CONDITIONS
 THE FOLLOWING WEATHER WAS RECORDED YESTERDAY.
  THUNDERSTORM
  HEAVY SNOW
  SNOW
  LIGHT SNOW
  FOG
  FOG W/VISIBILITY <= 1/4 MILE


RELATIVE HUMIDITY (PERCENT)
 HIGHEST    92           700 PM
 LOWEST     60          1100 PM
 AVERAGE    76

..........................................................


THE BUFFALO NY CLIMATE NORMALS FOR TODAY
                         NORMAL    RECORD    YEAR
 MAXIMUM TEMPERATURE (F)   36        64      1984
 MINIMUM TEMPERATURE (F)   24         0      1876


SUNRISE AND SUNSET
DECEMBER 16 2017......SUNRISE   740 AM EST   SUNSET   442 PM EST
DECEMBER 17 2017......SUNRISE   741 AM EST   SUNSET   442 PM EST


-  INDICATES NEGATIVE NUMBERS.
R  INDICATES RECORD WAS SET OR TIED.
MM INDICATES DATA IS MISSING.
T  INDICATES TRACE AMOUNT.




$$
