000
CDUS41 KBUF 041035
CLIBUF


CLIMATE REPORT
NATIONAL WEATHER SERVICE BUFFALO NY
632 AM EDT FRI SEP 4 2015


...................................

...THE BUFFALO NY CLIMATE SUMMARY FOR SEPTEMBER 3 2015...

CLIMATE NORMAL PERIOD 1981 TO 2010
CLIMATE RECORD PERIOD 1871 TO 2015


WEATHER ITEM   OBSERVED TIME   RECORD YEAR NORMAL DEPARTURE LAST
                VALUE   (LST)  VALUE       VALUE  FROM      YEAR
                                                  NORMAL
..................................................................
TEMPERATURE (F)
 YESTERDAY
  MAXIMUM         87    205 PM  98    1953  76     11       79
  MINIMUM         70    512 AM  42    1946  58     12       60
  AVERAGE         79                        67     12       70

PRECIPITATION (IN)
  YESTERDAY        0.10          1.79 1878   0.12  -0.02     0.00
  MONTH TO DATE    0.10                      0.35  -0.25     0.21
  SINCE SEP 1      0.10                      0.35  -0.25     0.21
  SINCE JAN 1     24.57                     25.51  -0.94    30.15

SNOWFALL (IN)
  YESTERDAY        0.0           0.0    MM   0.0    0.0      0.0
  MONTH TO DATE    0.0                       0.0    0.0      0.0
  SINCE SEP 1      0.0                       0.0    0.0      0.0
  SINCE JUL 1      0.0                       0.0    0.0      0.0
  SNOW DEPTH       0

DEGREE DAYS
 HEATING
  YESTERDAY        0                         2     -2        0
  MONTH TO DATE    0                         5     -5        0
  SINCE SEP 1      0                         5     -5        0
  SINCE JUL 1     15                        32    -17       22

 COOLING
  YESTERDAY       14                         3     11        5
  MONTH TO DATE   35                        10     25       21
  SINCE SEP 1     35                        10     25       21
  SINCE JAN 1    560                       497     63      467
..................................................................


WIND (MPH)
  HIGHEST WIND SPEED    15   HIGHEST WIND DIRECTION     N (350)
  HIGHEST GUST SPEED    17   HIGHEST GUST DIRECTION     N (350)
  AVERAGE WIND SPEED     4.6


SKY COVER
  AVERAGE SKY COVER 0.5


WEATHER CONDITIONS
 THE FOLLOWING WEATHER WAS RECORDED YESTERDAY.
  THUNDERSTORM
  LIGHT RAIN
  FOG
  HAZE


RELATIVE HUMIDITY (PERCENT)
 HIGHEST    90           100 AM
 LOWEST     55           200 PM
 AVERAGE    73

..........................................................


THE BUFFALO NY CLIMATE NORMALS FOR TODAY
                         NORMAL    RECORD    YEAR
 MAXIMUM TEMPERATURE (F)   75        94      1953
 MINIMUM TEMPERATURE (F)   57        44      1946


SUNRISE AND SUNSET
SEPTEMBER  4 2015.....SUNRISE   642 AM EDT   SUNSET   745 PM EDT
SEPTEMBER  5 2015.....SUNRISE   643 AM EDT   SUNSET   743 PM EDT


-  INDICATES NEGATIVE NUMBERS.
R  INDICATES RECORD WAS SET OR TIED.
MM INDICATES DATA IS MISSING.
T  INDICATES TRACE AMOUNT.




$$
