000
CDUS41 KBUF 050705
CLIBUF


CLIMATE REPORT
NATIONAL WEATHER SERVICE BUFFALO NY
305 AM EDT THU MAY 5 2016


...................................

...THE BUFFALO NY CLIMATE SUMMARY FOR MAY 4 2016...

CLIMATE NORMAL PERIOD 1981 TO 2010
CLIMATE RECORD PERIOD 1871 TO 2016


WEATHER ITEM   OBSERVED TIME   RECORD YEAR NORMAL DEPARTURE LAST
                VALUE   (LST)  VALUE       VALUE  FROM      YEAR
                                                  NORMAL
..................................................................
TEMPERATURE (F)
 YESTERDAY
  MAXIMUM         63   1229 PM  85    1960  63      0       79
  MINIMUM         42    548 AM  25    1926  43     -1       51
  AVERAGE         53                        53      0       65

PRECIPITATION (IN)
  YESTERDAY        0.00          1.05 1890   0.11  -0.11      T
  MONTH TO DATE    0.68                      0.41   0.27      T
  SINCE MAR 1      5.43                      6.29  -0.86     4.14
  SINCE JAN 1     10.71                     11.96  -1.25     9.13

SNOWFALL (IN)
  YESTERDAY        0.0           0.2  1907   0.0    0.0      0.0
  MONTH TO DATE    0.0                       0.1   -0.1      0.0
  SINCE MAR 1      8.0                      15.7   -7.7      9.9
  SINCE JUL 1     55.1                      94.5  -39.4    112.9
  SNOW DEPTH       0

DEGREE DAYS
 HEATING
  YESTERDAY       12                        12      0        0
  MONTH TO DATE   62                        51     11       24
  SINCE MAR 1   1482                      1588   -106     1696
  SINCE JUL 1   5420                      6332   -912     6844

 COOLING
  YESTERDAY        0                         0      0        0
  MONTH TO DATE    0                         0      0        0
  SINCE MAR 1      0                         3     -3        0
  SINCE JAN 1      0                         3     -3        0
..................................................................


WIND (MPH)
  HIGHEST WIND SPEED    16   HIGHEST WIND DIRECTION    NE (60)
  HIGHEST GUST SPEED    20   HIGHEST GUST DIRECTION    NE (40)
  AVERAGE WIND SPEED     7.3


SKY COVER
  AVERAGE SKY COVER 0.7


WEATHER CONDITIONS
 THE FOLLOWING WEATHER WAS RECORDED YESTERDAY.
  NO SIGNIFICANT WEATHER WAS OBSERVED.


RELATIVE HUMIDITY (PERCENT)
 HIGHEST    89           600 AM
 LOWEST     39           200 PM
 AVERAGE    64

..........................................................


THE BUFFALO NY CLIMATE NORMALS FOR TODAY
                         NORMAL    RECORD    YEAR
 MAXIMUM TEMPERATURE (F)   63        90      1950
 MINIMUM TEMPERATURE (F)   44        28      1891


SUNRISE AND SUNSET
MAY  5 2016...........SUNRISE   603 AM EDT   SUNSET   821 PM EDT
MAY  6 2016...........SUNRISE   602 AM EDT   SUNSET   822 PM EDT


-  INDICATES NEGATIVE NUMBERS.
R  INDICATES RECORD WAS SET OR TIED.
MM INDICATES DATA IS MISSING.
T  INDICATES TRACE AMOUNT.




$$
