000
CDUS41 KBUF 062117
CLIBUF


CLIMATE REPORT
NATIONAL WEATHER SERVICE BUFFALO NY
417 PM EST SAT JAN 6 2018


...................................

...THE BUFFALO NY CLIMATE SUMMARY FOR JANUARY 6 2018...
VALID TODAY AS OF 0400 PM LOCAL TIME.

CLIMATE NORMAL PERIOD 1981 TO 2010
CLIMATE RECORD PERIOD 1871 TO 2018


WEATHER ITEM   OBSERVED TIME   RECORD YEAR NORMAL DEPARTURE LAST
                VALUE   (LST)  VALUE       VALUE  FROM      YEAR
                                                  NORMAL
..................................................................
TEMPERATURE (F)
 TODAY
  MAXIMUM          3    259 PM  61    1946  32    -29       18
  MINIMUM         -3    850 AM -10    1996  19    -22        8
  AVERAGE          0                        26    -26       13

PRECIPITATION (IN)
  TODAY            0.03          1.36 1874   0.12  -0.09      T
  MONTH TO DATE    0.27                      0.71  -0.44     0.71
  SINCE DEC 1      3.20                      4.60  -1.40     4.77
  SINCE JAN 1      0.27                      0.71  -0.44     0.71

SNOWFALL (IN)
  TODAY            0.2           7.3  1974   0.9   -0.7       T
  MONTH TO DATE    6.9                       5.5    1.4      2.4
  SINCE DEC 1     40.6                      32.9    7.7     32.5
  SINCE JUL 1     40.8                      41.7   -0.9     33.4
  SNOW DEPTH       6

DEGREE DAYS
 HEATING
  TODAY           65                        40     25       52
  MONTH TO DATE  341                       235    106      221
  SINCE DEC 1   1562                      1317    245     1261
  SINCE JUL 1   2677                      2650     27     2231

 COOLING
  TODAY            0                         0      0        0
  MONTH TO DATE    0                         0      0        0
  SINCE DEC 1      0                         0      0        0
  SINCE JAN 1      0                         0      0        0
..................................................................


WIND (MPH)
  HIGHEST WIND SPEED    18   HIGHEST WIND DIRECTION     W (260)
  HIGHEST GUST SPEED    24   HIGHEST GUST DIRECTION     W (270)
  AVERAGE WIND SPEED    10.7


SKY COVER
  AVERAGE SKY COVER 0.8


WEATHER CONDITIONS
 THE FOLLOWING WEATHER WAS RECORDED TODAY.
  SNOW
  LIGHT SNOW
  FOG
  HAZE


RELATIVE HUMIDITY (PERCENT)
 HIGHEST    87           200 PM
 LOWEST     68           100 AM
 AVERAGE    78

..........................................................


THE BUFFALO NY CLIMATE NORMALS FOR TOMORROW
                         NORMAL    RECORD    YEAR
 MAXIMUM TEMPERATURE (F)   32        63      2008
 MINIMUM TEMPERATURE (F)   19        -5      2014
                                             1942


SUNRISE AND SUNSET
JANUARY  6 2018.......SUNRISE   746 AM EST   SUNSET   456 PM EST
JANUARY  7 2018.......SUNRISE   746 AM EST   SUNSET   457 PM EST


-  INDICATES NEGATIVE NUMBERS.
R  INDICATES RECORD WAS SET OR TIED.
MM INDICATES DATA IS MISSING.
T  INDICATES TRACE AMOUNT.




$$
