000
CDUS41 KBUF 101035
CLIBUF


CLIMATE REPORT
NATIONAL WEATHER SERVICE BUFFALO NY
633 AM EDT SUN SEP 10 2017


...................................

...THE BUFFALO NY CLIMATE SUMMARY FOR SEPTEMBER 9 2017...

CLIMATE NORMAL PERIOD 1981 TO 2010
CLIMATE RECORD PERIOD 1871 TO 2017


WEATHER ITEM   OBSERVED TIME   RECORD YEAR NORMAL DEPARTURE LAST
                VALUE   (LST)  VALUE       VALUE  FROM      YEAR
                                                  NORMAL
..................................................................
TEMPERATURE (F)
 YESTERDAY
  MAXIMUM         63    431 PM  95    1959  74    -11       84
  MINIMUM         47    614 AM  40    1883  56     -9       70
  AVERAGE         55                        65    -10       77

PRECIPITATION (IN)
  YESTERDAY        0.00          3.24 2004   0.11  -0.11     0.00
  MONTH TO DATE    2.43                      1.03   1.40      T
  SINCE SEP 1      2.43                      1.03   1.40      T
  SINCE JAN 1     34.71                     26.19   8.52    18.52

SNOWFALL (IN)
  YESTERDAY        0.0           0.0    MM   0.0    0.0      0.0
  MONTH TO DATE    0.0                       0.0    0.0      0.0
  SINCE SEP 1      0.0                       0.0    0.0      0.0
  SINCE JUL 1      0.0                       0.0    0.0      0.0
  SNOW DEPTH       0

DEGREE DAYS
 HEATING
  YESTERDAY       10                         3      7        0
  MONTH TO DATE   48                        18     30        2
  SINCE SEP 1     48                        18     30        2
  SINCE JUL 1     64                        45     19        2

 COOLING
  YESTERDAY        0                         2     -2       12
  MONTH TO DATE    5                        27    -22       59
  SINCE SEP 1      5                        27    -22       59
  SINCE JAN 1    475                       514    -39      877
..................................................................


WIND (MPH)
  HIGHEST WIND SPEED    15   HIGHEST WIND DIRECTION     N (360)
  HIGHEST GUST SPEED    22   HIGHEST GUST DIRECTION     N (340)
  AVERAGE WIND SPEED     5.7


SKY COVER
  AVERAGE SKY COVER 0.5


WEATHER CONDITIONS
 THE FOLLOWING WEATHER WAS RECORDED YESTERDAY.
  NO SIGNIFICANT WEATHER WAS OBSERVED.


RELATIVE HUMIDITY (PERCENT)
 HIGHEST    93           500 AM
 LOWEST     48           400 PM
 AVERAGE    71

..........................................................


THE BUFFALO NY CLIMATE NORMALS FOR TODAY
                         NORMAL    RECORD    YEAR
 MAXIMUM TEMPERATURE (F)   73        90      1955
 MINIMUM TEMPERATURE (F)   56        36      1883


SUNRISE AND SUNSET
SEPTEMBER 10 2017.....SUNRISE   649 AM EDT   SUNSET   733 PM EDT
SEPTEMBER 11 2017.....SUNRISE   651 AM EDT   SUNSET   732 PM EDT


-  INDICATES NEGATIVE NUMBERS.
R  INDICATES RECORD WAS SET OR TIED.
MM INDICATES DATA IS MISSING.
T  INDICATES TRACE AMOUNT.




$$
