000
CDUS41 KBUF 042025
CLIBUF


CLIMATE REPORT
NATIONAL WEATHER SERVICE BUFFALO NY
424 PM EDT SAT NOV 4 2017


...................................

...THE BUFFALO NY CLIMATE SUMMARY FOR NOVEMBER 4 2017...
VALID TODAY AS OF 0400 PM LOCAL TIME.

CLIMATE NORMAL PERIOD 1981 TO 2010
CLIMATE RECORD PERIOD 1871 TO 2017


WEATHER ITEM   OBSERVED TIME   RECORD YEAR NORMAL DEPARTURE LAST
                VALUE   (LST)  VALUE       VALUE  FROM      YEAR
                                                  NORMAL
..................................................................
TEMPERATURE (F)
 TODAY
  MAXIMUM         48    237 PM  73    2015  52     -4       51
                                      1938
  MINIMUM         35    628 AM  20    1879  37     -2       39
  AVERAGE         42                        45     -3       45

PRECIPITATION (IN)
  TODAY            0.00          1.68 1985   0.13  -0.13     0.00
  MONTH TO DATE    1.18                      0.53   0.65     1.16
  SINCE SEP 1      9.36                      7.95   1.41     9.10
  SINCE JAN 1     41.64                     33.11   8.53    27.62

SNOWFALL (IN)
  TODAY            0.0           6.0  1951   0.2   -0.2      0.0
  MONTH TO DATE    0.0                       0.5   -0.5      0.0
  SINCE SEP 1      0.1                       1.4   -1.3       T
  SINCE JUL 1      0.1                       1.4   -1.3       T
  SNOW DEPTH       0

DEGREE DAYS
 HEATING
  TODAY           23                        20      3       20
  MONTH TO DATE   71                        79     -8       49
  SINCE SEP 1    423                       657   -234      428
  SINCE JUL 1    439                       684   -245      428

 COOLING
  TODAY            0                         0      0        0
  MONTH TO DATE    0                         0      0        0
  SINCE SEP 1    133                        57     76      121
  SINCE JAN 1    603                       544     59      939
..................................................................


WIND (MPH)
  HIGHEST WIND SPEED    23   HIGHEST WIND DIRECTION     E (70)
  HIGHEST GUST SPEED    27   HIGHEST GUST DIRECTION     E (70)
  AVERAGE WIND SPEED     7.8


SKY COVER
  AVERAGE SKY COVER 0.8


WEATHER CONDITIONS
 THE FOLLOWING WEATHER WAS RECORDED TODAY.
  NO SIGNIFICANT WEATHER WAS OBSERVED.


RELATIVE HUMIDITY (PERCENT)
 HIGHEST    92           200 AM
 LOWEST     65          1200 PM
 AVERAGE    79

..........................................................


THE BUFFALO NY CLIMATE NORMALS FOR TOMORROW
                         NORMAL    RECORD    YEAR
 MAXIMUM TEMPERATURE (F)   52        76      1948
 MINIMUM TEMPERATURE (F)   37        12      1951


SUNRISE AND SUNSET
NOVEMBER  4 2017......SUNRISE   753 AM EDT   SUNSET   603 PM EDT
NOVEMBER  5 2017......SUNRISE   655 AM EST   SUNSET   502 PM EST


-  INDICATES NEGATIVE NUMBERS.
R  INDICATES RECORD WAS SET OR TIED.
MM INDICATES DATA IS MISSING.
T  INDICATES TRACE AMOUNT.

$$
