000
CDUS41 KBUF 160705
CLIBUF


CLIMATE REPORT
NATIONAL WEATHER SERVICE BUFFALO NY
305 AM EDT FRI SEP 16 2016


...................................

...THE BUFFALO NY CLIMATE SUMMARY FOR SEPTEMBER 15 2016...

CLIMATE NORMAL PERIOD 1981 TO 2010
CLIMATE RECORD PERIOD 1871 TO 2016


WEATHER ITEM   OBSERVED TIME   RECORD YEAR NORMAL DEPARTURE LAST
                VALUE   (LST)  VALUE       VALUE  FROM      YEAR
                                                  NORMAL
..................................................................
TEMPERATURE (F)
 YESTERDAY
  MAXIMUM         70    409 PM  86    1903  72     -2       76
  MINIMUM         50    619 AM  39    1964  54     -4       52
                                      1913
                                      1895
  AVERAGE         60                        63     -3       64

PRECIPITATION (IN)
  YESTERDAY        0.00          1.57 1940   0.13  -0.13     0.00
  MONTH TO DATE    1.05                      1.78  -0.73     2.73
  SINCE SEP 1      1.05                      1.78  -0.73     2.73
  SINCE JAN 1     19.57                     26.94  -7.37    27.20

SNOWFALL (IN)
  YESTERDAY        0.0           0.0    MM   0.0    0.0      0.0
  MONTH TO DATE    0.0                       0.0    0.0      0.0
  SINCE SEP 1      0.0                       0.0    0.0      0.0
  SINCE JUL 1      0.0                       0.0    0.0      0.0
  SNOW DEPTH       0

DEGREE DAYS
 HEATING
  YESTERDAY        5                         4      1        1
  MONTH TO DATE    9                        39    -30       25
  SINCE SEP 1      9                        39    -30       25
  SINCE JUL 1      9                        66    -57       40

 COOLING
  YESTERDAY        0                         2     -2        0
  MONTH TO DATE   74                        39     35      108
  SINCE SEP 1     74                        39     35      108
  SINCE JAN 1    892                       526    366      633
..................................................................


WIND (MPH)
  HIGHEST WIND SPEED    14   HIGHEST WIND DIRECTION     E (70)
  HIGHEST GUST SPEED    17   HIGHEST GUST DIRECTION     E (70)
  AVERAGE WIND SPEED     6.3


SKY COVER
  AVERAGE SKY COVER 0.2


WEATHER CONDITIONS
 THE FOLLOWING WEATHER WAS RECORDED YESTERDAY.
  NO SIGNIFICANT WEATHER WAS OBSERVED.


RELATIVE HUMIDITY (PERCENT)
 HIGHEST    89           100 AM
 LOWEST     44           500 PM
 AVERAGE    67

..........................................................


THE BUFFALO NY CLIMATE NORMALS FOR TODAY
                         NORMAL    RECORD    YEAR
 MAXIMUM TEMPERATURE (F)   71        89      1991
 MINIMUM TEMPERATURE (F)   53        35      1964


SUNRISE AND SUNSET
SEPTEMBER 16 2016.....SUNRISE   656 AM EDT   SUNSET   722 PM EDT
SEPTEMBER 17 2016.....SUNRISE   657 AM EDT   SUNSET   720 PM EDT


-  INDICATES NEGATIVE NUMBERS.
R  INDICATES RECORD WAS SET OR TIED.
MM INDICATES DATA IS MISSING.
T  INDICATES TRACE AMOUNT.




$$
