000
CDUS41 KBUF 181020
CLIBUF


CLIMATE REPORT
NATIONAL WEATHER SERVICE BUFFALO NY
618 AM EDT WED MAY 18 2016


...................................

...THE BUFFALO NY CLIMATE SUMMARY FOR MAY 17 2016...

CLIMATE NORMAL PERIOD 1981 TO 2010
CLIMATE RECORD PERIOD 1871 TO 2016


WEATHER ITEM   OBSERVED TIME   RECORD YEAR NORMAL DEPARTURE LAST
                VALUE   (LST)  VALUE       VALUE  FROM      YEAR
                                                  NORMAL
..................................................................
TEMPERATURE (F)
 YESTERDAY
  MAXIMUM         63    218 PM  87    1949  67     -4       83
  MINIMUM         48   1141 PM  32    1983  48      0       60
                                      1956
  AVERAGE         56                        57     -1       72

PRECIPITATION (IN)
  YESTERDAY        0.00          1.54 1953   0.11  -0.11     0.00
  MONTH TO DATE    1.15                      1.78  -0.63     0.68
  SINCE MAR 1      5.90                      7.66  -1.76     4.82
  SINCE JAN 1     11.18                     13.33  -2.15     9.81

SNOWFALL (IN)
  YESTERDAY        0.0           T    1923   0.1   -0.1      0.0
  MONTH TO DATE    T                         0.3   -0.3      0.0
  SINCE MAR 1      8.0                      15.9   -7.9      9.9
  SINCE JUL 1     55.1                      94.7  -39.6    112.9
  SNOW DEPTH       0

DEGREE DAYS
 HEATING
  YESTERDAY        9                         8      1        0
  MONTH TO DATE  200                       182     18       75
  SINCE MAR 1   1620                      1719    -99     1747
  SINCE JUL 1   5558                      6463   -905     6895

 COOLING
  YESTERDAY        0                         1     -1        7
  MONTH TO DATE    2                         5     -3       47
  SINCE MAR 1      2                         8     -6       47
  SINCE JAN 1      2                         8     -6       47
..................................................................


WIND (MPH)
  HIGHEST WIND SPEED    16   HIGHEST WIND DIRECTION     N (350)
  HIGHEST GUST SPEED    23   HIGHEST GUST DIRECTION    NW (330)
  AVERAGE WIND SPEED     5.1


SKY COVER
  AVERAGE SKY COVER 0.6


WEATHER CONDITIONS
 THE FOLLOWING WEATHER WAS RECORDED YESTERDAY.
  HAZE


RELATIVE HUMIDITY (PERCENT)
 HIGHEST    86           200 AM
 LOWEST     29           500 PM
 AVERAGE    58

..........................................................


THE BUFFALO NY CLIMATE NORMALS FOR TODAY
                         NORMAL    RECORD    YEAR
 MAXIMUM TEMPERATURE (F)   67        89      1889
 MINIMUM TEMPERATURE (F)   48        33      1981


SUNRISE AND SUNSET
MAY 18 2016...........SUNRISE   548 AM EDT   SUNSET   835 PM EDT
MAY 19 2016...........SUNRISE   548 AM EDT   SUNSET   836 PM EDT


-  INDICATES NEGATIVE NUMBERS.
R  INDICATES RECORD WAS SET OR TIED.
MM INDICATES DATA IS MISSING.
T  INDICATES TRACE AMOUNT.




$$
