000
CDUS41 KBUF 301025
CLIBUF


CLIMATE REPORT
NATIONAL WEATHER SERVICE BUFFALO NY
524 AM EST THU NOV 30 2017


...................................

...THE BUFFALO NY CLIMATE SUMMARY FOR NOVEMBER 29 2017...

CLIMATE NORMAL PERIOD 1981 TO 2010
CLIMATE RECORD PERIOD 1871 TO 2017


WEATHER ITEM   OBSERVED TIME   RECORD YEAR NORMAL DEPARTURE LAST
                VALUE   (LST)  VALUE       VALUE  FROM      YEAR
                                                  NORMAL
..................................................................
TEMPERATURE (F)
 YESTERDAY
  MAXIMUM         57   1225 AM  68    2006  42     15       60
  MINIMUM         29   1143 PM   4    1875  30     -1       44
  AVERAGE         43                        36      7       52

PRECIPITATION (IN)
  YESTERDAY        0.00          1.62 1963   0.13  -0.13     0.06
  MONTH TO DATE    4.99                      3.88   1.11     2.52
  SINCE SEP 1     13.17                     11.30   1.87    10.46
  SINCE JAN 1     45.45                     36.46   8.99    28.98

SNOWFALL (IN)
  YESTERDAY        0.0          13.2  1955   0.4   -0.4      0.0
  MONTH TO DATE    0.1                       7.4   -7.3      0.9
  SINCE SEP 1      0.2                       8.3   -8.1      0.9
  SINCE JUL 1      0.2                       8.3   -8.1      0.9
  SNOW DEPTH       0

DEGREE DAYS
 HEATING
  YESTERDAY       22                        29     -7       13
  MONTH TO DATE  722                       699     23      578
  SINCE SEP 1   1074                      1277   -203      957
  SINCE JUL 1   1090                      1304   -214      957

 COOLING
  YESTERDAY        0                         0      0        0
  MONTH TO DATE    0                         0      0        0
  SINCE SEP 1    133                        57     76      121
  SINCE JAN 1    603                       544     59      939
..................................................................


WIND (MPH)
  HIGHEST WIND SPEED    30   HIGHEST WIND DIRECTION    SW (240)
  HIGHEST GUST SPEED    41   HIGHEST GUST DIRECTION    SW (230)
  AVERAGE WIND SPEED    10.8


SKY COVER
  AVERAGE SKY COVER 0.4


WEATHER CONDITIONS
 THE FOLLOWING WEATHER WAS RECORDED YESTERDAY.
  NO SIGNIFICANT WEATHER WAS OBSERVED.


RELATIVE HUMIDITY (PERCENT)
 HIGHEST    78           900 PM
 LOWEST     39          1200 AM
 AVERAGE    59

..........................................................


THE BUFFALO NY CLIMATE NORMALS FOR TODAY
                         NORMAL    RECORD    YEAR
 MAXIMUM TEMPERATURE (F)   42        67      1998
 MINIMUM TEMPERATURE (F)   29         2      1875


SUNRISE AND SUNSET
NOVEMBER 30 2017......SUNRISE   725 AM EST   SUNSET   442 PM EST
DECEMBER  1 2017......SUNRISE   726 AM EST   SUNSET   441 PM EST


-  INDICATES NEGATIVE NUMBERS.
R  INDICATES RECORD WAS SET OR TIED.
MM INDICATES DATA IS MISSING.
T  INDICATES TRACE AMOUNT.




$$
