000
CDUS41 KBUF 050705
CLIBUF


CLIMATE REPORT
NATIONAL WEATHER SERVICE BUFFALO NY
205 AM EST THU JAN 5 2017


...................................

...THE BUFFALO NY CLIMATE SUMMARY FOR JANUARY 4 2017...

CLIMATE NORMAL PERIOD 1981 TO 2010
CLIMATE RECORD PERIOD 1871 TO 2017


WEATHER ITEM   OBSERVED TIME   RECORD YEAR NORMAL DEPARTURE LAST
                VALUE   (LST)  VALUE       VALUE  FROM      YEAR
                                                  NORMAL
..................................................................
TEMPERATURE (F)
 YESTERDAY
  MAXIMUM         40        MM  66    1874  32      8       19
  MINIMUM         18        MM  -7    1981  20     -2       10
  AVERAGE         29                        26      3       15

PRECIPITATION (IN)
  YESTERDAY        0.08          0.96 1886   0.12  -0.04     0.02
  MONTH TO DATE    0.59                      0.47   0.12     0.15
  SINCE DEC 1      4.65                      4.36   0.29     3.05
  SINCE JAN 1      0.59                      0.47   0.12     0.15

SNOWFALL (IN)
  YESTERDAY       MM            12.4  1999   0.9   MM        0.4
  MONTH TO DATE    0.0                       3.6   -3.6      3.1
  SINCE DEC 1     30.1                      31.0   -0.9      4.1
  SINCE JUL 1     31.0                      39.8   -8.8      4.1
  SNOW DEPTH       0

DEGREE DAYS
 HEATING
  YESTERDAY       36                        39     -3       50
  MONTH TO DATE  122                       156    -34      158
  SINCE DEC 1   1162                      1238    -76      861
  SINCE JUL 1   2132                      2571   -439     1905

 COOLING
  YESTERDAY        0                         0      0        0
  MONTH TO DATE    0                         0      0        0
  SINCE DEC 1      0                         0      0        0
  SINCE JAN 1      0                         0      0        0
..................................................................


WIND (MPH)
  HIGHEST WIND SPEED    33   HIGHEST WIND DIRECTION    SW (240)
  HIGHEST GUST SPEED    52   HIGHEST GUST DIRECTION    SW (240)
  AVERAGE WIND SPEED    22.2


SKY COVER
  AVERAGE SKY COVER 1.0


WEATHER CONDITIONS
 THE FOLLOWING WEATHER WAS RECORDED YESTERDAY.
  RAIN
  LIGHT RAIN
  SNOW
  LIGHT SNOW
  FOG
  BLOWING SNOW


RELATIVE HUMIDITY (PERCENT)
 HIGHEST   100          1200 AM
 LOWEST     49           900 PM
 AVERAGE    75

..........................................................


THE BUFFALO NY CLIMATE NORMALS FOR TODAY
                         NORMAL    RECORD    YEAR
 MAXIMUM TEMPERATURE (F)   32        62      1997
 MINIMUM TEMPERATURE (F)   19        -4      1996
                                             1904


SUNRISE AND SUNSET
JANUARY  5 2017.......SUNRISE   746 AM EST   SUNSET   455 PM EST
JANUARY  6 2017.......SUNRISE   746 AM EST   SUNSET   456 PM EST


-  INDICATES NEGATIVE NUMBERS.
R  INDICATES RECORD WAS SET OR TIED.
MM INDICATES DATA IS MISSING.
T  INDICATES TRACE AMOUNT.




$$
