000
CDUS41 KBUF 251013
CLIBUF


CLIMATE REPORT
NATIONAL WEATHER SERVICE BUFFALO NY
513 AM EST FRI NOV 25 2016


...................................

...THE BUFFALO NY CLIMATE SUMMARY FOR NOVEMBER 24 2016...

CLIMATE NORMAL PERIOD 1981 TO 2010
CLIMATE RECORD PERIOD 1871 TO 2016


WEATHER ITEM   OBSERVED TIME   RECORD YEAR NORMAL DEPARTURE LAST
                VALUE   (LST)  VALUE       VALUE  FROM      YEAR
                                                  NORMAL
..................................................................
TEMPERATURE (F)
 YESTERDAY
  MAXIMUM         45    420 PM  68    1931  44      1       42
  MINIMUM         34    318 AM   3    1880  31      3       30
  AVERAGE         40                        38      2       36

PRECIPITATION (IN)
  YESTERDAY        0.05          0.82 2004   0.13  -0.08     0.01
                                      1957
  MONTH TO DATE    2.22                      3.22  -1.00     0.96
  SINCE SEP 1     10.16                     10.64  -0.48     9.06
  SINCE JAN 1     28.68                     35.80  -7.12    33.53

SNOWFALL (IN)
  YESTERDAY        T             5.5  1976   0.3   -0.3       T
  MONTH TO DATE    0.9                       5.3   -4.4       T
  SINCE SEP 1      0.9                       6.2   -5.3       T
  SINCE JUL 1      0.9                       6.2   -5.3       T
  SNOW DEPTH       0

DEGREE DAYS
 HEATING
  YESTERDAY       25                        27     -2       29
  MONTH TO DATE  471                       557    -86      415
  SINCE SEP 1    850                      1135   -285      886
  SINCE JUL 1    850                      1162   -312      901

 COOLING
  YESTERDAY        0                         0      0        0
  MONTH TO DATE    0                         0      0        0
  SINCE SEP 1    121                        57     64      132
  SINCE JAN 1    939                       544    395      657
..................................................................


WIND (MPH)
  HIGHEST WIND SPEED    16   HIGHEST WIND DIRECTION     W (250)
  HIGHEST GUST SPEED    20   HIGHEST GUST DIRECTION     W (250)
  AVERAGE WIND SPEED     6.5


SKY COVER
  AVERAGE SKY COVER 1.0


WEATHER CONDITIONS
 THE FOLLOWING WEATHER WAS RECORDED YESTERDAY.
  LIGHT RAIN
  FOG


RELATIVE HUMIDITY (PERCENT)
 HIGHEST    96           200 PM
 LOWEST     76           500 AM
 AVERAGE    86

..........................................................


THE BUFFALO NY CLIMATE NORMALS FOR TODAY
                         NORMAL    RECORD    YEAR
 MAXIMUM TEMPERATURE (F)   44        67      1908
 MINIMUM TEMPERATURE (F)   31        12      1884


SUNRISE AND SUNSET
NOVEMBER 25 2016......SUNRISE   720 AM EST   SUNSET   444 PM EST
NOVEMBER 26 2016......SUNRISE   721 AM EST   SUNSET   443 PM EST


-  INDICATES NEGATIVE NUMBERS.
R  INDICATES RECORD WAS SET OR TIED.
MM INDICATES DATA IS MISSING.
T  INDICATES TRACE AMOUNT.




$$
