000
CDUS41 KBUF 121021
CLIBUF


CLIMATE REPORT
NATIONAL WEATHER SERVICE BUFFALO NY
620 AM EDT FRI AUG 12 2016


...................................

...THE BUFFALO NY CLIMATE SUMMARY FOR AUGUST 11 2016...

CLIMATE NORMAL PERIOD 1981 TO 2010
CLIMATE RECORD PERIOD 1871 TO 2016


WEATHER ITEM   OBSERVED TIME   RECORD YEAR NORMAL DEPARTURE LAST
                VALUE   (LST)  VALUE       VALUE  FROM      YEAR
                                                  NORMAL
..................................................................
TEMPERATURE (F)
 YESTERDAY
  MAXIMUM         91    218 PM  92    1988  79     12       78
  MINIMUM         74    614 AM  48    1962  62     12       65
  AVERAGE         83                        70     13       72

PRECIPITATION (IN)
  YESTERDAY        0.00          1.57 1937   0.11  -0.11      T
  MONTH TO DATE    0.37                      1.20  -0.83     0.52
  SINCE JUN 1      3.48                      8.09  -4.61     7.97
  SINCE JAN 1     14.72                     23.10  -8.38    20.60

SNOWFALL (IN)
  YESTERDAY        0.0           0.0    MM   0.0    0.0      0.0
  MONTH TO DATE    0.0                       0.0    0.0      0.0
  SINCE JUN 1      0.0                       0.0    0.0      0.0
  SINCE JUL 1      0.0                       0.0    0.0      0.0
  SNOW DEPTH       0

DEGREE DAYS
 HEATING
  YESTERDAY        0                         0      0        0
  MONTH TO DATE    0                         0      0        0
  SINCE JUN 1     42                        73    -31       57
  SINCE JUL 1      0                         9     -9        7

 COOLING
  YESTERDAY       18                         6     12        7
  MONTH TO DATE  132                        66     66       56
  SINCE JUN 1    553                       366    187      330
  SINCE JAN 1    612                       392    220      421
..................................................................


WIND (MPH)
  HIGHEST WIND SPEED    18   HIGHEST WIND DIRECTION    SW (220)
  HIGHEST GUST SPEED    25   HIGHEST GUST DIRECTION    SW (240)
  AVERAGE WIND SPEED     9.4


SKY COVER
  AVERAGE SKY COVER 0.5


WEATHER CONDITIONS
 THE FOLLOWING WEATHER WAS RECORDED YESTERDAY.
  NO SIGNIFICANT WEATHER WAS OBSERVED.


RELATIVE HUMIDITY (PERCENT)
 HIGHEST    94           300 AM
 LOWEST     47           100 PM
 AVERAGE    71

..........................................................


THE BUFFALO NY CLIMATE NORMALS FOR TODAY
                         NORMAL    RECORD    YEAR
 MAXIMUM TEMPERATURE (F)   79        93      1988
 MINIMUM TEMPERATURE (F)   62        49      1986
                                             1982
                                             1968


SUNRISE AND SUNSET
AUGUST 12 2016........SUNRISE   618 AM EDT   SUNSET   821 PM EDT
AUGUST 13 2016........SUNRISE   619 AM EDT   SUNSET   819 PM EDT


-  INDICATES NEGATIVE NUMBERS.
R  INDICATES RECORD WAS SET OR TIED.
MM INDICATES DATA IS MISSING.
T  INDICATES TRACE AMOUNT.

$$
