000
CDUS41 KBUF 192054
CLIBUF


CLIMATE REPORT
NATIONAL WEATHER SERVICE BUFFALO NY
454 PM EDT WED APR 19 2017


...................................

...THE BUFFALO NY CLIMATE SUMMARY FOR APRIL 19 2017...
VALID TODAY AS OF 0400 PM LOCAL TIME.

CLIMATE NORMAL PERIOD 1981 TO 2010
CLIMATE RECORD PERIOD 1871 TO 2017


WEATHER ITEM   OBSERVED TIME   RECORD YEAR NORMAL DEPARTURE LAST
                VALUE   (LST)  VALUE       VALUE  FROM      YEAR
                                                  NORMAL
..................................................................
TEMPERATURE (F)
 TODAY
  MAXIMUM         62    728 AM  87    2008  57      5       59
  MINIMUM         49    104 AM  21    1904  38     11       44
                                      1897
                                      1875
  AVERAGE         56                        47      9       52

PRECIPITATION (IN)
  TODAY            0.30          1.25 1877   0.09   0.21     0.00
  MONTH TO DATE    2.84                      1.97   0.87     1.36
  SINCE MAR 1      7.20                      4.84   2.36     4.21
  SINCE JAN 1     12.38                     10.51   1.87     9.49

SNOWFALL (IN)
  TODAY            0.0           4.2  1901   0.1   -0.1      0.0
  MONTH TO DATE    2.3                       2.4   -0.1      7.1
  SINCE MAR 1     29.1                      15.3   13.8      8.0
  SINCE JUL 1     76.1                      94.1  -18.0     55.1
  SNOW DEPTH       0

DEGREE DAYS
 HEATING
  TODAY            9                        18     -9       13
  MONTH TO DATE  305                       405   -100      466
  SINCE MAR 1   1289                      1366    -77     1238
  SINCE JUL 1   5181                      6110   -929     5176

 COOLING
  TODAY            0                         0      0        0
  MONTH TO DATE    2                         0      2        0
  SINCE MAR 1      2                         0      2        0
  SINCE JAN 1      2                         0      2        0
..................................................................


WIND (MPH)
  HIGHEST WIND SPEED    26   HIGHEST WIND DIRECTION     S (190)
  HIGHEST GUST SPEED    34   HIGHEST GUST DIRECTION     S (190)
  AVERAGE WIND SPEED    11.8


SKY COVER
  AVERAGE SKY COVER 0.9


WEATHER CONDITIONS
 THE FOLLOWING WEATHER WAS RECORDED TODAY.
  LIGHT RAIN


RELATIVE HUMIDITY (PERCENT)
 HIGHEST    80          1000 AM
 LOWEST     46           500 AM
 AVERAGE    63

..........................................................


THE BUFFALO NY CLIMATE NORMALS FOR TOMORROW
                         NORMAL    RECORD    YEAR
 MAXIMUM TEMPERATURE (F)   57        84      1987
 MINIMUM TEMPERATURE (F)   39        20      1926
                                             1904


SUNRISE AND SUNSET
APRIL 19 2017.........SUNRISE   626 AM EDT   SUNSET   802 PM EDT
APRIL 20 2017.........SUNRISE   625 AM EDT   SUNSET   803 PM EDT


-  INDICATES NEGATIVE NUMBERS.
R  INDICATES RECORD WAS SET OR TIED.
MM INDICATES DATA IS MISSING.
T  INDICATES TRACE AMOUNT.




$$
