000
CDUS41 KBUF 261000
CLIBUF


CLIMATE REPORT
NATIONAL WEATHER SERVICE BUFFALO NY
458 AM EST THU FEB 26 2015


...................................

...THE BUFFALO NY CLIMATE SUMMARY FOR FEBRUARY 25 2015...

CLIMATE NORMAL PERIOD 1981 TO 2010
CLIMATE RECORD PERIOD 1871 TO 2015


WEATHER ITEM   OBSERVED TIME   RECORD YEAR NORMAL DEPARTURE LAST
                VALUE   (LST)  VALUE       VALUE  FROM      YEAR
                                                  NORMAL
..................................................................
TEMPERATURE (F)
 YESTERDAY
  MAXIMUM         21    618 AM  63    1957  36    -15       19
  MINIMUM          7   1159 PM  -5    1894  21    -14       15
  AVERAGE         14                        28    -14       17

PRECIPITATION (IN)
  YESTERDAY        0.07          1.07 1961   0.10  -0.03      T
  MONTH TO DATE    2.38                      2.21   0.17     3.45
  SINCE DEC 1      7.12                      9.28  -2.16    11.54
  SINCE JAN 1      4.97                      5.39  -0.42     6.61

SNOWFALL (IN)
  YESTERDAY        1.0           8.4  1960   0.6    0.4       T
  MONTH TO DATE   45.9                      15.6   30.3     18.2
  SINCE DEC 1     82.2                      68.3   13.9     89.1
  SINCE JUL 1    102.7                      77.1   25.6     99.1
  SNOW DEPTH      22

DEGREE DAYS
 HEATING
  YESTERDAY       51                        37     14       48
  MONTH TO DATE 1340                       975    365     1093
  SINCE DEC 1   3681                      3301    380     3622
  SINCE JUL 1   4979                      4634    345     4940

 COOLING
  YESTERDAY        0                         0      0        0
  MONTH TO DATE    0                         0      0        0
  SINCE DEC 1      0                         0      0        0
  SINCE JAN 1      0                         0      0        0
..................................................................


WIND (MPH)
  HIGHEST WIND SPEED    25   HIGHEST WIND DIRECTION    SW (240)
  HIGHEST GUST SPEED    37   HIGHEST GUST DIRECTION    SW (240)
  AVERAGE WIND SPEED    14.7


SKY COVER
  AVERAGE SKY COVER 0.6


WEATHER CONDITIONS
 THE FOLLOWING WEATHER WAS RECORDED YESTERDAY.
  LIGHT SNOW
  BLOWING SNOW


RELATIVE HUMIDITY (PERCENT)
 HIGHEST    84          1200 AM
 LOWEST     58           900 AM
 AVERAGE    71

..........................................................


THE BUFFALO NY CLIMATE NORMALS FOR TODAY
                         NORMAL    RECORD    YEAR
 MAXIMUM TEMPERATURE (F)   36        71      2000
 MINIMUM TEMPERATURE (F)   21        -5      1963


SUNRISE AND SUNSET
FEBRUARY 26 2015......SUNRISE   656 AM EST   SUNSET   600 PM EST
FEBRUARY 27 2015......SUNRISE   654 AM EST   SUNSET   601 PM EST


-  INDICATES NEGATIVE NUMBERS.
R  INDICATES RECORD WAS SET OR TIED.
MM INDICATES DATA IS MISSING.
T  INDICATES TRACE AMOUNT.




$$
