851
CDUS41 KBUF 111028
CLIBUF


CLIMATE REPORT
NATIONAL WEATHER SERVICE BUFFALO NY
526 AM EST WED JAN 11 2017


...................................

...THE BUFFALO NY CLIMATE SUMMARY FOR JANUARY 10 2017...

CLIMATE NORMAL PERIOD 1981 TO 2010
CLIMATE RECORD PERIOD 1871 TO 2017


WEATHER ITEM   OBSERVED TIME   RECORD YEAR NORMAL DEPARTURE LAST
                VALUE   (LST)  VALUE       VALUE  FROM      YEAR
                                                  NORMAL
..................................................................
TEMPERATURE (F)
 YESTERDAY
  MAXIMUM         45   1122 PM  58    1950  31     14       50
  MINIMUM         18   1201 AM  -7    2004  19     -1       22
                                      1982
  AVERAGE         32                        25      7       36

PRECIPITATION (IN)
  YESTERDAY        0.22          1.05 1982   0.10   0.12     0.42
  MONTH TO DATE    0.94                      1.14  -0.20     0.77
  SINCE DEC 1      5.00                      5.03  -0.03     3.67
  SINCE JAN 1      0.94                      1.14  -0.20     0.77

SNOWFALL (IN)
  YESTERDAY        T            13.2  1977   0.9   -0.9      0.3
  MONTH TO DATE    2.9                       9.1   -6.2      3.4
  SINCE DEC 1     33.0                      36.5   -3.5      4.4
  SINCE JUL 1     33.9                      45.3  -11.4      4.4
  SNOW DEPTH       1

DEGREE DAYS
 HEATING
  YESTERDAY       33                        40     -7       29
  MONTH TO DATE  404                       395      9      360
  SINCE DEC 1   1444                      1477    -33     1063
  SINCE JUL 1   2414                      2810   -396     2107

 COOLING
  YESTERDAY        0                         0      0        0
  MONTH TO DATE    0                         0      0        0
  SINCE DEC 1      0                         0      0        0
  SINCE JAN 1      0                         0      0        0
..................................................................


WIND (MPH)
  HIGHEST WIND SPEED    41   HIGHEST WIND DIRECTION     S (180)
  HIGHEST GUST SPEED    51   HIGHEST GUST DIRECTION     S (200)
  AVERAGE WIND SPEED    16.8


SKY COVER
  AVERAGE SKY COVER 1.0


WEATHER CONDITIONS
 THE FOLLOWING WEATHER WAS RECORDED YESTERDAY.
  RAIN
  LIGHT RAIN
  SNOW
  LIGHT SNOW
  SLEET


RELATIVE HUMIDITY (PERCENT)
 HIGHEST    82           300 PM
 LOWEST     46           600 AM
 AVERAGE    64

..........................................................


THE BUFFALO NY CLIMATE NORMALS FOR TODAY
                         NORMAL    RECORD    YEAR
 MAXIMUM TEMPERATURE (F)   31        59      2006
                                             1975
 MINIMUM TEMPERATURE (F)   19        -8      1968


SUNRISE AND SUNSET
JANUARY 11 2017.......SUNRISE   745 AM EST   SUNSET   502 PM EST
JANUARY 12 2017.......SUNRISE   744 AM EST   SUNSET   503 PM EST


-  INDICATES NEGATIVE NUMBERS.
R  INDICATES RECORD WAS SET OR TIED.
MM INDICATES DATA IS MISSING.
T  INDICATES TRACE AMOUNT.




$$
