000
CDUS41 KBUF 102028
CLIBUF


CLIMATE REPORT
NATIONAL WEATHER SERVICE BUFFALO NY
427 PM EDT SAT JUN 10 2017


...................................

...THE BUFFALO NY CLIMATE SUMMARY FOR JUNE 10 2017...
VALID TODAY AS OF 0400 PM LOCAL TIME.

CLIMATE NORMAL PERIOD 1981 TO 2010
CLIMATE RECORD PERIOD 1871 TO 2017


WEATHER ITEM   OBSERVED TIME   RECORD YEAR NORMAL DEPARTURE LAST
                VALUE   (LST)  VALUE       VALUE  FROM      YEAR
                                                  NORMAL
..................................................................
TEMPERATURE (F)
 TODAY
  MAXIMUM         76   1253 PM  91    1895  74      2       73
  MINIMUM         61    332 AM  40    1972  56      5       44
                                      1946
  AVERAGE         69                        65      4       59

PRECIPITATION (IN)
  TODAY            0.01          1.83 2005   0.13  -0.12     0.00
  MONTH TO DATE    0.28                      1.24  -0.96     0.49
  SINCE JUN 1      0.28                      1.24  -0.96     0.49
  SINCE JAN 1     22.55                     16.25   6.30    11.73

SNOWFALL (IN)
  TODAY            0.0           T    1980   0.0    0.0      0.0
  MONTH TO DATE    0.0                       0.0    0.0      0.0
  SINCE JUN 1      0.0                       0.0    0.0      0.0
  SINCE JUL 1     76.1                      94.7  -18.6     55.1
  SNOW DEPTH       0

DEGREE DAYS
 HEATING
  TODAY            0                         3     -3        6
  MONTH TO DATE   41                        36      5       29
  SINCE JUN 1     41                        36      5       29
  SINCE JUL 1   5635                      6589   -954     5624

 COOLING
  TODAY            4                         2      2        0
  MONTH TO DATE    4                        20    -16       24
  SINCE JUN 1      4                        20    -16       24
  SINCE JAN 1     31                        46    -15       83
..................................................................


WIND (MPH)
  HIGHEST WIND SPEED    24   HIGHEST WIND DIRECTION    SW (240)
  HIGHEST GUST SPEED    31   HIGHEST GUST DIRECTION    SW (240)
  AVERAGE WIND SPEED    13.5


SKY COVER
  AVERAGE SKY COVER 0.5


WEATHER CONDITIONS
 THE FOLLOWING WEATHER WAS RECORDED TODAY.
  NO SIGNIFICANT WEATHER WAS OBSERVED.


RELATIVE HUMIDITY (PERCENT)
 HIGHEST    78           500 AM
 LOWEST     54           100 PM
 AVERAGE    66

..........................................................


THE BUFFALO NY CLIMATE NORMALS FOR TOMORROW
                         NORMAL    RECORD    YEAR
 MAXIMUM TEMPERATURE (F)   74        92      1959
 MINIMUM TEMPERATURE (F)   56        36      1972


SUNRISE AND SUNSET
JUNE 10 2017..........SUNRISE   536 AM EDT   SUNSET   853 PM EDT
JUNE 11 2017..........SUNRISE   536 AM EDT   SUNSET   854 PM EDT


-  INDICATES NEGATIVE NUMBERS.
R  INDICATES RECORD WAS SET OR TIED.
MM INDICATES DATA IS MISSING.
T  INDICATES TRACE AMOUNT.




$$
