000
CDUS41 KBUF 210706
CLIBUF


CLIMATE REPORT
NATIONAL WEATHER SERVICE BUFFALO NY
305 AM EDT SAT MAR 21 2015


...................................

...THE BUFFALO NY CLIMATE SUMMARY FOR MARCH 20 2015...

CLIMATE NORMAL PERIOD 1981 TO 2010
CLIMATE RECORD PERIOD 1871 TO 2015


WEATHER ITEM   OBSERVED TIME   RECORD YEAR NORMAL DEPARTURE LAST
                VALUE   (LST)  VALUE       VALUE  FROM      YEAR
                                                  NORMAL
..................................................................
TEMPERATURE (F)
 YESTERDAY
  MAXIMUM         45    331 PM  80    2012  43      2       37
  MINIMUM         28   1225 AM   2    1885  27      1       31
  AVERAGE         37                        35      2       34

PRECIPITATION (IN)
  YESTERDAY        T             0.88 1897   0.10  -0.10     0.01
  MONTH TO DATE    0.64                      1.81  -1.17     1.46
  SINCE MAR 1      0.64                      1.81  -1.17     1.46
  SINCE JAN 1      5.63                      7.48  -1.85     8.24

SNOWFALL (IN)
  YESTERDAY        0.0           3.4  1940   0.4   -0.4      0.2
  MONTH TO DATE    6.3                       9.6   -3.3     16.8
  SINCE MAR 1      6.3                       9.6   -3.3     16.8
  SINCE JUL 1    109.3                      88.4   20.9    121.0
  SNOW DEPTH       2

DEGREE DAYS
 HEATING
  YESTERDAY       28                        30     -2       31
  MONTH TO DATE  714                       660     54      809
  SINCE MAR 1    714                       660     54      809
  SINCE JUL 1   5862                      5404    458     5915

 COOLING
  YESTERDAY        0                         0      0        0
  MONTH TO DATE    0                         0      0        0
  SINCE MAR 1      0                         0      0        0
  SINCE JAN 1      0                         0      0        0
..................................................................


WIND (MPH)
  HIGHEST WIND SPEED    14   HIGHEST WIND DIRECTION     S (190)
  HIGHEST GUST SPEED    17   HIGHEST GUST DIRECTION     S (200)
  AVERAGE WIND SPEED     8.3


SKY COVER
  AVERAGE SKY COVER 0.9


WEATHER CONDITIONS
 THE FOLLOWING WEATHER WAS RECORDED YESTERDAY.
  LIGHT RAIN


RELATIVE HUMIDITY (PERCENT)
 HIGHEST    82           800 PM
 LOWEST     40           700 AM
 AVERAGE    61

..........................................................


THE BUFFALO NY CLIMATE NORMALS FOR TODAY
                         NORMAL    RECORD    YEAR
 MAXIMUM TEMPERATURE (F)   44        82      2012
 MINIMUM TEMPERATURE (F)   28        -2      1885


SUNRISE AND SUNSET
MARCH 21 2015.........SUNRISE   717 AM EDT   SUNSET   728 PM EDT
MARCH 22 2015.........SUNRISE   715 AM EDT   SUNSET   729 PM EDT


-  INDICATES NEGATIVE NUMBERS.
R  INDICATES RECORD WAS SET OR TIED.
MM INDICATES DATA IS MISSING.
T  INDICATES TRACE AMOUNT.




$$
