914
CDUS41 KBUF 261005
CLIBUF


CLIMATE REPORT
NATIONAL WEATHER SERVICE BUFFALO NY
505 AM EST SAT NOV 26 2016


...................................

...THE BUFFALO NY CLIMATE SUMMARY FOR NOVEMBER 25 2016...

CLIMATE NORMAL PERIOD 1981 TO 2010
CLIMATE RECORD PERIOD 1871 TO 2016


WEATHER ITEM   OBSERVED TIME   RECORD YEAR NORMAL DEPARTURE LAST
                VALUE   (LST)  VALUE       VALUE  FROM      YEAR
                                                  NORMAL
..................................................................
TEMPERATURE (F)
 YESTERDAY
  MAXIMUM         45    329 PM  67    1908  44      1       53
  MINIMUM         40   1159 PM  12    1884  31      9       29
  AVERAGE         43                        37      6       41

PRECIPITATION (IN)
  YESTERDAY        0.07          1.07 1987   0.13  -0.06     0.00
  MONTH TO DATE    2.29                      3.35  -1.06     0.96
  SINCE SEP 1     10.23                     10.77  -0.54     9.06
  SINCE JAN 1     28.75                     35.93  -7.18    33.53

SNOWFALL (IN)
  YESTERDAY        0.0          10.2  2005   0.4   -0.4      0.0
  MONTH TO DATE    0.9                       5.7   -4.8       T
  SINCE SEP 1      0.9                       6.6   -5.7       T
  SINCE JUL 1      0.9                       6.6   -5.7       T
  SNOW DEPTH       0

DEGREE DAYS
 HEATING
  YESTERDAY       22                        28     -6       24
  MONTH TO DATE  493                       585    -92      439
  SINCE SEP 1    872                      1163   -291      910
  SINCE JUL 1    872                      1190   -318      925

 COOLING
  YESTERDAY        0                         0      0        0
  MONTH TO DATE    0                         0      0        0
  SINCE SEP 1    121                        57     64      132
  SINCE JAN 1    939                       544    395      657
..................................................................


WIND (MPH)
  HIGHEST WIND SPEED    13   HIGHEST WIND DIRECTION     W (290)
  HIGHEST GUST SPEED    18   HIGHEST GUST DIRECTION     W (290)
  AVERAGE WIND SPEED     6.7


SKY COVER
  AVERAGE SKY COVER 1.0


WEATHER CONDITIONS
 THE FOLLOWING WEATHER WAS RECORDED YESTERDAY.
  LIGHT RAIN
  FOG


RELATIVE HUMIDITY (PERCENT)
 HIGHEST    96           800 AM
 LOWEST     65           600 PM
 AVERAGE    81

..........................................................


THE BUFFALO NY CLIMATE NORMALS FOR TODAY
                         NORMAL    RECORD    YEAR
 MAXIMUM TEMPERATURE (F)   43        68      1896
 MINIMUM TEMPERATURE (F)   31         6      1880


SUNRISE AND SUNSET
NOVEMBER 26 2016......SUNRISE   721 AM EST   SUNSET   443 PM EST
NOVEMBER 27 2016......SUNRISE   722 AM EST   SUNSET   443 PM EST


-  INDICATES NEGATIVE NUMBERS.
R  INDICATES RECORD WAS SET OR TIED.
MM INDICATES DATA IS MISSING.
T  INDICATES TRACE AMOUNT.




$$
