348
CDUS41 KBUF 182031
CLIBUF


CLIMATE REPORT
NATIONAL WEATHER SERVICE BUFFALO NY
430 PM EDT TUE APR 18 2017


...................................

...THE BUFFALO NY CLIMATE SUMMARY FOR APRIL 18 2017...
VALID TODAY AS OF 0400 PM LOCAL TIME.

CLIMATE NORMAL PERIOD 1981 TO 2010
CLIMATE RECORD PERIOD 1871 TO 2017


WEATHER ITEM   OBSERVED TIME   RECORD YEAR NORMAL DEPARTURE LAST
                VALUE   (LST)  VALUE       VALUE  FROM      YEAR
                                                  NORMAL
..................................................................
TEMPERATURE (F)
 TODAY
  MAXIMUM         60    322 PM  82    2013  56      4       69
  MINIMUM         33    525 AM  14    1875  38     -5       44
  AVERAGE         47                        47      0       57

PRECIPITATION (IN)
  TODAY            0.00          0.65 1924   0.09  -0.09     0.00
  MONTH TO DATE    2.54                      1.88   0.66     1.36
  SINCE MAR 1      6.90                      4.75   2.15     4.21
  SINCE JAN 1     12.08                     10.42   1.66     9.49

SNOWFALL (IN)
  TODAY            0.0           2.6  1887   0.0    0.0      0.0
  MONTH TO DATE    2.3                       2.3    0.0      7.1
  SINCE MAR 1     29.1                      15.2   13.9      8.0
  SINCE JUL 1     76.1                      94.0  -17.9     55.1
  SNOW DEPTH       0

DEGREE DAYS
 HEATING
  TODAY           18                        18      0        8
  MONTH TO DATE  296                       387    -91      453
  SINCE MAR 1   1280                      1348    -68     1225
  SINCE JUL 1   5172                      6092   -920     5163

 COOLING
  TODAY            0                         0      0        0
  MONTH TO DATE    2                         0      2        0
  SINCE MAR 1      2                         0      2        0
  SINCE JAN 1      2                         0      2        0
..................................................................


WIND (MPH)
  HIGHEST WIND SPEED    14   HIGHEST WIND DIRECTION    NE (30)
  HIGHEST GUST SPEED    18   HIGHEST GUST DIRECTION    NE (30)
  AVERAGE WIND SPEED     6.6


SKY COVER
  AVERAGE SKY COVER 0.3


WEATHER CONDITIONS
 THE FOLLOWING WEATHER WAS RECORDED TODAY.
  NO SIGNIFICANT WEATHER WAS OBSERVED.


RELATIVE HUMIDITY (PERCENT)
 HIGHEST    89           300 AM
 LOWEST     37           300 PM
 AVERAGE    63

..........................................................


THE BUFFALO NY CLIMATE NORMALS FOR TOMORROW
                         NORMAL    RECORD    YEAR
 MAXIMUM TEMPERATURE (F)   57        87      2008
 MINIMUM TEMPERATURE (F)   38        21      1904
                                             1897
                                             1875


SUNRISE AND SUNSET
APRIL 18 2017.........SUNRISE   628 AM EDT   SUNSET   801 PM EDT
APRIL 19 2017.........SUNRISE   626 AM EDT   SUNSET   802 PM EDT


-  INDICATES NEGATIVE NUMBERS.
R  INDICATES RECORD WAS SET OR TIED.
MM INDICATES DATA IS MISSING.
T  INDICATES TRACE AMOUNT.




$$
