000
CDUS41 KBUF 021028
CLIBUF


CLIMATE REPORT
NATIONAL WEATHER SERVICE BUFFALO NY
526 AM EST SAT DEC 2 2017


...................................

...THE BUFFALO NY CLIMATE SUMMARY FOR DECEMBER 1 2017...

CLIMATE NORMAL PERIOD 1981 TO 2010
CLIMATE RECORD PERIOD 1871 TO 2017


WEATHER ITEM   OBSERVED TIME   RECORD YEAR NORMAL DEPARTURE LAST
                VALUE   (LST)  VALUE       VALUE  FROM      YEAR
                                                  NORMAL
..................................................................
TEMPERATURE (F)
 YESTERDAY
  MAXIMUM         47    221 PM  64    1982  41      6       48
  MINIMUM         33   1159 PM   6    1936  29      4       34
                                      1876
  AVERAGE         40                        35      5       41

PRECIPITATION (IN)
  YESTERDAY        0.00          1.24 2010   0.12  -0.12     0.38
  MONTH TO DATE    0.00                      0.12  -0.12     0.38
  SINCE DEC 1      0.00                      0.12  -0.12     0.38
  SINCE JAN 1     45.55                     36.71   8.84    30.19

SNOWFALL (IN)
  YESTERDAY        0.0           9.9  1979   0.6   -0.6       T
  MONTH TO DATE    0.0                       0.6   -0.6       T
  SINCE DEC 1      0.0                       0.6   -0.6       T
  SINCE JUL 1      0.2                       9.4   -9.2      0.9
  SNOW DEPTH       0

DEGREE DAYS
 HEATING
  YESTERDAY       25                        30     -5       24
  MONTH TO DATE   25                        30     -5       24
  SINCE DEC 1     25                        30     -5       24
  SINCE JUL 1   1140                      1363   -223      994

 COOLING
  YESTERDAY        0                         0      0        0
  MONTH TO DATE    0                         0      0        0
  SINCE DEC 1      0                         0      0        0
  SINCE JAN 1    603                       544     59      939
..................................................................


WIND (MPH)
  HIGHEST WIND SPEED    15   HIGHEST WIND DIRECTION     W (280)
  HIGHEST GUST SPEED    20   HIGHEST GUST DIRECTION    NW (300)
  AVERAGE WIND SPEED     6.2


SKY COVER
  AVERAGE SKY COVER 0.7


WEATHER CONDITIONS
 THE FOLLOWING WEATHER WAS RECORDED YESTERDAY.
  NO SIGNIFICANT WEATHER WAS OBSERVED.


RELATIVE HUMIDITY (PERCENT)
 HIGHEST    82          1000 PM
 LOWEST     49           100 PM
 AVERAGE    66

..........................................................


THE BUFFALO NY CLIMATE NORMALS FOR TODAY
                         NORMAL    RECORD    YEAR
 MAXIMUM TEMPERATURE (F)   41        68      1982
 MINIMUM TEMPERATURE (F)   29         1      1976


SUNRISE AND SUNSET
DECEMBER  2 2017......SUNRISE   728 AM EST   SUNSET   441 PM EST
DECEMBER  3 2017......SUNRISE   729 AM EST   SUNSET   441 PM EST


-  INDICATES NEGATIVE NUMBERS.
R  INDICATES RECORD WAS SET OR TIED.
MM INDICATES DATA IS MISSING.
T  INDICATES TRACE AMOUNT.




$$
