000
CDUS41 KBUF 030705
CLIBUF


CLIMATE REPORT
NATIONAL WEATHER SERVICE BUFFALO NY
305 AM EDT TUE OCT 3 2017


...................................

...THE BUFFALO NY CLIMATE SUMMARY FOR OCTOBER 2 2017...

CLIMATE NORMAL PERIOD 1981 TO 2010
CLIMATE RECORD PERIOD 1871 TO 2017


WEATHER ITEM   OBSERVED TIME   RECORD YEAR NORMAL DEPARTURE LAST
                VALUE   (LST)  VALUE       VALUE  FROM      YEAR
                                                  NORMAL
..................................................................
TEMPERATURE (F)
 YESTERDAY
  MAXIMUM         74    318 PM  92    1927  64     10       68
  MINIMUM         43    439 AM  33    1974  47     -4       56
  AVERAGE         59                        56      3       62

PRECIPITATION (IN)
  YESTERDAY        0.00          2.30 1881   0.12  -0.12     0.09
  MONTH TO DATE    0.00                      0.24  -0.24     0.52
  SINCE SEP 1      3.17                      4.14  -0.97     4.05
  SINCE JAN 1     35.45                     29.30   6.15    22.57

SNOWFALL (IN)
  YESTERDAY        0.0           T    2003   0.0    0.0      0.0
                                      1974
  MONTH TO DATE    0.0                       0.0    0.0      0.0
  SINCE SEP 1      0.0                       0.0    0.0      0.0
  SINCE JUL 1      0.0                       0.0    0.0      0.0
  SNOW DEPTH       0

DEGREE DAYS
 HEATING
  YESTERDAY        6                        10     -4        3
  MONTH TO DATE   19                        19      0        7
  SINCE SEP 1    112                       154    -42       51
  SINCE JUL 1    128                       181    -53       51

 COOLING
  YESTERDAY        0                         0      0        0
  MONTH TO DATE    0                         0      0        0
  SINCE SEP 1    116                        53     63      109
  SINCE JAN 1    586                       540     46      927
..................................................................


WIND (MPH)
  HIGHEST WIND SPEED    10   HIGHEST WIND DIRECTION    NE (40)
  HIGHEST GUST SPEED    13   HIGHEST GUST DIRECTION     E (70)
  AVERAGE WIND SPEED     4.7


SKY COVER
  AVERAGE SKY COVER 0.2


WEATHER CONDITIONS
 THE FOLLOWING WEATHER WAS RECORDED YESTERDAY.
  NO SIGNIFICANT WEATHER WAS OBSERVED.


RELATIVE HUMIDITY (PERCENT)
 HIGHEST    89           400 AM
 LOWEST     29           200 PM
 AVERAGE    59

..........................................................


THE BUFFALO NY CLIMATE NORMALS FOR TODAY
                         NORMAL    RECORD    YEAR
 MAXIMUM TEMPERATURE (F)   64        86      1898
 MINIMUM TEMPERATURE (F)   47        30      1974


SUNRISE AND SUNSET
OCTOBER  3 2017.......SUNRISE   715 AM EDT   SUNSET   652 PM EDT
OCTOBER  4 2017.......SUNRISE   716 AM EDT   SUNSET   650 PM EDT


-  INDICATES NEGATIVE NUMBERS.
R  INDICATES RECORD WAS SET OR TIED.
MM INDICATES DATA IS MISSING.
T  INDICATES TRACE AMOUNT.




$$
