000
CDUS41 KBUF 271022
CLIBUF


CLIMATE REPORT
NATIONAL WEATHER SERVICE BUFFALO NY
621 AM EDT SAT JUN 27 2015


...................................

...THE BUFFALO NY CLIMATE SUMMARY FOR JUNE 26 2015...

CLIMATE NORMAL PERIOD 1981 TO 2010
CLIMATE RECORD PERIOD 1871 TO 2015


WEATHER ITEM   OBSERVED TIME   RECORD YEAR NORMAL DEPARTURE LAST
                VALUE   (LST)  VALUE       VALUE  FROM      YEAR
                                                  NORMAL
..................................................................
TEMPERATURE (F)
 YESTERDAY
  MAXIMUM         75    242 PM  93    2005  78     -3       81
  MINIMUM         58    557 AM  45    1979  60     -2       65
  AVERAGE         67                        69     -2       73

PRECIPITATION (IN)
  YESTERDAY        0.00          1.29 1968   0.11  -0.11      T
  MONTH TO DATE    3.12                      3.23  -0.11     3.53
  SINCE JUN 1      3.12                      3.23  -0.11     3.53
  SINCE JAN 1     15.75                     18.24  -2.49    21.06

SNOWFALL (IN)
  YESTERDAY        0.0           0.0    MM   0.0    0.0      0.0
  MONTH TO DATE    0.0                       0.0    0.0      0.0
  SINCE JUN 1      0.0                       0.0    0.0      0.0
  SINCE JUL 1    112.9                      94.7   18.2    129.9
  SNOW DEPTH       0

DEGREE DAYS
 HEATING
  YESTERDAY        0                         1     -1        0
  MONTH TO DATE   39                        61    -22       28
  SINCE JUN 1     39                        61    -22       28
  SINCE JUL 1   7017                      6614    403     7125

 COOLING
  YESTERDAY        2                         5     -3        8
  MONTH TO DATE   72                        82    -10      100
  SINCE JUN 1     72                        82    -10      100
  SINCE JAN 1    163                       108     55      123
..................................................................


WIND (MPH)
  HIGHEST WIND SPEED    18   HIGHEST WIND DIRECTION    NE (30)
  HIGHEST GUST SPEED    22   HIGHEST GUST DIRECTION    NE (30)
  AVERAGE WIND SPEED     9.4


SKY COVER
  AVERAGE SKY COVER 0.6


WEATHER CONDITIONS
 THE FOLLOWING WEATHER WAS RECORDED YESTERDAY.
  NO SIGNIFICANT WEATHER WAS OBSERVED.


RELATIVE HUMIDITY (PERCENT)
 HIGHEST    93           400 AM
 LOWEST     35           600 PM
 AVERAGE    64

..........................................................


THE BUFFALO NY CLIMATE NORMALS FOR TODAY
                         NORMAL    RECORD    YEAR
 MAXIMUM TEMPERATURE (F)   78        95      2005
 MINIMUM TEMPERATURE (F)   60        47      1962


SUNRISE AND SUNSET
JUNE 27 2015..........SUNRISE   538 AM EDT   SUNSET   858 PM EDT
JUNE 28 2015..........SUNRISE   538 AM EDT   SUNSET   858 PM EDT


-  INDICATES NEGATIVE NUMBERS.
R  INDICATES RECORD WAS SET OR TIED.
MM INDICATES DATA IS MISSING.
T  INDICATES TRACE AMOUNT.




$$
