000
CDUS41 KBUF 160706
CLIBUF


CLIMATE REPORT
NATIONAL WEATHER SERVICE BUFFALO NY
305 AM EDT SAT APR 16 2016


...................................

...THE BUFFALO NY CLIMATE SUMMARY FOR APRIL 15 2016...

CLIMATE NORMAL PERIOD 1981 TO 2010
CLIMATE RECORD PERIOD 1871 TO 2016


WEATHER ITEM   OBSERVED TIME   RECORD YEAR NORMAL DEPARTURE LAST
                VALUE   (LST)  VALUE       VALUE  FROM      YEAR
                                                  NORMAL
..................................................................
TEMPERATURE (F)
 YESTERDAY
  MAXIMUM         66    325 PM  87    1994  55     11       61
  MINIMUM         36    550 AM  16    1926  37     -1       34
  AVERAGE         51                        46      5       48

PRECIPITATION (IN)
  YESTERDAY        0.00          0.82 1976   0.11  -0.11     0.00
  MONTH TO DATE    1.36                      1.59  -0.23     1.83
  SINCE MAR 1      4.21                      4.46  -0.25     3.27
  SINCE JAN 1      9.49                     10.13  -0.64     8.26

SNOWFALL (IN)
  YESTERDAY        0.0           6.6  1893   0.1   -0.1      0.0
  MONTH TO DATE    7.1                       2.1    5.0      0.3
  SINCE MAR 1      8.0                      15.0   -7.0      9.9
  SINCE JUL 1     55.1                      93.8  -38.7    112.9
  SNOW DEPTH       0

DEGREE DAYS
 HEATING
  YESTERDAY       14                        19     -5       17
  MONTH TO DATE  430                       332     98      297
  SINCE MAR 1   1202                      1293    -91     1399
  SINCE JUL 1   5140                      6037   -897     6547

 COOLING
  YESTERDAY        0                         0      0        0
  MONTH TO DATE    0                         0      0        0
  SINCE MAR 1      0                         0      0        0
  SINCE JAN 1      0                         0      0        0
..................................................................


WIND (MPH)
  HIGHEST WIND SPEED    18   HIGHEST WIND DIRECTION    NE (60)
  HIGHEST GUST SPEED    22   HIGHEST GUST DIRECTION     N (20)
  AVERAGE WIND SPEED     7.4


SKY COVER
  AVERAGE SKY COVER 0.2


WEATHER CONDITIONS
 THE FOLLOWING WEATHER WAS RECORDED YESTERDAY.
  NO SIGNIFICANT WEATHER WAS OBSERVED.


RELATIVE HUMIDITY (PERCENT)
 HIGHEST    52           300 AM
 LOWEST     26           100 PM
 AVERAGE    39

..........................................................


THE BUFFALO NY CLIMATE NORMALS FOR TODAY
                         NORMAL    RECORD    YEAR
 MAXIMUM TEMPERATURE (F)   55        82      2012
 MINIMUM TEMPERATURE (F)   37        20      1928
                                             1875


SUNRISE AND SUNSET
APRIL 16 2016.........SUNRISE   631 AM EDT   SUNSET   759 PM EDT
APRIL 17 2016.........SUNRISE   629 AM EDT   SUNSET   800 PM EDT


-  INDICATES NEGATIVE NUMBERS.
R  INDICATES RECORD WAS SET OR TIED.
MM INDICATES DATA IS MISSING.
T  INDICATES TRACE AMOUNT.




$$
