000
CDUS41 KBUF 161031
CLIBUF


CLIMATE REPORT
NATIONAL WEATHER SERVICE BUFFALO NY
629 AM EDT SUN APR 16 2017


...................................

...THE BUFFALO NY CLIMATE SUMMARY FOR APRIL 15 2017...

CLIMATE NORMAL PERIOD 1981 TO 2010
CLIMATE RECORD PERIOD 1871 TO 2017


WEATHER ITEM   OBSERVED TIME   RECORD YEAR NORMAL DEPARTURE LAST
                VALUE   (LST)  VALUE       VALUE  FROM      YEAR
                                                  NORMAL
..................................................................
TEMPERATURE (F)
 YESTERDAY
  MAXIMUM         73    431 PM  87    1994  55     18       66
  MINIMUM         45   1208 AM  16    1926  37      8       36
  AVERAGE         59                        46     13       51

PRECIPITATION (IN)
  YESTERDAY        0.07          0.82 1976   0.11  -0.04     0.00
  MONTH TO DATE    2.54                      1.59   0.95     1.36
  SINCE MAR 1      6.90                      4.46   2.44     4.21
  SINCE JAN 1     12.08                     10.13   1.95     9.49

SNOWFALL (IN)
  YESTERDAY        0.0           6.6  1893   0.1   -0.1      0.0
  MONTH TO DATE    2.3                       2.1    0.2      7.1
  SINCE MAR 1     29.1                      15.0   14.1      8.0
  SINCE JUL 1     76.1                      93.8  -17.7     55.1
  SNOW DEPTH       0

DEGREE DAYS
 HEATING
  YESTERDAY        6                        19    -13       14
  MONTH TO DATE  257                       332    -75      430
  SINCE MAR 1   1241                      1293    -52     1202
  SINCE JUL 1   5133                      6037   -904     5140

 COOLING
  YESTERDAY        0                         0      0        0
  MONTH TO DATE    2                         0      2        0
  SINCE MAR 1      2                         0      2        0
  SINCE JAN 1      2                         0      2        0
..................................................................


WIND (MPH)
  HIGHEST WIND SPEED    26   HIGHEST WIND DIRECTION    SW (240)
  HIGHEST GUST SPEED    35   HIGHEST GUST DIRECTION    SW (240)
  AVERAGE WIND SPEED    10.4


SKY COVER
  AVERAGE SKY COVER 0.6


WEATHER CONDITIONS
 THE FOLLOWING WEATHER WAS RECORDED YESTERDAY.
  LIGHT RAIN
  FOG


RELATIVE HUMIDITY (PERCENT)
 HIGHEST    83           100 PM
 LOWEST     40           900 AM
 AVERAGE    62

..........................................................


THE BUFFALO NY CLIMATE NORMALS FOR TODAY
                         NORMAL    RECORD    YEAR
 MAXIMUM TEMPERATURE (F)   55        82      2012
 MINIMUM TEMPERATURE (F)   37        20      1928
                                             1875


SUNRISE AND SUNSET
APRIL 16 2017.........SUNRISE   631 AM EDT   SUNSET   759 PM EDT
APRIL 17 2017.........SUNRISE   630 AM EDT   SUNSET   800 PM EDT


-  INDICATES NEGATIVE NUMBERS.
R  INDICATES RECORD WAS SET OR TIED.
MM INDICATES DATA IS MISSING.
T  INDICATES TRACE AMOUNT.




$$
