000
CDUS41 KBUF 021032
CLIBUF


CLIMATE REPORT
NATIONAL WEATHER SERVICE BUFFALO NY
528 AM EST FRI DEC 2 2016


...................................

...THE BUFFALO NY CLIMATE SUMMARY FOR DECEMBER 1 2016...

CLIMATE NORMAL PERIOD 1981 TO 2010
CLIMATE RECORD PERIOD 1871 TO 2016


WEATHER ITEM   OBSERVED TIME   RECORD YEAR NORMAL DEPARTURE LAST
                VALUE   (LST)  VALUE       VALUE  FROM      YEAR
                                                  NORMAL
..................................................................
TEMPERATURE (F)
 YESTERDAY
  MAXIMUM         48    102 AM  64    1982  41      7       53
  MINIMUM         34   1023 AM   6    1936  29      5       39
                                      1876
  AVERAGE         41                        35      6       46

PRECIPITATION (IN)
  YESTERDAY        0.38          1.24 2010   0.12   0.26     0.10
  MONTH TO DATE    0.38                      0.12   0.26     0.10
  SINCE DEC 1      0.38                      0.12   0.26     0.10
  SINCE JAN 1     30.19                     36.71  -6.52    33.99

SNOWFALL (IN)
  YESTERDAY        T             9.9  1979   0.6   -0.6      0.0
  MONTH TO DATE    T                         0.6   -0.6      0.0
  SINCE DEC 1      T                         0.6   -0.6      0.0
  SINCE JUL 1      0.9                       9.4   -8.5       T
  SNOW DEPTH       0

DEGREE DAYS
 HEATING
  YESTERDAY       24                        30     -6       19
  MONTH TO DATE   24                        30     -6       19
  SINCE DEC 1     24                        30     -6       19
  SINCE JUL 1    994                      1363   -369     1063

 COOLING
  YESTERDAY        0                         0      0        0
  MONTH TO DATE    0                         0      0        0
  SINCE DEC 1      0                         0      0        0
  SINCE JAN 1    939                       544    395      657
..................................................................


WIND (MPH)
  HIGHEST WIND SPEED    31   HIGHEST WIND DIRECTION     W (250)
  HIGHEST GUST SPEED    39   HIGHEST GUST DIRECTION    SW (230)
  AVERAGE WIND SPEED    17.8


SKY COVER
  AVERAGE SKY COVER 0.9


WEATHER CONDITIONS
 THE FOLLOWING WEATHER WAS RECORDED YESTERDAY.
  HEAVY RAIN
  RAIN
  LIGHT RAIN
  SNOW
  LIGHT SNOW
  FOG


RELATIVE HUMIDITY (PERCENT)
 HIGHEST    86          1200 AM
 LOWEST     62           500 AM
 AVERAGE    74

..........................................................


THE BUFFALO NY CLIMATE NORMALS FOR TODAY
                         NORMAL    RECORD    YEAR
 MAXIMUM TEMPERATURE (F)   41        68      1982
 MINIMUM TEMPERATURE (F)   29         1      1976


SUNRISE AND SUNSET
DECEMBER  2 2016......SUNRISE   728 AM EST   SUNSET   441 PM EST
DECEMBER  3 2016......SUNRISE   729 AM EST   SUNSET   441 PM EST


-  INDICATES NEGATIVE NUMBERS.
R  INDICATES RECORD WAS SET OR TIED.
MM INDICATES DATA IS MISSING.
T  INDICATES TRACE AMOUNT.




$$
