000
CDUS41 KBUF 171023
CLIBUF


CLIMATE REPORT
NATIONAL WEATHER SERVICE BUFFALO NY
521 AM EST MON NOV 17 2014


...................................

...THE BUFFALO NY CLIMATE SUMMARY FOR NOVEMBER 16 2014...

CLIMATE NORMAL PERIOD 1981 TO 2010
CLIMATE RECORD PERIOD 1871 TO 2014


WEATHER ITEM   OBSERVED TIME   RECORD YEAR NORMAL DEPARTURE LAST
                VALUE   (LST)  VALUE       VALUE  FROM      YEAR
                                                  NORMAL
..................................................................
TEMPERATURE (F)
 YESTERDAY
  MAXIMUM         39   1251 PM  69    2005  48     -9       60
                                      1955
  MINIMUM         31    740 AM   9    1967  34     -3       39
  AVERAGE         35                        41     -6       50

PRECIPITATION (IN)
  YESTERDAY        T             2.10 1949   0.14  -0.14     0.00
  MONTH TO DATE    0.65                      2.12  -1.47     1.50
  SINCE SEP 1      8.38                      9.54  -1.16    12.03
  SINCE JAN 1     38.32                     34.70   3.62    39.66

SNOWFALL (IN)
  YESTERDAY        T            16.1  1949   0.2   -0.2      0.0
  MONTH TO DATE    0.3                       2.8   -2.5      0.7
  SINCE SEP 1      0.3                       3.7   -3.4      0.7
  SINCE JUL 1      0.3                       3.7   -3.4      0.7
  SNOW DEPTH       0

DEGREE DAYS
 HEATING
  YESTERDAY       30                        24      6       15
  MONTH TO DATE  369                       349     20      356
  SINCE SEP 1    836                       927    -91      845
  SINCE JUL 1    858                       954    -96      861

 COOLING
  YESTERDAY        0                         0      0        0
  MONTH TO DATE    0                         0      0        0
  SINCE SEP 1     70                        57     13       59
  SINCE JAN 1    516                       544    -28      611
..................................................................


WIND (MPH)
  HIGHEST WIND SPEED    21   HIGHEST WIND DIRECTION    SW (220)
  HIGHEST GUST SPEED    26   HIGHEST GUST DIRECTION    SW (230)
  AVERAGE WIND SPEED    10.6


SKY COVER
  AVERAGE SKY COVER 1.0


WEATHER CONDITIONS
 THE FOLLOWING WEATHER WAS RECORDED YESTERDAY.
  LIGHT SNOW
  FOG
  HAZE


RELATIVE HUMIDITY (PERCENT)
 HIGHEST    75           900 PM
 LOWEST     44          1100 AM
 AVERAGE    60

..........................................................


THE BUFFALO NY CLIMATE NORMALS FOR TODAY
                         NORMAL    RECORD    YEAR
 MAXIMUM TEMPERATURE (F)   47        69      1954
 MINIMUM TEMPERATURE (F)   34        13      1959


SUNRISE AND SUNSET
NOVEMBER 17 2014......SUNRISE   710 AM EST   SUNSET   450 PM EST
NOVEMBER 18 2014......SUNRISE   711 AM EST   SUNSET   449 PM EST


-  INDICATES NEGATIVE NUMBERS.
R  INDICATES RECORD WAS SET OR TIED.
MM INDICATES DATA IS MISSING.
T  INDICATES TRACE AMOUNT.




$$
