000
CDUS41 KBUF 092121
CLIBUF


CLIMATE REPORT
NATIONAL WEATHER SERVICE BUFFALO NY
420 PM EST THU MAR 9 2017


...................................

...THE BUFFALO NY CLIMATE SUMMARY FOR MARCH 9 2017...
VALID TODAY AS OF 0400 PM LOCAL TIME.

CLIMATE NORMAL PERIOD 1981 TO 2010
CLIMATE RECORD PERIOD 1871 TO 2017


WEATHER ITEM   OBSERVED TIME   RECORD YEAR NORMAL DEPARTURE LAST
                VALUE   (LST)  VALUE       VALUE  FROM      YEAR
                                                  NORMAL
..................................................................
TEMPERATURE (F)
 TODAY
  MAXIMUM         39    125 AM  69    2016  39      0       69
                                      2002
  MINIMUM         32   1021 AM   0    1960  24      8       47
  AVERAGE         36                        32      4       58

PRECIPITATION (IN)
  TODAY            0.00          1.03 1919   0.09  -0.09      T
  MONTH TO DATE    0.94                      0.82   0.12     0.34
  SINCE MAR 1      0.94                      0.82   0.12     0.34
  SINCE JAN 1      6.12                      6.49  -0.37     5.62

SNOWFALL (IN)
  TODAY            0.0           6.2  1931   0.5   -0.5      0.0
  MONTH TO DATE    1.2                       4.8   -3.6      0.9
  SINCE MAR 1      1.2                       4.8   -3.6      0.9
  SINCE JUL 1     48.2                      83.6  -35.4     48.0
  SNOW DEPTH       0

DEGREE DAYS
 HEATING
  TODAY           29                        34     -5        7
  MONTH TO DATE  276                       313    -37      275
  SINCE MAR 1    276                       313    -37      275
  SINCE JUL 1   4168                      5057   -889     4213

 COOLING
  TODAY            0                         0      0        0
  MONTH TO DATE    0                         0      0        0
  SINCE MAR 1      0                         0      0        0
  SINCE JAN 1      0                         0      0        0
..................................................................


WIND (MPH)
  HIGHEST WIND SPEED    31   HIGHEST WIND DIRECTION     W (260)
  HIGHEST GUST SPEED    38   HIGHEST GUST DIRECTION     W (270)
  AVERAGE WIND SPEED    16.5


SKY COVER
  AVERAGE SKY COVER 0.6


WEATHER CONDITIONS
 THE FOLLOWING WEATHER WAS RECORDED TODAY.
  NO SIGNIFICANT WEATHER WAS OBSERVED.


RELATIVE HUMIDITY (PERCENT)
 HIGHEST    59          1200 AM
 LOWEST     40           200 AM
 AVERAGE    50

..........................................................


THE BUFFALO NY CLIMATE NORMALS FOR TOMORROW
                         NORMAL    RECORD    YEAR
 MAXIMUM TEMPERATURE (F)   40        68      1878
 MINIMUM TEMPERATURE (F)   24         5      1984


SUNRISE AND SUNSET
MARCH  9 2017.........SUNRISE   637 AM EST   SUNSET   614 PM EST
MARCH 10 2017.........SUNRISE   635 AM EST   SUNSET   616 PM EST


-  INDICATES NEGATIVE NUMBERS.
R  INDICATES RECORD WAS SET OR TIED.
MM INDICATES DATA IS MISSING.
T  INDICATES TRACE AMOUNT.




$$
