000
CDUS41 KBUF 220705
CLIBUF


CLIMATE REPORT
NATIONAL WEATHER SERVICE BUFFALO NY
305 AM EDT THU SEP 22 2016


...................................

...THE BUFFALO NY CLIMATE SUMMARY FOR SEPTEMBER 21 2016...

CLIMATE NORMAL PERIOD 1981 TO 2010
CLIMATE RECORD PERIOD 1871 TO 2016


WEATHER ITEM   OBSERVED TIME   RECORD YEAR NORMAL DEPARTURE LAST
                VALUE   (LST)  VALUE       VALUE  FROM      YEAR
                                                  NORMAL
..................................................................
TEMPERATURE (F)
 YESTERDAY
  MAXIMUM         82    145 PM  86    1934  69     13       70
  MINIMUM         56    625 AM  33    1973  52      4       47
  AVERAGE         69                        60      9       59

PRECIPITATION (IN)
  YESTERDAY        0.00          2.79 2013   0.16  -0.16     0.00
  MONTH TO DATE    2.81                      2.63   0.18     2.77
  SINCE SEP 1      2.81                      2.63   0.18     2.77
  SINCE JAN 1     21.33                     27.79  -6.46    27.24

SNOWFALL (IN)
  YESTERDAY        0.0           0.0    MM   0.0    0.0      0.0
  MONTH TO DATE    0.0                       0.0    0.0      0.0
  SINCE SEP 1      0.0                       0.0    0.0      0.0
  SINCE JUL 1      0.0                       0.0    0.0      0.0
  SNOW DEPTH       0

DEGREE DAYS
 HEATING
  YESTERDAY        0                         6     -6        6
  MONTH TO DATE    9                        69    -60       37
  SINCE SEP 1      9                        69    -60       37
  SINCE JUL 1      9                        96    -87       52

 COOLING
  YESTERDAY        4                         1      3        0
  MONTH TO DATE  103                        46     57      125
  SINCE SEP 1    103                        46     57      125
  SINCE JAN 1    921                       533    388      650
..................................................................


WIND (MPH)
  HIGHEST WIND SPEED     9   HIGHEST WIND DIRECTION    SE (120)
  HIGHEST GUST SPEED    12   HIGHEST GUST DIRECTION     S (160)
  AVERAGE WIND SPEED     4.5


SKY COVER
  AVERAGE SKY COVER 0.3


WEATHER CONDITIONS
 THE FOLLOWING WEATHER WAS RECORDED YESTERDAY.
  NO SIGNIFICANT WEATHER WAS OBSERVED.


RELATIVE HUMIDITY (PERCENT)
 HIGHEST    80           300 AM
 LOWEST     32          1200 PM
 AVERAGE    56

..........................................................


THE BUFFALO NY CLIMATE NORMALS FOR TODAY
                         NORMAL    RECORD    YEAR
 MAXIMUM TEMPERATURE (F)   69        89      1965
 MINIMUM TEMPERATURE (F)   51        37      1963


SUNRISE AND SUNSET
SEPTEMBER 22 2016.....SUNRISE   703 AM EDT   SUNSET   711 PM EDT
SEPTEMBER 23 2016.....SUNRISE   704 AM EDT   SUNSET   710 PM EDT


-  INDICATES NEGATIVE NUMBERS.
R  INDICATES RECORD WAS SET OR TIED.
MM INDICATES DATA IS MISSING.
T  INDICATES TRACE AMOUNT.




$$
