000
CDUS41 KBUF 080705
CLIBUF


CLIMATE REPORT
NATIONAL WEATHER SERVICE BUFFALO NY
305 AM EDT THU JUN 8 2017


...................................

...THE BUFFALO NY CLIMATE SUMMARY FOR JUNE 7 2017...

CLIMATE NORMAL PERIOD 1981 TO 2010
CLIMATE RECORD PERIOD 1871 TO 2017


WEATHER ITEM   OBSERVED TIME   RECORD YEAR NORMAL DEPARTURE LAST
                VALUE   (LST)  VALUE       VALUE  FROM      YEAR
                                                  NORMAL
..................................................................
TEMPERATURE (F)
 YESTERDAY
  MAXIMUM         70    526 PM  86    2007  73     -3       68
                                      1979
                                      1968
  MINIMUM         51    628 AM  40    1879  55     -4       55
  AVERAGE         61                        64     -3       62

PRECIPITATION (IN)
  YESTERDAY        0.00          2.39 1980   0.12  -0.12     0.17
  MONTH TO DATE    0.27                      0.85  -0.58     0.44
  SINCE JUN 1      0.27                      0.85  -0.58     0.44
  SINCE JAN 1     22.54                     15.86   6.68    11.68

SNOWFALL (IN)
  YESTERDAY        0.0           0.0    MM   0.0    0.0      0.0
  MONTH TO DATE    0.0                       0.0    0.0      0.0
  SINCE JUN 1      0.0                       0.0    0.0      0.0
  SINCE JUL 1     76.1                      94.7  -18.6     55.1
  SNOW DEPTH       0

DEGREE DAYS
 HEATING
  YESTERDAY        4                         3      1        3
  MONTH TO DATE   36                        27      9        3
  SINCE JUN 1     36                        27      9        3
  SINCE JUL 1   5630                      6580   -950     5598

 COOLING
  YESTERDAY        0                         2     -2        0
  MONTH TO DATE    0                        14    -14       24
  SINCE JUN 1      0                        14    -14       24
  SINCE JAN 1     27                        40    -13       83
..................................................................


WIND (MPH)
  HIGHEST WIND SPEED    16   HIGHEST WIND DIRECTION     E (80)
  HIGHEST GUST SPEED    21   HIGHEST GUST DIRECTION    NE (40)
  AVERAGE WIND SPEED     8.5


SKY COVER
  AVERAGE SKY COVER 0.4


WEATHER CONDITIONS
 THE FOLLOWING WEATHER WAS RECORDED YESTERDAY.
  FOG


RELATIVE HUMIDITY (PERCENT)
 HIGHEST    89           100 AM
 LOWEST     37           400 PM
 AVERAGE    63

..........................................................


THE BUFFALO NY CLIMATE NORMALS FOR TODAY
                         NORMAL    RECORD    YEAR
 MAXIMUM TEMPERATURE (F)   73        91      1968
 MINIMUM TEMPERATURE (F)   55        38      1949


SUNRISE AND SUNSET
JUNE  8 2017..........SUNRISE   536 AM EDT   SUNSET   852 PM EDT
JUNE  9 2017..........SUNRISE   536 AM EDT   SUNSET   853 PM EDT


-  INDICATES NEGATIVE NUMBERS.
R  INDICATES RECORD WAS SET OR TIED.
MM INDICATES DATA IS MISSING.
T  INDICATES TRACE AMOUNT.




$$
