000
CDUS41 KBUF 041009
CLIBUF


CLIMATE REPORT
NATIONAL WEATHER SERVICE BUFFALO NY
608 AM EDT FRI AUG 4 2017


...................................

...THE BUFFALO NY CLIMATE SUMMARY FOR AUGUST 3 2017...

CLIMATE NORMAL PERIOD 1981 TO 2010
CLIMATE RECORD PERIOD 1871 TO 2017


WEATHER ITEM   OBSERVED TIME   RECORD YEAR NORMAL DEPARTURE LAST
                VALUE   (LST)  VALUE       VALUE  FROM      YEAR
                                                  NORMAL
..................................................................
TEMPERATURE (F)
 YESTERDAY
  MAXIMUM         86    323 PM  95    2012  80      6       87
  MINIMUM         64    529 AM  49    1976  62      2       60
                                      1956
  AVERAGE         75                        71      4       74

PRECIPITATION (IN)
  YESTERDAY        0.05          2.41 1980   0.11  -0.06     0.00
  MONTH TO DATE    0.05                      0.34  -0.29     0.00
  SINCE JUN 1      6.91                      7.23  -0.32     3.11
  SINCE JAN 1     29.18                     22.24   6.94    14.35

SNOWFALL (IN)
  YESTERDAY        0.0           0.0    MM   0.0    0.0      0.0
  MONTH TO DATE    0.0                       0.0    0.0      0.0
  SINCE JUN 1      0.0                       0.0    0.0      0.0
  SINCE JUL 1      0.0                       0.0    0.0      0.0
  SNOW DEPTH       0

DEGREE DAYS
 HEATING
  YESTERDAY        0                         0      0        0
  MONTH TO DATE    0                         0      0        0
  SINCE JUN 1     50                        73    -23       42
  SINCE JUL 1      1                         9     -8        0

 COOLING
  YESTERDAY       10                         6      4        9
  MONTH TO DATE   27                        18      9       27
  SINCE JUN 1    333                       318     15      448
  SINCE JAN 1    360                       344     16      507
..................................................................


WIND (MPH)
  HIGHEST WIND SPEED    26   HIGHEST WIND DIRECTION     S (160)
  HIGHEST GUST SPEED    33   HIGHEST GUST DIRECTION     S (170)
  AVERAGE WIND SPEED     7.7


SKY COVER
  AVERAGE SKY COVER 0.5


WEATHER CONDITIONS
 THE FOLLOWING WEATHER WAS RECORDED YESTERDAY.
  THUNDERSTORM
  LIGHT RAIN


RELATIVE HUMIDITY (PERCENT)
 HIGHEST    87          1200 AM
 LOWEST     43           400 PM
 AVERAGE    65

..........................................................


THE BUFFALO NY CLIMATE NORMALS FOR TODAY
                         NORMAL    RECORD    YEAR
 MAXIMUM TEMPERATURE (F)   80        96      2012
 MINIMUM TEMPERATURE (F)   62        48      1874


SUNRISE AND SUNSET
AUGUST  4 2017........SUNRISE   609 AM EDT   SUNSET   832 PM EDT
AUGUST  5 2017........SUNRISE   610 AM EDT   SUNSET   831 PM EDT


-  INDICATES NEGATIVE NUMBERS.
R  INDICATES RECORD WAS SET OR TIED.
MM INDICATES DATA IS MISSING.
T  INDICATES TRACE AMOUNT.




$$
