000
CDUS41 KBUF 120705
CLIBUF


CLIMATE REPORT
NATIONAL WEATHER SERVICE BUFFALO NY
305 AM EDT WED APR 12 2017


...................................

...THE BUFFALO NY CLIMATE SUMMARY FOR APRIL 11 2017...

CLIMATE NORMAL PERIOD 1981 TO 2010
CLIMATE RECORD PERIOD 1871 TO 2017


WEATHER ITEM   OBSERVED TIME   RECORD YEAR NORMAL DEPARTURE LAST
                VALUE   (LST)  VALUE       VALUE  FROM      YEAR
                                                  NORMAL
..................................................................
TEMPERATURE (F)
 YESTERDAY
  MAXIMUM         67    313 PM  86    1945  53     14       53
  MINIMUM         45   1159 PM  16    1909  35     10       37
  AVERAGE         56                        44     12       45

PRECIPITATION (IN)
  YESTERDAY        0.01          1.20 1894   0.11  -0.10     0.39
  MONTH TO DATE    2.47                      1.17   1.30     1.36
  SINCE MAR 1      6.83                      4.04   2.79     4.21
  SINCE JAN 1     12.01                      9.71   2.30     9.49

SNOWFALL (IN)
  YESTERDAY       MM             8.9  1894   0.1   MM        0.0
  MONTH TO DATE    2.3                       1.7    0.6      7.1
  SINCE MAR 1     29.1                      14.6   14.5      8.0
  SINCE JUL 1     76.1                      93.4  -17.3     55.1
  SNOW DEPTH       0

DEGREE DAYS
 HEATING
  YESTERDAY        9                        21    -12       20
  MONTH TO DATE  193                       253    -60      339
  SINCE MAR 1   1177                      1214    -37     1111
  SINCE JUL 1   5069                      5958   -889     5049

 COOLING
  YESTERDAY        0                         0      0        0
  MONTH TO DATE    2                         0      2        0
  SINCE MAR 1      2                         0      2        0
  SINCE JAN 1      2                         0      2        0
..................................................................


WIND (MPH)
  HIGHEST WIND SPEED    22   HIGHEST WIND DIRECTION    SW (230)
  HIGHEST GUST SPEED    28   HIGHEST GUST DIRECTION    SW (230)
  AVERAGE WIND SPEED    10.2


SKY COVER
  AVERAGE SKY COVER 0.9


WEATHER CONDITIONS
 THE FOLLOWING WEATHER WAS RECORDED YESTERDAY.
  LIGHT RAIN


RELATIVE HUMIDITY (PERCENT)
 HIGHEST    89          1100 PM
 LOWEST     63          1000 AM
 AVERAGE    76

..........................................................


THE BUFFALO NY CLIMATE NORMALS FOR TODAY
                         NORMAL    RECORD    YEAR
 MAXIMUM TEMPERATURE (F)   54        80      2001
 MINIMUM TEMPERATURE (F)   36        20      1874


SUNRISE AND SUNSET
APRIL 12 2017.........SUNRISE   638 AM EDT   SUNSET   754 PM EDT
APRIL 13 2017.........SUNRISE   636 AM EDT   SUNSET   755 PM EDT


-  INDICATES NEGATIVE NUMBERS.
R  INDICATES RECORD WAS SET OR TIED.
MM INDICATES DATA IS MISSING.
T  INDICATES TRACE AMOUNT.




$$
