170
CDUS41 KBUF 272139
CLIBUF


CLIMATE REPORT
NATIONAL WEATHER SERVICE BUFFALO NY
438 PM EST SUN NOV 27 2016


...................................

...THE BUFFALO NY CLIMATE SUMMARY FOR NOVEMBER 27 2016...
VALID TODAY AS OF 0400 PM LOCAL TIME.

CLIMATE NORMAL PERIOD 1981 TO 2010
CLIMATE RECORD PERIOD 1871 TO 2016


WEATHER ITEM   OBSERVED TIME   RECORD YEAR NORMAL DEPARTURE LAST
                VALUE   (LST)  VALUE       VALUE  FROM      YEAR
                                                  NORMAL
..................................................................
TEMPERATURE (F)
 TODAY
  MAXIMUM         46    248 PM  72    1990  43      3       62
  MINIMUM         34    801 AM  10    1936  30      4       37
  AVERAGE         40                        36      4       50

PRECIPITATION (IN)
  TODAY            0.00          1.07 1993   0.13  -0.13     0.33
  MONTH TO DATE    2.46                      3.61  -1.15     1.29
  SINCE SEP 1     10.40                     11.03  -0.63     9.39
  SINCE JAN 1     28.92                     36.19  -7.27    33.86

SNOWFALL (IN)
  TODAY            0.0          10.3  1952   0.5   -0.5      0.0
  MONTH TO DATE    0.9                       6.6   -5.7       T
  SINCE SEP 1      0.9                       7.5   -6.6       T
  SINCE JUL 1      0.9                       7.5   -6.6       T
  SNOW DEPTH       0

DEGREE DAYS
 HEATING
  TODAY           25                        28     -3       15
  MONTH TO DATE  543                       641    -98      467
  SINCE SEP 1    922                      1219   -297      938
  SINCE JUL 1    922                      1246   -324      953

 COOLING
  TODAY            0                         0      0        0
  MONTH TO DATE    0                         0      0        0
  SINCE SEP 1    121                        57     64      132
  SINCE JAN 1    939                       544    395      657
..................................................................


WIND (MPH)
  HIGHEST WIND SPEED    17   HIGHEST WIND DIRECTION     W (270)
  HIGHEST GUST SPEED    23   HIGHEST GUST DIRECTION     W (270)
  AVERAGE WIND SPEED     8.6


SKY COVER
  AVERAGE SKY COVER 0.6


WEATHER CONDITIONS
 THE FOLLOWING WEATHER WAS RECORDED TODAY.
  NO SIGNIFICANT WEATHER WAS OBSERVED.


RELATIVE HUMIDITY (PERCENT)
 HIGHEST    89           800 AM
 LOWEST     58           200 PM
 AVERAGE    74

..........................................................


THE BUFFALO NY CLIMATE NORMALS FOR TOMORROW
                         NORMAL    RECORD    YEAR
 MAXIMUM TEMPERATURE (F)   42        72      1990
 MINIMUM TEMPERATURE (F)   30        11      1955


SUNRISE AND SUNSET
NOVEMBER 27 2016......SUNRISE   722 AM EST   SUNSET   443 PM EST
NOVEMBER 28 2016......SUNRISE   723 AM EST   SUNSET   442 PM EST


-  INDICATES NEGATIVE NUMBERS.
R  INDICATES RECORD WAS SET OR TIED.
MM INDICATES DATA IS MISSING.
T  INDICATES TRACE AMOUNT.




$$
