000
CDUS41 KBUF 100705
CLIBUF


CLIMATE REPORT
NATIONAL WEATHER SERVICE BUFFALO NY
305 AM EDT WED AUG 10 2016


...................................

...THE BUFFALO NY CLIMATE SUMMARY FOR AUGUST 9 2016...

CLIMATE NORMAL PERIOD 1981 TO 2010
CLIMATE RECORD PERIOD 1871 TO 2016


WEATHER ITEM   OBSERVED TIME   RECORD YEAR NORMAL DEPARTURE LAST
                VALUE   (LST)  VALUE       VALUE  FROM      YEAR
                                                  NORMAL
..................................................................
TEMPERATURE (F)
 YESTERDAY
  MAXIMUM         92    345 PM  95    1914  79     13       81
  MINIMUM         65    525 AM  48    1964  62      3       54
  AVERAGE         79                        70      9       68

PRECIPITATION (IN)
  YESTERDAY        0.00          1.63 2009   0.10  -0.10     0.00
  MONTH TO DATE    T                         0.98  -0.98     0.08
  SINCE JUN 1      3.11                      7.87  -4.76     7.53
  SINCE JAN 1     14.35                     22.88  -8.53    20.16

SNOWFALL (IN)
  YESTERDAY        0.0           0.0    MM   0.0    0.0      0.0
  MONTH TO DATE    0.0                       0.0    0.0      0.0
  SINCE JUN 1      0.0                       0.0    0.0      0.0
  SINCE JUL 1      0.0                       0.0    0.0      0.0
  SNOW DEPTH       0

DEGREE DAYS
 HEATING
  YESTERDAY        0                         0      0        0
  MONTH TO DATE    0                         0      0        0
  SINCE JUN 1     42                        73    -31       57
  SINCE JUL 1      0                         9     -9        7

 COOLING
  YESTERDAY       14                         6      8        3
  MONTH TO DATE   98                        54     44       41
  SINCE JUN 1    519                       354    165      315
  SINCE JAN 1    578                       380    198      406
..................................................................


WIND (MPH)
  HIGHEST WIND SPEED    18   HIGHEST WIND DIRECTION     S (180)
  HIGHEST GUST SPEED    27   HIGHEST GUST DIRECTION     S (200)
  AVERAGE WIND SPEED     8.9


SKY COVER
  AVERAGE SKY COVER 0.5


WEATHER CONDITIONS
 THE FOLLOWING WEATHER WAS RECORDED YESTERDAY.
  THUNDERSTORM


RELATIVE HUMIDITY (PERCENT)
 HIGHEST    60           500 AM
 LOWEST     29          1200 PM
 AVERAGE    45

..........................................................


THE BUFFALO NY CLIMATE NORMALS FOR TODAY
                         NORMAL    RECORD    YEAR
 MAXIMUM TEMPERATURE (F)   79        92      1947
 MINIMUM TEMPERATURE (F)   62        50      1948


SUNRISE AND SUNSET
AUGUST 10 2016........SUNRISE   616 AM EDT   SUNSET   824 PM EDT
AUGUST 11 2016........SUNRISE   617 AM EDT   SUNSET   822 PM EDT


-  INDICATES NEGATIVE NUMBERS.
R  INDICATES RECORD WAS SET OR TIED.
MM INDICATES DATA IS MISSING.
T  INDICATES TRACE AMOUNT.




$$
