000
CDUS41 KBUF 200706
CLIBUF


CLIMATE REPORT
NATIONAL WEATHER SERVICE BUFFALO NY
305 AM EDT WED MAY 20 2015


...................................

...THE BUFFALO NY CLIMATE SUMMARY FOR MAY 19 2015...

CLIMATE NORMAL PERIOD 1981 TO 2010
CLIMATE RECORD PERIOD 1871 TO 2015


WEATHER ITEM   OBSERVED TIME   RECORD YEAR NORMAL DEPARTURE LAST
                VALUE   (LST)  VALUE       VALUE  FROM      YEAR
                                                  NORMAL
..................................................................
TEMPERATURE (F)
 YESTERDAY
  MAXIMUM         70    304 AM  86    1962  68      2       61
  MINIMUM         46   1159 PM  34    2002  48     -2       45
  AVERAGE         58                        58      0       53

PRECIPITATION (IN)
  YESTERDAY        0.00          3.41 1986   0.11  -0.11      T
  MONTH TO DATE    0.71                      2.01  -1.30     2.70
  SINCE MAR 1      4.85                      7.89  -3.04    10.33
  SINCE JAN 1      9.84                     13.56  -3.72    17.11

SNOWFALL (IN)
  YESTERDAY        0.0           T    2002   0.0    0.0      0.0
                                      1976
  MONTH TO DATE    0.0                       0.3   -0.3      0.0
  SINCE MAR 1      9.9                      15.9   -6.0     25.7
  SINCE JUL 1    112.9                      94.7   18.2    129.9
  SNOW DEPTH       0

DEGREE DAYS
 HEATING
  YESTERDAY        7                         8     -1       12
  MONTH TO DATE   82                       198   -116      189
  SINCE MAR 1   1754                      1735     19     1938
  SINCE JUL 1   6902                      6479    423     7044

 COOLING
  YESTERDAY        0                         1     -1        0
  MONTH TO DATE   54                         7     47       21
  SINCE MAR 1     54                        10     44       21
  SINCE JAN 1     54                        10     44       21
..................................................................


WIND (MPH)
  HIGHEST WIND SPEED    28   HIGHEST WIND DIRECTION    SW (240)
  HIGHEST GUST SPEED    37   HIGHEST GUST DIRECTION     W (250)
  AVERAGE WIND SPEED    14.4


SKY COVER
  AVERAGE SKY COVER 0.8


WEATHER CONDITIONS
 THE FOLLOWING WEATHER WAS RECORDED YESTERDAY.
  FOG


RELATIVE HUMIDITY (PERCENT)
 HIGHEST    93           500 AM
 LOWEST     56          1200 PM
 AVERAGE    75

..........................................................


THE BUFFALO NY CLIMATE NORMALS FOR TODAY
                         NORMAL    RECORD    YEAR
 MAXIMUM TEMPERATURE (F)   68        89      2012
 MINIMUM TEMPERATURE (F)   49        32      1907


SUNRISE AND SUNSET
MAY 20 2015...........SUNRISE   547 AM EDT   SUNSET   836 PM EDT
MAY 21 2015...........SUNRISE   546 AM EDT   SUNSET   837 PM EDT


-  INDICATES NEGATIVE NUMBERS.
R  INDICATES RECORD WAS SET OR TIED.
MM INDICATES DATA IS MISSING.
T  INDICATES TRACE AMOUNT.




$$
