000
CDUS41 KBUF 120705
CLIBUF


CLIMATE REPORT
NATIONAL WEATHER SERVICE BUFFALO NY
305 AM EDT SUN MAR 12 2017


...................................

...THE BUFFALO NY CLIMATE SUMMARY FOR MARCH 11 2017...

CLIMATE NORMAL PERIOD 1981 TO 2010
CLIMATE RECORD PERIOD 1871 TO 2017


WEATHER ITEM   OBSERVED TIME   RECORD YEAR NORMAL DEPARTURE LAST
                VALUE   (LST)  VALUE       VALUE  FROM      YEAR
                                                  NORMAL
..................................................................
TEMPERATURE (F)
 YESTERDAY
  MAXIMUM         20    418 PM  69    1977  40    -20       43
  MINIMUM         13    522 AM   1    1960  24    -11       32
  AVERAGE         17                        32    -15       38

PRECIPITATION (IN)
  YESTERDAY        0.03          0.85 1884   0.09  -0.06     0.00
  MONTH TO DATE    0.99                      0.99   0.00     1.14
  SINCE MAR 1      0.99                      0.99   0.00     1.14
  SINCE JAN 1      6.17                      6.66  -0.49     6.42

SNOWFALL (IN)
  YESTERDAY       MM            15.1  1992   0.5   MM        0.0
  MONTH TO DATE    1.8                       5.8   -4.0      0.9
  SINCE MAR 1      1.8                       5.8   -4.0      0.9
  SINCE JUL 1     48.8                      84.6  -35.8     48.0
  SNOW DEPTH       0

DEGREE DAYS
 HEATING
  YESTERDAY       48                        33     15       27
  MONTH TO DATE  365                       379    -14      318
  SINCE MAR 1    365                       379    -14      318
  SINCE JUL 1   4257                      5123   -866     4256

 COOLING
  YESTERDAY        0                         0      0        0
  MONTH TO DATE    0                         0      0        0
  SINCE MAR 1      0                         0      0        0
  SINCE JAN 1      0                         0      0        0
..................................................................


WIND (MPH)
  HIGHEST WIND SPEED    24   HIGHEST WIND DIRECTION     W (270)
  HIGHEST GUST SPEED    32   HIGHEST GUST DIRECTION     W (280)
  AVERAGE WIND SPEED    13.2


SKY COVER
  AVERAGE SKY COVER 1.0


WEATHER CONDITIONS
 THE FOLLOWING WEATHER WAS RECORDED YESTERDAY.
  HEAVY SNOW
  SNOW
  LIGHT SNOW
  FOG
  HAZE
  BLOWING SNOW


RELATIVE HUMIDITY (PERCENT)
 HIGHEST    80           500 AM
 LOWEST     54          1200 PM
 AVERAGE    67

..........................................................


THE BUFFALO NY CLIMATE NORMALS FOR TODAY
                         NORMAL    RECORD    YEAR
 MAXIMUM TEMPERATURE (F)   40        69      2012
 MINIMUM TEMPERATURE (F)   25        -2      1960
                                             1885


SUNRISE AND SUNSET
MARCH 12 2017.........SUNRISE   732 AM EDT   SUNSET   718 PM EDT
MARCH 13 2017.........SUNRISE   730 AM EDT   SUNSET   719 PM EDT


-  INDICATES NEGATIVE NUMBERS.
R  INDICATES RECORD WAS SET OR TIED.
MM INDICATES DATA IS MISSING.
T  INDICATES TRACE AMOUNT.




$$
