830
CDUS41 KBUF 092151
CLIBUF


CLIMATE REPORT
NATIONAL WEATHER SERVICE BUFFALO NY
449 PM EST SAT DEC 9 2017


...................................

...THE BUFFALO NY CLIMATE SUMMARY FOR DECEMBER 9 2017...
VALID TODAY AS OF 0400 PM LOCAL TIME.

CLIMATE NORMAL PERIOD 1981 TO 2010
CLIMATE RECORD PERIOD 1871 TO 2017


WEATHER ITEM   OBSERVED TIME   RECORD YEAR NORMAL DEPARTURE LAST
                VALUE   (LST)  VALUE       VALUE  FROM      YEAR
                                                  NORMAL
..................................................................
TEMPERATURE (F)
 TODAY
  MAXIMUM         33    318 PM  62    1952  38     -5       31
                                      1885
  MINIMUM         23    835 AM   5    1876  26     -3       25
  AVERAGE         28                        32     -4       28

PRECIPITATION (IN)
  TODAY            T             1.73 1977   0.13  -0.13      T
  MONTH TO DATE    0.81                      1.12  -0.31     0.89
  SINCE DEC 1      0.81                      1.12  -0.31     0.89
  SINCE JAN 1     46.36                     37.71   8.65    30.70

SNOWFALL (IN)
  TODAY            T            12.9  1977   0.8   -0.8       T
  MONTH TO DATE    4.3                       6.0   -1.7      0.3
  SINCE DEC 1      4.3                       6.0   -1.7      0.3
  SINCE JUL 1      4.5                      14.8  -10.3      1.2
  SNOW DEPTH       2

DEGREE DAYS
 HEATING
  TODAY           37                        33      4       37
  MONTH TO DATE  259                       284    -25      255
  SINCE DEC 1    259                       284    -25      255
  SINCE JUL 1   1374                      1617   -243     1225

 COOLING
  TODAY            0                         0      0        0
  MONTH TO DATE    0                         0      0        0
  SINCE DEC 1      0                         0      0        0
  SINCE JAN 1    603                       544     59      939
..................................................................


WIND (MPH)
  HIGHEST WIND SPEED    15   HIGHEST WIND DIRECTION    SW (220)
  HIGHEST GUST SPEED    20   HIGHEST GUST DIRECTION     S (190)
  AVERAGE WIND SPEED     9.2


SKY COVER
  AVERAGE SKY COVER 0.8


WEATHER CONDITIONS
 THE FOLLOWING WEATHER WAS RECORDED TODAY.
  LIGHT SNOW


RELATIVE HUMIDITY (PERCENT)
 HIGHEST    68           600 AM
 LOWEST     41           300 PM
 AVERAGE    55

..........................................................


THE BUFFALO NY CLIMATE NORMALS FOR TOMORROW
                         NORMAL    RECORD    YEAR
 MAXIMUM TEMPERATURE (F)   38        62      1911
 MINIMUM TEMPERATURE (F)   26         2      1876


SUNRISE AND SUNSET
DECEMBER  9 2017......SUNRISE   734 AM EST   SUNSET   440 PM EST
DECEMBER 10 2017......SUNRISE   735 AM EST   SUNSET   440 PM EST


-  INDICATES NEGATIVE NUMBERS.
R  INDICATES RECORD WAS SET OR TIED.
MM INDICATES DATA IS MISSING.
T  INDICATES TRACE AMOUNT.




$$
