000
CDUS41 KBUF 191031
CLIBUF


CLIMATE REPORT
NATIONAL WEATHER SERVICE BUFFALO NY
530 AM EST THU FEB 19 2015


...................................

...THE BUFFALO NY CLIMATE SUMMARY FOR FEBRUARY 18 2015...

CLIMATE NORMAL PERIOD 1981 TO 2010
CLIMATE RECORD PERIOD 1871 TO 2015


WEATHER ITEM   OBSERVED TIME   RECORD YEAR NORMAL DEPARTURE LAST
                VALUE   (LST)  VALUE       VALUE  FROM      YEAR
                                                  NORMAL
..................................................................
TEMPERATURE (F)
 YESTERDAY
  MAXIMUM         19    103 PM  63    1981  34    -15       31
  MINIMUM          8   1236 AM -18    1979  19    -11       22
  AVERAGE         14                        27    -13       27

PRECIPITATION (IN)
  YESTERDAY        0.09          0.90 1938   0.08   0.01     0.20
  MONTH TO DATE    2.11                      1.57   0.54     1.61
  SINCE DEC 1      6.85                      8.64  -1.79     9.70
  SINCE JAN 1      4.70                      4.75  -0.05     4.77

SNOWFALL (IN)
  YESTERDAY        2.4           4.9  1958   0.6    1.8      2.1
  MONTH TO DATE   41.9                      11.5   30.4     16.6
  SINCE DEC 1     78.2                      64.2   14.0     87.5
  SINCE JUL 1     98.7                      73.0   25.7     97.5
  SNOW DEPTH      22

DEGREE DAYS
 HEATING
  YESTERDAY       51                        38     13       38
  MONTH TO DATE  937                       712    225      856
  SINCE DEC 1   3278                      3038    240     3385
  SINCE JUL 1   4576                      4371    205     4703

 COOLING
  YESTERDAY        0                         0      0        0
  MONTH TO DATE    0                         0      0        0
  SINCE DEC 1      0                         0      0        0
  SINCE JAN 1      0                         0      0        0
..................................................................


WIND (MPH)
  HIGHEST WIND SPEED    21   HIGHEST WIND DIRECTION     W (250)
  HIGHEST GUST SPEED    30   HIGHEST GUST DIRECTION     W (250)
  AVERAGE WIND SPEED    10.1


SKY COVER
  AVERAGE SKY COVER 1.0


WEATHER CONDITIONS
 THE FOLLOWING WEATHER WAS RECORDED YESTERDAY.
  HEAVY SNOW
  SNOW
  LIGHT SNOW
  FOG
  HAZE
  BLOWING SNOW


RELATIVE HUMIDITY (PERCENT)
 HIGHEST    84           500 AM
 LOWEST     63          1200 AM
 AVERAGE    74

..........................................................


THE BUFFALO NY CLIMATE NORMALS FOR TODAY
                         NORMAL    RECORD    YEAR
 MAXIMUM TEMPERATURE (F)   34        63      1994
 MINIMUM TEMPERATURE (F)   20        -5      1944


SUNRISE AND SUNSET
FEBRUARY 19 2015......SUNRISE   707 AM EST   SUNSET   551 PM EST
FEBRUARY 20 2015......SUNRISE   705 AM EST   SUNSET   553 PM EST


-  INDICATES NEGATIVE NUMBERS.
R  INDICATES RECORD WAS SET OR TIED.
MM INDICATES DATA IS MISSING.
T  INDICATES TRACE AMOUNT.




$$
