000
CDUS41 KBUF 090705
CLIBUF


CLIMATE REPORT
NATIONAL WEATHER SERVICE BUFFALO NY
305 AM EDT SUN JUL 9 2017


...................................

...THE BUFFALO NY CLIMATE SUMMARY FOR JULY 8 2017...

CLIMATE NORMAL PERIOD 1981 TO 2010
CLIMATE RECORD PERIOD 1871 TO 2017


WEATHER ITEM   OBSERVED TIME   RECORD YEAR NORMAL DEPARTURE LAST
                VALUE   (LST)  VALUE       VALUE  FROM      YEAR
                                                  NORMAL
..................................................................
TEMPERATURE (F)
 YESTERDAY
  MAXIMUM         76    313 PM  96    1988  80     -4       84
  MINIMUM         63   1159 PM  47    1984  62      1       70
  AVERAGE         70                        71     -1       77

PRECIPITATION (IN)
  YESTERDAY        0.13          1.31 1998   0.10   0.03     0.03
  MONTH TO DATE    0.16                      0.80  -0.64     0.04
  SINCE JUN 1      2.37                      4.46  -2.09     1.35
  SINCE JAN 1     24.64                     19.47   5.17    12.59

SNOWFALL (IN)
  YESTERDAY        0.0           0.0    MM   0.0    0.0      0.0
  MONTH TO DATE    0.0                       0.0    0.0      0.0
  SINCE JUN 1      0.0                       0.0    0.0      0.0
  SINCE JUL 1      0.0                       0.0    0.0      0.0
  SNOW DEPTH       0

DEGREE DAYS
 HEATING
  YESTERDAY        0                         0      0        0
  MONTH TO DATE    0                         2     -2        0
  SINCE JUN 1     49                        66    -17       42
  SINCE JUL 1      0                         2     -2        0

 COOLING
  YESTERDAY        5                         6     -1       12
  MONTH TO DATE   52                        48      4       61
  SINCE JUN 1    175                       151     24      189
  SINCE JAN 1    202                       177     25      248
..................................................................


WIND (MPH)
  HIGHEST WIND SPEED    22   HIGHEST WIND DIRECTION     N (340)
  HIGHEST GUST SPEED    28   HIGHEST GUST DIRECTION    NW (320)
  AVERAGE WIND SPEED     9.6


SKY COVER
  AVERAGE SKY COVER 0.6


WEATHER CONDITIONS
 THE FOLLOWING WEATHER WAS RECORDED YESTERDAY.
  THUNDERSTORM
  HEAVY RAIN
  LIGHT RAIN
  FOG


RELATIVE HUMIDITY (PERCENT)
 HIGHEST    93           100 AM
 LOWEST     36           400 PM
 AVERAGE    65

..........................................................


THE BUFFALO NY CLIMATE NORMALS FOR TODAY
                         NORMAL    RECORD    YEAR
 MAXIMUM TEMPERATURE (F)   80        96      1946
 MINIMUM TEMPERATURE (F)   62        47      1963


SUNRISE AND SUNSET
JULY  9 2017..........SUNRISE   545 AM EDT   SUNSET   855 PM EDT
JULY 10 2017..........SUNRISE   546 AM EDT   SUNSET   854 PM EDT


-  INDICATES NEGATIVE NUMBERS.
R  INDICATES RECORD WAS SET OR TIED.
MM INDICATES DATA IS MISSING.
T  INDICATES TRACE AMOUNT.




$$
