000
CDUS41 KBUF 112127
CLIBUF


CLIMATE REPORT
NATIONAL WEATHER SERVICE BUFFALO NY
426 PM EST TUE NOV 11 2014


...................................

...THE BUFFALO NY CLIMATE SUMMARY FOR NOVEMBER 11 2014...
VALID TODAY AS OF 0400 PM LOCAL TIME.

CLIMATE NORMAL PERIOD 1981 TO 2010
CLIMATE RECORD PERIOD 1871 TO 2014


WEATHER ITEM   OBSERVED TIME   RECORD YEAR NORMAL DEPARTURE LAST
                VALUE   (LST)  VALUE       VALUE  FROM      YEAR
                                                  NORMAL
..................................................................
TEMPERATURE (F)
 TODAY
  MAXIMUM         68    401 PM  70    2012  50     18       45
  MINIMUM         50    157 AM  19    1957  35     15       29
  AVERAGE         59                        42     17       37

PRECIPITATION (IN)
  TODAY            0.00          1.40 1995   0.13  -0.13     0.48
  MONTH TO DATE    0.58                      1.43  -0.85     1.50
  SINCE SEP 1      8.31                      8.85  -0.54    12.03
  SINCE JAN 1     38.25                     34.01   4.24    39.66

SNOWFALL (IN)
  TODAY            0.0           5.3  1942   0.2   -0.2      0.7
  MONTH TO DATE    T                         1.7   -1.7      0.7
  SINCE SEP 1      T                         2.6   -2.6      0.7
  SINCE JUL 1      T                         2.6   -2.6      0.7
  SNOW DEPTH       0

DEGREE DAYS
 HEATING
  TODAY            6                        23    -17       28
  MONTH TO DATE  216                       231    -15      232
  SINCE SEP 1    683                       809   -126      721
  SINCE JUL 1    705                       836   -131      737

 COOLING
  TODAY            0                         0      0        0
  MONTH TO DATE    0                         0      0        0
  SINCE SEP 1     70                        57     13       59
  SINCE JAN 1    516                       544    -28      611
..................................................................


WIND (MPH)
  HIGHEST WIND SPEED    17   HIGHEST WIND DIRECTION    SW (210)
  HIGHEST GUST SPEED    22   HIGHEST GUST DIRECTION    SW (210)
  AVERAGE WIND SPEED     9.3


SKY COVER
  AVERAGE SKY COVER 0.3


WEATHER CONDITIONS
 THE FOLLOWING WEATHER WAS RECORDED TODAY.
  NO SIGNIFICANT WEATHER WAS OBSERVED.


RELATIVE HUMIDITY (PERCENT)
 HIGHEST    56           200 AM
 LOWEST     37          1200 PM
 AVERAGE    47

..........................................................


THE BUFFALO NY CLIMATE NORMALS FOR TOMORROW
                         NORMAL    RECORD    YEAR
 MAXIMUM TEMPERATURE (F)   49        70      2012
 MINIMUM TEMPERATURE (F)   35        22      1921
                                             1911
                                             1894


SUNRISE AND SUNSET
NOVEMBER 11 2014......SUNRISE   702 AM EST   SUNSET   455 PM EST
NOVEMBER 12 2014......SUNRISE   703 AM EST   SUNSET   454 PM EST


-  INDICATES NEGATIVE NUMBERS.
R  INDICATES RECORD WAS SET OR TIED.
MM INDICATES DATA IS MISSING.
T  INDICATES TRACE AMOUNT.

$$
