000
CDUS41 KBUF 091025
CLIBUF


CLIMATE REPORT
NATIONAL WEATHER SERVICE BUFFALO NY
625 AM EDT MON MAY 9 2016


...................................

...THE BUFFALO NY CLIMATE SUMMARY FOR MAY 8 2016...

CLIMATE NORMAL PERIOD 1981 TO 2010
CLIMATE RECORD PERIOD 1871 TO 2016


WEATHER ITEM   OBSERVED TIME   RECORD YEAR NORMAL DEPARTURE LAST
                VALUE   (LST)  VALUE       VALUE  FROM      YEAR
                                                  NORMAL
..................................................................
TEMPERATURE (F)
 YESTERDAY
  MAXIMUM         55   1252 PM  88    2015  64     -9       88
  MINIMUM         42    552 AM  29    1956  45     -3       59
  AVERAGE         49                        54     -5       74

PRECIPITATION (IN)
  YESTERDAY        T             1.06 1943   0.10  -0.10     0.00
  MONTH TO DATE    0.69                      0.82  -0.13     0.08
  SINCE MAR 1      5.44                      6.70  -1.26     4.22
  SINCE JAN 1     10.72                     12.37  -1.65     9.21

SNOWFALL (IN)
  YESTERDAY        0.0           0.5  1977   0.0    0.0      0.0
  MONTH TO DATE    0.0                       0.1   -0.1      0.0
  SINCE MAR 1      8.0                      15.7   -7.7      9.9
  SINCE JUL 1     55.1                      94.5  -39.4    112.9
  SNOW DEPTH       0

DEGREE DAYS
 HEATING
  YESTERDAY       16                        11      5        0
  MONTH TO DATE  103                        97      6       31
  SINCE MAR 1   1523                      1634   -111     1703
  SINCE JUL 1   5461                      6378   -917     6851

 COOLING
  YESTERDAY        0                         0      0        9
  MONTH TO DATE    0                         0      0       11
  SINCE MAR 1      0                         3     -3       11
  SINCE JAN 1      0                         3     -3       11
..................................................................


WIND (MPH)
  HIGHEST WIND SPEED    29   HIGHEST WIND DIRECTION     W (260)
  HIGHEST GUST SPEED    34   HIGHEST GUST DIRECTION     W (260)
  AVERAGE WIND SPEED    11.5


SKY COVER
  AVERAGE SKY COVER 0.7


WEATHER CONDITIONS
 THE FOLLOWING WEATHER WAS RECORDED YESTERDAY.
  LIGHT RAIN
  FOG


RELATIVE HUMIDITY (PERCENT)
 HIGHEST    86          1200 AM
 LOWEST     38          1200 PM
 AVERAGE    62

..........................................................


THE BUFFALO NY CLIMATE NORMALS FOR TODAY
                         NORMAL    RECORD    YEAR
 MAXIMUM TEMPERATURE (F)   64        89      2015
 MINIMUM TEMPERATURE (F)   45        29      1947


SUNRISE AND SUNSET
MAY  9 2016...........SUNRISE   558 AM EDT   SUNSET   825 PM EDT
MAY 10 2016...........SUNRISE   557 AM EDT   SUNSET   826 PM EDT


-  INDICATES NEGATIVE NUMBERS.
R  INDICATES RECORD WAS SET OR TIED.
MM INDICATES DATA IS MISSING.
T  INDICATES TRACE AMOUNT.




$$
