000
CDUS41 KBUF 210705
CLIBUF


CLIMATE REPORT
NATIONAL WEATHER SERVICE BUFFALO NY
305 AM EDT TUE JUL 21 2015


...................................

...THE BUFFALO NY CLIMATE SUMMARY FOR JULY 20 2015...

CLIMATE NORMAL PERIOD 1981 TO 2010
CLIMATE RECORD PERIOD 1871 TO 2015


WEATHER ITEM   OBSERVED TIME   RECORD YEAR NORMAL DEPARTURE LAST
                VALUE   (LST)  VALUE       VALUE  FROM      YEAR
                                                  NORMAL
..................................................................
TEMPERATURE (F)
 YESTERDAY
  MAXIMUM         81    251 PM  91    1994  80      1       79
                                      1978
                                      1916
  MINIMUM         67    503 AM  46    1965  63      4       65
  AVERAGE         74                        71      3       72

PRECIPITATION (IN)
  YESTERDAY        0.00          3.54 1896   0.11  -0.11      T
  MONTH TO DATE    2.16                      2.01   0.15     3.69
  SINCE JUN 1      7.19                      5.67   1.52     7.49
  SINCE JAN 1     19.82                     20.68  -0.86    25.02

SNOWFALL (IN)
  YESTERDAY        0.0           0.0    MM   0.0    0.0      0.0
  MONTH TO DATE    0.0                       0.0    0.0      0.0
  SINCE JUN 1      0.0                       0.0    0.0      0.0
  SINCE JUL 1      0.0                       0.0    0.0      0.0
  SNOW DEPTH       0

DEGREE DAYS
 HEATING
  YESTERDAY        0                         0      0        0
  MONTH TO DATE    7                         2      5        3
  SINCE JUN 1     57                        66     -9       31
  SINCE JUL 1      7                         2      5        3

 COOLING
  YESTERDAY        9                         7      2        7
  MONTH TO DATE   98                       129    -31       92
  SINCE JUN 1    174                       232    -58      240
  SINCE JAN 1    265                       258      7      263
..................................................................


WIND (MPH)
  HIGHEST WIND SPEED    16   HIGHEST WIND DIRECTION    SW (240)
  HIGHEST GUST SPEED    22   HIGHEST GUST DIRECTION    SW (220)
  AVERAGE WIND SPEED     8.3


SKY COVER
  AVERAGE SKY COVER 0.5


WEATHER CONDITIONS
 THE FOLLOWING WEATHER WAS RECORDED YESTERDAY.
  FOG


RELATIVE HUMIDITY (PERCENT)
 HIGHEST    90           400 AM
 LOWEST     39           100 PM
 AVERAGE    65

..........................................................


THE BUFFALO NY CLIMATE NORMALS FOR TODAY
                         NORMAL    RECORD    YEAR
 MAXIMUM TEMPERATURE (F)   80        93      1953
 MINIMUM TEMPERATURE (F)   63        48      1965


SUNRISE AND SUNSET
JULY 21 2015..........SUNRISE   555 AM EDT   SUNSET   847 PM EDT
JULY 22 2015..........SUNRISE   556 AM EDT   SUNSET   846 PM EDT


-  INDICATES NEGATIVE NUMBERS.
R  INDICATES RECORD WAS SET OR TIED.
MM INDICATES DATA IS MISSING.
T  INDICATES TRACE AMOUNT.




$$
