000
CDUS41 KBUF 011007
CLIBUF


CLIMATE REPORT
NATIONAL WEATHER SERVICE BUFFALO NY
604 AM EDT TUE APR 1 2014


...................................

...THE BUFFALO NY CLIMATE SUMMARY FOR MARCH 31 2014...

CLIMATE NORMAL PERIOD 1981 TO 2010
CLIMATE RECORD PERIOD 1871 TO 2014


WEATHER ITEM   OBSERVED TIME   RECORD YEAR NORMAL DEPARTURE LAST
                VALUE   (LST)  VALUE       VALUE  FROM      YEAR
                                                  NORMAL
..................................................................
TEMPERATURE (F)
 YESTERDAY
  MAXIMUM         49    544 PM  78    1998  48      1       58
  MINIMUM         26    615 AM   6    1923  31     -5       39
  AVERAGE         38                        40     -2       49

PRECIPITATION (IN)
  YESTERDAY        0.00          1.33 1886   0.10  -0.10     0.08
  MONTH TO DATE    2.55                      2.87  -0.32     1.06
  SINCE MAR 1      2.55                      2.87  -0.32     1.06
  SINCE JAN 1      9.33                      8.54   0.79     6.61

SNOWFALL (IN)
  YESTERDAY        0.0           7.9  1987   0.2   -0.2      0.0
  MONTH TO DATE   24.5                      12.9   11.6      9.8
  SINCE MAR 1     24.5                      12.9   11.6      9.8
  SINCE JUL 1    128.7                      91.7   37.0     58.5
  SNOW DEPTH       3

DEGREE DAYS
 HEATING
  YESTERDAY       27                        25      2       16
  MONTH TO DATE 1178                       961    217      986
  SINCE MAR 1   1178                       961    217      986
  SINCE JUL 1   6284                      5705    579     5306

 COOLING
  YESTERDAY        0                         0      0        0
  MONTH TO DATE    0                         0      0        0
  SINCE MAR 1      0                         0      0        0
  SINCE JAN 1      0                         0      0        0
..................................................................


WIND (MPH)
  HIGHEST WIND SPEED    12   HIGHEST WIND DIRECTION     S (200)
  HIGHEST GUST SPEED    13   HIGHEST GUST DIRECTION    SW (240)
  AVERAGE WIND SPEED     4.9


SKY COVER
  POSSIBLE SUNSHINE 100 PERCENT
  AVERAGE SKY COVER 0.2


WEATHER CONDITIONS
 THE FOLLOWING WEATHER WAS RECORDED YESTERDAY.
  FOG
  HAZE


RELATIVE HUMIDITY (PERCENT)
 HIGHEST    85           700 AM
 LOWEST     50           500 PM
 AVERAGE    68

..........................................................


THE BUFFALO NY CLIMATE NORMALS FOR TODAY
                         NORMAL    RECORD    YEAR
 MAXIMUM TEMPERATURE (F)   49        78      2010
                                             1986
 MINIMUM TEMPERATURE (F)   32         5      1923


SUNRISE AND SUNSET
APRIL  1 2014.........SUNRISE   657 AM EDT   SUNSET   741 PM EDT
APRIL  2 2014.........SUNRISE   655 AM EDT   SUNSET   742 PM EDT


-  INDICATES NEGATIVE NUMBERS.
R  INDICATES RECORD WAS SET OR TIED.
MM INDICATES DATA IS MISSING.
T  INDICATES TRACE AMOUNT.




$$
