000
CDUS41 KBUF 180705
CLIBUF


CLIMATE REPORT
NATIONAL WEATHER SERVICE BUFFALO NY
305 AM EDT FRI AUG 18 2017


...................................

...THE BUFFALO NY CLIMATE SUMMARY FOR AUGUST 17 2017...

CLIMATE NORMAL PERIOD 1981 TO 2010
CLIMATE RECORD PERIOD 1871 TO 2017


WEATHER ITEM   OBSERVED TIME   RECORD YEAR NORMAL DEPARTURE LAST
                VALUE   (LST)  VALUE       VALUE  FROM      YEAR
                                                  NORMAL
..................................................................
TEMPERATURE (F)
 YESTERDAY
  MAXIMUM         82    112 PM  93    1955  79      3       83
  MINIMUM         61    557 AM  46    1961  61      0       64
  AVERAGE         72                        70      2       74

PRECIPITATION (IN)
  YESTERDAY        0.27          3.65 1944   0.10   0.17     0.00
  MONTH TO DATE    2.58                      1.82   0.76     1.28
  SINCE JUN 1      9.44                      8.71   0.73     4.39
  SINCE JAN 1     31.71                     23.72   7.99    15.63

SNOWFALL (IN)
  YESTERDAY        0.0           0.0    MM   0.0    0.0      0.0
  MONTH TO DATE    0.0                       0.0    0.0      0.0
  SINCE JUN 1      0.0                       0.0    0.0      0.0
  SINCE JUL 1      0.0                       0.0    0.0      0.0
  SNOW DEPTH       0

DEGREE DAYS
 HEATING
  YESTERDAY        0                         1     -1        0
  MONTH TO DATE    0                         2     -2        0
  SINCE JUN 1     50                        75    -25       42
  SINCE JUL 1      1                        11    -10        0

 COOLING
  YESTERDAY        7                         5      2        9
  MONTH TO DATE   95                        99     -4      212
  SINCE JUN 1    401                       399      2      633
  SINCE JAN 1    428                       425      3      692
..................................................................


WIND (MPH)
  HIGHEST WIND SPEED    14   HIGHEST WIND DIRECTION     S (190)
  HIGHEST GUST SPEED    18   HIGHEST GUST DIRECTION    SW (210)
  AVERAGE WIND SPEED     6.7


SKY COVER
  AVERAGE SKY COVER 0.7


WEATHER CONDITIONS
 THE FOLLOWING WEATHER WAS RECORDED YESTERDAY.
  LIGHT RAIN
  FOG


RELATIVE HUMIDITY (PERCENT)
 HIGHEST    93           900 PM
 LOWEST     51           100 PM
 AVERAGE    72

..........................................................


THE BUFFALO NY CLIMATE NORMALS FOR TODAY
                         NORMAL    RECORD    YEAR
 MAXIMUM TEMPERATURE (F)   78        90      1947
                                             1935
                                             1913
 MINIMUM TEMPERATURE (F)   61        46      1963


SUNRISE AND SUNSET
AUGUST 18 2017........SUNRISE   625 AM EDT   SUNSET   812 PM EDT
AUGUST 19 2017........SUNRISE   626 AM EDT   SUNSET   811 PM EDT


-  INDICATES NEGATIVE NUMBERS.
R  INDICATES RECORD WAS SET OR TIED.
MM INDICATES DATA IS MISSING.
T  INDICATES TRACE AMOUNT.




$$
