000
CDUS41 KBUF 081025
CLIBUF


CLIMATE REPORT
NATIONAL WEATHER SERVICE BUFFALO NY
624 AM EDT FRI SEP 8 2017


...................................

...THE BUFFALO NY CLIMATE SUMMARY FOR SEPTEMBER 7 2017...

CLIMATE NORMAL PERIOD 1981 TO 2010
CLIMATE RECORD PERIOD 1871 TO 2017


WEATHER ITEM   OBSERVED TIME   RECORD YEAR NORMAL DEPARTURE LAST
                VALUE   (LST)  VALUE       VALUE  FROM      YEAR
                                                  NORMAL
..................................................................
TEMPERATURE (F)
 YESTERDAY
  MAXIMUM         64    158 PM  91    2007  74    -10       84
  MINIMUM         53   1159 PM  39    1962  57     -4       71
  AVERAGE         59                        65     -6       78

PRECIPITATION (IN)
  YESTERDAY        1.07          1.46 1999   0.11   0.96     0.00
  MONTH TO DATE    2.27                      0.80   1.47      T
  SINCE SEP 1      2.27                      0.80   1.47      T
  SINCE JAN 1     34.55                     25.96   8.59    18.52

SNOWFALL (IN)
  YESTERDAY        0.0           0.0    MM   0.0    0.0      0.0
  MONTH TO DATE    0.0                       0.0    0.0      0.0
  SINCE SEP 1      0.0                       0.0    0.0      0.0
  SINCE JUL 1      0.0                       0.0    0.0      0.0
  SNOW DEPTH       0

DEGREE DAYS
 HEATING
  YESTERDAY        6                         2      4        0
  MONTH TO DATE   30                        13     17        2
  SINCE SEP 1     30                        13     17        2
  SINCE JUL 1     46                        40      6        2

 COOLING
  YESTERDAY        0                         3     -3       13
  MONTH TO DATE    5                        22    -17       32
  SINCE SEP 1      5                        22    -17       32
  SINCE JAN 1    475                       509    -34      850
..................................................................


WIND (MPH)
  HIGHEST WIND SPEED    25   HIGHEST WIND DIRECTION    SW (210)
  HIGHEST GUST SPEED    33   HIGHEST GUST DIRECTION    SW (220)
  AVERAGE WIND SPEED    10.3


SKY COVER
  AVERAGE SKY COVER 0.7


WEATHER CONDITIONS
 THE FOLLOWING WEATHER WAS RECORDED YESTERDAY.
  THUNDERSTORM
  HEAVY RAIN
  RAIN
  LIGHT RAIN
  FOG


RELATIVE HUMIDITY (PERCENT)
 HIGHEST    93           200 AM
 LOWEST     67           100 PM
 AVERAGE    80

..........................................................


THE BUFFALO NY CLIMATE NORMALS FOR TODAY
                         NORMAL    RECORD    YEAR
 MAXIMUM TEMPERATURE (F)   74        89      2002
                                             2001
                                             1960
 MINIMUM TEMPERATURE (F)   56        39      1986


SUNRISE AND SUNSET
SEPTEMBER  8 2017.....SUNRISE   647 AM EDT   SUNSET   737 PM EDT
SEPTEMBER  9 2017.....SUNRISE   648 AM EDT   SUNSET   735 PM EDT


-  INDICATES NEGATIVE NUMBERS.
R  INDICATES RECORD WAS SET OR TIED.
MM INDICATES DATA IS MISSING.
T  INDICATES TRACE AMOUNT.




$$
