000
CDUS41 KBUF 162159
CLIBUF


CLIMATE REPORT
NATIONAL WEATHER SERVICE BUFFALO NY
458 PM EST FRI JAN 16 2015


...................................

...THE BUFFALO NY CLIMATE SUMMARY FOR JANUARY 16 2015...
VALID TODAY AS OF 0400 PM LOCAL TIME.

CLIMATE NORMAL PERIOD 1981 TO 2010
CLIMATE RECORD PERIOD 1871 TO 2015


WEATHER ITEM   OBSERVED TIME   RECORD YEAR NORMAL DEPARTURE LAST
                VALUE   (LST)  VALUE       VALUE  FROM      YEAR
                                                  NORMAL
..................................................................
TEMPERATURE (F)
 TODAY
  MAXIMUM         30    110 AM  57    1953  31     -1       32
  MINIMUM         16    450 PM -10    1984  18     -2       24
                                      1982
  AVERAGE         23                        25     -2       28

PRECIPITATION (IN)
  TODAY            T             0.72 1959   0.10  -0.10     0.01
  MONTH TO DATE    2.12                      1.75   0.37     2.44
  SINCE DEC 1      4.27                      5.64  -1.37     7.37
  SINCE JAN 1      2.12                      1.75   0.37     2.44

SNOWFALL (IN)
  TODAY            0.2           6.9  1959   0.8   -0.6      0.2
  MONTH TO DATE   19.7                      13.9    5.8     25.3
  SINCE DEC 1     31.0                      41.3  -10.3     53.8
  SINCE JUL 1     51.5                      50.1    1.4     63.8
  SNOW DEPTH       7

DEGREE DAYS
 HEATING
  TODAY           42                        40      2       37
  MONTH TO DATE  721                       635     86      655
  SINCE DEC 1   1689                      1717    -28     1795
  SINCE JUL 1   2987                      3050    -63     3113

 COOLING
  TODAY            0                         0      0        0
  MONTH TO DATE    0                         0      0        0
  SINCE DEC 1      0                         0      0        0
  SINCE JAN 1      0                         0      0        0
..................................................................


WIND (MPH)
  HIGHEST WIND SPEED    35   HIGHEST WIND DIRECTION    SW (240)
  HIGHEST GUST SPEED    42   HIGHEST GUST DIRECTION    SW (240)
  AVERAGE WIND SPEED    19.3


SKY COVER
  AVERAGE SKY COVER 0.7


WEATHER CONDITIONS
 THE FOLLOWING WEATHER WAS RECORDED TODAY.
  LIGHT SNOW
  BLOWING SNOW


RELATIVE HUMIDITY (PERCENT)
 HIGHEST    85           200 AM
 LOWEST     41           100 PM
 AVERAGE    63

..........................................................


THE BUFFALO NY CLIMATE NORMALS FOR TOMORROW
                         NORMAL    RECORD    YEAR
 MAXIMUM TEMPERATURE (F)   31        56      1952
 MINIMUM TEMPERATURE (F)   18       -16      1982


SUNRISE AND SUNSET
JANUARY 16 2015.......SUNRISE   743 AM EST   SUNSET   507 PM EST
JANUARY 17 2015.......SUNRISE   742 AM EST   SUNSET   508 PM EST


-  INDICATES NEGATIVE NUMBERS.
R  INDICATES RECORD WAS SET OR TIED.
MM INDICATES DATA IS MISSING.
T  INDICATES TRACE AMOUNT.




$$
