139
CDUS41 KBUF 101002
CLIBUF


CLIMATE REPORT
NATIONAL WEATHER SERVICE BUFFALO NY
502 AM EST FRI NOV 10 2017


...................................

...THE BUFFALO NY CLIMATE SUMMARY FOR NOVEMBER 9 2017...

CLIMATE NORMAL PERIOD 1981 TO 2010
CLIMATE RECORD PERIOD 1871 TO 2017


WEATHER ITEM   OBSERVED TIME   RECORD YEAR NORMAL DEPARTURE LAST
                VALUE   (LST)  VALUE       VALUE  FROM      YEAR
                                                  NORMAL
..................................................................
TEMPERATURE (F)
 YESTERDAY
  MAXIMUM         50    124 PM  70    1891  50      0       52
  MINIMUM         29   1159 PM  18    1991  36     -7       36
  AVERAGE         40                        43     -3       44

PRECIPITATION (IN)
  YESTERDAY        0.14          1.61 2005   0.13   0.01     0.02
  MONTH TO DATE    3.53                      1.18   2.35     1.42
  SINCE SEP 1     11.71                      8.60   3.11     9.36
  SINCE JAN 1     43.99                     33.76  10.23    27.88

SNOWFALL (IN)
  YESTERDAY        T             6.0  1943   0.2   -0.2      0.0
  MONTH TO DATE    T                         1.3   -1.3      0.0
  SINCE SEP 1      0.1                       2.2   -2.1       T
  SINCE JUL 1      0.1                       2.2   -2.1       T
  SNOW DEPTH       0

DEGREE DAYS
 HEATING
  YESTERDAY       25                        22      3       21
  MONTH TO DATE  179                       186     -7      131
  SINCE SEP 1    531                       764   -233      510
  SINCE JUL 1    547                       791   -244      510

 COOLING
  YESTERDAY        0                         0      0        0
  MONTH TO DATE    0                         0      0        0
  SINCE SEP 1    133                        57     76      121
  SINCE JAN 1    603                       544     59      939
..................................................................


WIND (MPH)
  HIGHEST WIND SPEED    35   HIGHEST WIND DIRECTION     W (290)
  HIGHEST GUST SPEED    46   HIGHEST GUST DIRECTION    NW (300)
  AVERAGE WIND SPEED    13.2


SKY COVER
  AVERAGE SKY COVER 0.8


WEATHER CONDITIONS
 THE FOLLOWING WEATHER WAS RECORDED YESTERDAY.
  RAIN
  LIGHT RAIN
  LIGHT SNOW
  FOG


RELATIVE HUMIDITY (PERCENT)
 HIGHEST    85           100 AM
 LOWEST     54          1200 PM
 AVERAGE    70

..........................................................


THE BUFFALO NY CLIMATE NORMALS FOR TODAY
                         NORMAL    RECORD    YEAR
 MAXIMUM TEMPERATURE (F)   50        69      1975
 MINIMUM TEMPERATURE (F)   36        19      1991


SUNRISE AND SUNSET
NOVEMBER 10 2017......SUNRISE   701 AM EST   SUNSET   456 PM EST
NOVEMBER 11 2017......SUNRISE   702 AM EST   SUNSET   455 PM EST


-  INDICATES NEGATIVE NUMBERS.
R  INDICATES RECORD WAS SET OR TIED.
MM INDICATES DATA IS MISSING.
T  INDICATES TRACE AMOUNT.




$$
