000
CDUS41 KBUF 111008
CLIBUF


CLIMATE REPORT
NATIONAL WEATHER SERVICE BUFFALO NY
507 AM EST THU DEC 11 2014


...................................

...THE BUFFALO NY CLIMATE SUMMARY FOR DECEMBER 10 2014...

CLIMATE NORMAL PERIOD 1981 TO 2010
CLIMATE RECORD PERIOD 1871 TO 2014


WEATHER ITEM   OBSERVED TIME   RECORD YEAR NORMAL DEPARTURE LAST
                VALUE   (LST)  VALUE       VALUE  FROM      YEAR
                                                  NORMAL
..................................................................
TEMPERATURE (F)
 YESTERDAY
  MAXIMUM         35   1213 AM  62    1911  38     -3       32
  MINIMUM         25   1159 PM   2    1876  26     -1       20
  AVERAGE         30                        32     -2       26

PRECIPITATION (IN)
  YESTERDAY        0.10          1.31 1878   0.13  -0.03     0.03
  MONTH TO DATE    0.45                      1.25  -0.80     0.23
  SINCE DEC 1      0.45                      1.25  -0.80     0.23
  SINCE JAN 1     40.70                     37.84   2.86    41.32

SNOWFALL (IN)
  YESTERDAY        1.3          33.9  1995   0.8    0.5      1.1
  MONTH TO DATE    1.4                       6.8   -5.4      1.7
  SINCE DEC 1      1.4                       6.8   -5.4      1.7
  SINCE JUL 1     21.9                      15.6    6.3     11.7
  SNOW DEPTH       T

DEGREE DAYS
 HEATING
  YESTERDAY       35                        33      2       39
  MONTH TO DATE  320                       317      3      311
  SINCE DEC 1    320                       317      3      311
  SINCE JUL 1   1618                      1650    -32     1629

 COOLING
  YESTERDAY        0                         0      0        0
  MONTH TO DATE    0                         0      0        0
  SINCE DEC 1      0                         0      0        0
  SINCE JAN 1    516                       544    -28      611
..................................................................


WIND (MPH)
  HIGHEST WIND SPEED    22   HIGHEST WIND DIRECTION     N (350)
  HIGHEST GUST SPEED    27   HIGHEST GUST DIRECTION     N (340)
  AVERAGE WIND SPEED    12.9


SKY COVER
  AVERAGE SKY COVER 1.0


WEATHER CONDITIONS
 THE FOLLOWING WEATHER WAS RECORDED YESTERDAY.
  MIXED PRECIP
  LIGHT RAIN
  SNOW
  LIGHT SNOW
  FOG


RELATIVE HUMIDITY (PERCENT)
 HIGHEST    89           100 AM
 LOWEST     75          1100 AM
 AVERAGE    82

..........................................................


THE BUFFALO NY CLIMATE NORMALS FOR TODAY
                         NORMAL    RECORD    YEAR
 MAXIMUM TEMPERATURE (F)   37        61      1899
 MINIMUM TEMPERATURE (F)   25        -6      1960


SUNRISE AND SUNSET
DECEMBER 11 2014......SUNRISE   736 AM EST   SUNSET   440 PM EST
DECEMBER 12 2014......SUNRISE   737 AM EST   SUNSET   441 PM EST


-  INDICATES NEGATIVE NUMBERS.
R  INDICATES RECORD WAS SET OR TIED.
MM INDICATES DATA IS MISSING.
T  INDICATES TRACE AMOUNT.




$$
