000
CDUS41 KBUF 100705
CLIBUF


CLIMATE REPORT
NATIONAL WEATHER SERVICE BUFFALO NY
305 AM EDT MON JUL 10 2017


...................................

...THE BUFFALO NY CLIMATE SUMMARY FOR JULY 9 2017...

CLIMATE NORMAL PERIOD 1981 TO 2010
CLIMATE RECORD PERIOD 1871 TO 2017


WEATHER ITEM   OBSERVED TIME   RECORD YEAR NORMAL DEPARTURE LAST
                VALUE   (LST)  VALUE       VALUE  FROM      YEAR
                                                  NORMAL
..................................................................
TEMPERATURE (F)
 YESTERDAY
  MAXIMUM         78    251 PM  96    1946  80     -2       78
  MINIMUM         56    436 AM  47    1963  62     -6       65
  AVERAGE         67                        71     -4       72

PRECIPITATION (IN)
  YESTERDAY        T             1.02 1904   0.10  -0.10     0.71
  MONTH TO DATE    0.16                      0.90  -0.74     0.75
  SINCE JUN 1      2.37                      4.56  -2.19     2.06
  SINCE JAN 1     24.64                     19.57   5.07    13.30

SNOWFALL (IN)
  YESTERDAY        0.0           0.0    MM   0.0    0.0      0.0
  MONTH TO DATE    0.0                       0.0    0.0      0.0
  SINCE JUN 1      0.0                       0.0    0.0      0.0
  SINCE JUL 1      0.0                       0.0    0.0      0.0
  SNOW DEPTH       0

DEGREE DAYS
 HEATING
  YESTERDAY        0                         0      0        0
  MONTH TO DATE    0                         2     -2        0
  SINCE JUN 1     49                        66    -17       42
  SINCE JUL 1      0                         2     -2        0

 COOLING
  YESTERDAY        2                         6     -4        7
  MONTH TO DATE   54                        54      0       68
  SINCE JUN 1    177                       157     20      196
  SINCE JAN 1    204                       183     21      255
..................................................................


WIND (MPH)
  HIGHEST WIND SPEED    25   HIGHEST WIND DIRECTION    SW (230)
  HIGHEST GUST SPEED    35   HIGHEST GUST DIRECTION     W (250)
  AVERAGE WIND SPEED    12.8


SKY COVER
  AVERAGE SKY COVER 0.4


WEATHER CONDITIONS
 THE FOLLOWING WEATHER WAS RECORDED YESTERDAY.
  NO SIGNIFICANT WEATHER WAS OBSERVED.


RELATIVE HUMIDITY (PERCENT)
 HIGHEST    77           500 AM
 LOWEST     40           300 PM
 AVERAGE    59

..........................................................


THE BUFFALO NY CLIMATE NORMALS FOR TODAY
                         NORMAL    RECORD    YEAR
 MAXIMUM TEMPERATURE (F)   80        95      1988
                                             1897
 MINIMUM TEMPERATURE (F)   62        50      1962


SUNRISE AND SUNSET
JULY 10 2017..........SUNRISE   546 AM EDT   SUNSET   854 PM EDT
JULY 11 2017..........SUNRISE   547 AM EDT   SUNSET   854 PM EDT


-  INDICATES NEGATIVE NUMBERS.
R  INDICATES RECORD WAS SET OR TIED.
MM INDICATES DATA IS MISSING.
T  INDICATES TRACE AMOUNT.




$$
