000
CDUS41 KBUF 181011
CLIBUF


CLIMATE REPORT
NATIONAL WEATHER SERVICE BUFFALO NY
510 AM EST FRI NOV 18 2016


...................................

...THE BUFFALO NY CLIMATE SUMMARY FOR NOVEMBER 17 2016...

CLIMATE NORMAL PERIOD 1981 TO 2010
CLIMATE RECORD PERIOD 1871 TO 2016


WEATHER ITEM   OBSERVED TIME   RECORD YEAR NORMAL DEPARTURE LAST
                VALUE   (LST)  VALUE       VALUE  FROM      YEAR
                                                  NORMAL
..................................................................
TEMPERATURE (F)
 YESTERDAY
  MAXIMUM         54    344 PM  69    1954  47      7       61
  MINIMUM         35    813 AM  13    1959  34      1       35
  AVERAGE         45                        40      5       48

PRECIPITATION (IN)
  YESTERDAY        0.00          2.11 1890   0.14  -0.14     0.00
  MONTH TO DATE    1.42                      2.26  -0.84     0.91
  SINCE SEP 1      9.36                      9.68  -0.32     9.01
  SINCE JAN 1     27.88                     34.84  -6.96    33.48

SNOWFALL (IN)
  YESTERDAY        0.0          14.0  1920   0.3   -0.3      0.0
  MONTH TO DATE    0.0                       3.1   -3.1      0.0
  SINCE SEP 1      T                         4.0   -4.0       T
  SINCE JUL 1      T                         4.0   -4.0       T
  SNOW DEPTH       0

DEGREE DAYS
 HEATING
  YESTERDAY       20                        25     -5       17
  MONTH TO DATE  290                       374    -84      252
  SINCE SEP 1    669                       952   -283      723
  SINCE JUL 1    669                       979   -310      738

 COOLING
  YESTERDAY        0                         0      0        0
  MONTH TO DATE    0                         0      0        0
  SINCE SEP 1    121                        57     64      132
  SINCE JAN 1    939                       544    395      657
..................................................................


WIND (MPH)
  HIGHEST WIND SPEED    10   HIGHEST WIND DIRECTION    SW (220)
  HIGHEST GUST SPEED    15   HIGHEST GUST DIRECTION    SW (220)
  AVERAGE WIND SPEED     4.9


SKY COVER
  AVERAGE SKY COVER 0.2


WEATHER CONDITIONS
 THE FOLLOWING WEATHER WAS RECORDED YESTERDAY.
  FOG


RELATIVE HUMIDITY (PERCENT)
 HIGHEST    92           600 AM
 LOWEST     54           100 PM
 AVERAGE    73

..........................................................


THE BUFFALO NY CLIMATE NORMALS FOR TODAY
                         NORMAL    RECORD    YEAR
 MAXIMUM TEMPERATURE (F)   47        74      1958
 MINIMUM TEMPERATURE (F)   33        13      1959


SUNRISE AND SUNSET
NOVEMBER 18 2016......SUNRISE   712 AM EST   SUNSET   449 PM EST
NOVEMBER 19 2016......SUNRISE   713 AM EST   SUNSET   448 PM EST


-  INDICATES NEGATIVE NUMBERS.
R  INDICATES RECORD WAS SET OR TIED.
MM INDICATES DATA IS MISSING.
T  INDICATES TRACE AMOUNT.




$$
