000
CDUS41 KBUF 221010
CLIBUF


CLIMATE REPORT
NATIONAL WEATHER SERVICE BUFFALO NY
610 AM EDT MON JUN 22 2015


...................................

...THE BUFFALO NY CLIMATE SUMMARY FOR JUNE 21 2015...

CLIMATE NORMAL PERIOD 1981 TO 2010
CLIMATE RECORD PERIOD 1871 TO 2015


WEATHER ITEM   OBSERVED TIME   RECORD YEAR NORMAL DEPARTURE LAST
                VALUE   (LST)  VALUE       VALUE  FROM      YEAR
                                                  NORMAL
..................................................................
TEMPERATURE (F)
 YESTERDAY
  MAXIMUM         74    325 PM  93    1953  77     -3       76
  MINIMUM         63   1159 PM  42    1969  59      4       56
  AVERAGE         69                        68      1       66

PRECIPITATION (IN)
  YESTERDAY        0.11          1.90 1937   0.12  -0.01      T
  MONTH TO DATE    2.64                      2.65  -0.01     2.84
  SINCE JUN 1      2.64                      2.65  -0.01     2.84
  SINCE JAN 1     15.27                     17.66  -2.39    20.37

SNOWFALL (IN)
  YESTERDAY        0.0           0.0    MM   0.0    0.0      0.0
  MONTH TO DATE    0.0                       0.0    0.0      0.0
  SINCE JUN 1      0.0                       0.0    0.0      0.0
  SINCE JUL 1    112.9                      94.7   18.2    129.9
  SNOW DEPTH       0

DEGREE DAYS
 HEATING
  YESTERDAY        0                         1     -1        0
  MONTH TO DATE   39                        56    -17       28
  SINCE JUN 1     39                        56    -17       28
  SINCE JUL 1   7017                      6609    408     7125

 COOLING
  YESTERDAY        4                         4      0        1
  MONTH TO DATE   54                        58     -4       63
  SINCE JUN 1     54                        58     -4       63
  SINCE JAN 1    145                        84     61       86
..................................................................


WIND (MPH)
  HIGHEST WIND SPEED    28   HIGHEST WIND DIRECTION    SW (240)
  HIGHEST GUST SPEED    36   HIGHEST GUST DIRECTION     W (250)
  AVERAGE WIND SPEED    12.0


SKY COVER
  AVERAGE SKY COVER 0.5


WEATHER CONDITIONS
 THE FOLLOWING WEATHER WAS RECORDED YESTERDAY.
  LIGHT RAIN
  FOG
  HAZE


RELATIVE HUMIDITY (PERCENT)
 HIGHEST    90           100 AM
 LOWEST     73           200 PM
 AVERAGE    82

..........................................................


THE BUFFALO NY CLIMATE NORMALS FOR TODAY
                         NORMAL    RECORD    YEAR
 MAXIMUM TEMPERATURE (F)   77        92      1957
 MINIMUM TEMPERATURE (F)   59        44      1992


SUNRISE AND SUNSET
JUNE 22 2015..........SUNRISE   536 AM EDT   SUNSET   858 PM EDT
JUNE 23 2015..........SUNRISE   537 AM EDT   SUNSET   858 PM EDT


-  INDICATES NEGATIVE NUMBERS.
R  INDICATES RECORD WAS SET OR TIED.
MM INDICATES DATA IS MISSING.
T  INDICATES TRACE AMOUNT.

$$
