000
CDUS41 KBUF 181029
CLIBUF


CLIMATE REPORT
NATIONAL WEATHER SERVICE BUFFALO NY
628 AM EDT TUE AUG 18 2015


...................................

...THE BUFFALO NY CLIMATE SUMMARY FOR AUGUST 17 2015...

CLIMATE NORMAL PERIOD 1981 TO 2010
CLIMATE RECORD PERIOD 1871 TO 2015


WEATHER ITEM   OBSERVED TIME   RECORD YEAR NORMAL DEPARTURE LAST
                VALUE   (LST)  VALUE       VALUE  FROM      YEAR
                                                  NORMAL
..................................................................
TEMPERATURE (F)
 YESTERDAY
  MAXIMUM         85    442 PM  93    1955  79      6       74
  MINIMUM         66    404 AM  46    1961  61      5       60
  AVERAGE         76                        70      6       67

PRECIPITATION (IN)
  YESTERDAY        0.00          3.65 1944   0.10  -0.10     0.00
  MONTH TO DATE    3.47                      1.82   1.65     2.45
  SINCE JUN 1     10.92                      8.71   2.21    11.70
  SINCE JAN 1     23.55                     23.72  -0.17    29.23

SNOWFALL (IN)
  YESTERDAY        0.0           0.0    MM   0.0    0.0      0.0
  MONTH TO DATE    0.0                       0.0    0.0      0.0
  SINCE JUN 1      0.0                       0.0    0.0      0.0
  SINCE JUL 1      0.0                       0.0    0.0      0.0
  SNOW DEPTH       0

DEGREE DAYS
 HEATING
  YESTERDAY        0                         1     -1        0
  MONTH TO DATE    1                         2     -1       10
  SINCE JUN 1     58                        75    -17       48
  SINCE JUL 1      8                        11     -3       20

 COOLING
  YESTERDAY       11                         5      6        2
  MONTH TO DATE   96                        99     -3       63
  SINCE JUN 1    370                       399    -29      341
  SINCE JAN 1    461                       425     36      364
..................................................................


WIND (MPH)
  HIGHEST WIND SPEED    17   HIGHEST WIND DIRECTION    SW (240)
  HIGHEST GUST SPEED    21   HIGHEST GUST DIRECTION    SW (230)
  AVERAGE WIND SPEED     8.5


SKY COVER
  AVERAGE SKY COVER 0.2


WEATHER CONDITIONS
 THE FOLLOWING WEATHER WAS RECORDED YESTERDAY.
  NO SIGNIFICANT WEATHER WAS OBSERVED.


RELATIVE HUMIDITY (PERCENT)
 HIGHEST    87           500 AM
 LOWEST     51           100 PM
 AVERAGE    69

..........................................................


THE BUFFALO NY CLIMATE NORMALS FOR TODAY
                         NORMAL    RECORD    YEAR
 MAXIMUM TEMPERATURE (F)   78        90      1947
                                             1935
                                             1913
 MINIMUM TEMPERATURE (F)   61        46      1963


SUNRISE AND SUNSET
AUGUST 18 2015........SUNRISE   624 AM EDT   SUNSET   813 PM EDT
AUGUST 19 2015........SUNRISE   625 AM EDT   SUNSET   811 PM EDT


-  INDICATES NEGATIVE NUMBERS.
R  INDICATES RECORD WAS SET OR TIED.
MM INDICATES DATA IS MISSING.
T  INDICATES TRACE AMOUNT.




$$
