000
CDUS41 KBUF 201009
CLIBUF


CLIMATE REPORT
NATIONAL WEATHER SERVICE BUFFALO NY
607 AM EDT WED JUL 20 2016


...................................

...THE BUFFALO NY CLIMATE SUMMARY FOR JULY 19 2016...

CLIMATE NORMAL PERIOD 1981 TO 2010
CLIMATE RECORD PERIOD 1871 TO 2016


WEATHER ITEM   OBSERVED TIME   RECORD YEAR NORMAL DEPARTURE LAST
                VALUE   (LST)  VALUE       VALUE  FROM      YEAR
                                                  NORMAL
..................................................................
TEMPERATURE (F)
 YESTERDAY
  MAXIMUM         78    118 PM  92    1916  80     -2       83
  MINIMUM         61    534 AM  50    1912  63     -2       72
  AVERAGE         70                        71     -1       78

PRECIPITATION (IN)
  YESTERDAY        0.00          1.88 2007   0.11  -0.11     0.22
  MONTH TO DATE    0.76                      1.90  -1.14     2.16
  SINCE JUN 1      2.07                      5.56  -3.49     7.19
  SINCE JAN 1     13.31                     20.57  -7.26    19.82

SNOWFALL (IN)
  YESTERDAY        0.0           0.0    MM   0.0    0.0      0.0
  MONTH TO DATE    0.0                       0.0    0.0      0.0
  SINCE JUN 1      0.0                       0.0    0.0      0.0
  SINCE JUL 1      0.0                       0.0    0.0      0.0
  SNOW DEPTH       0

DEGREE DAYS
 HEATING
  YESTERDAY        0                         0      0        0
  MONTH TO DATE    0                         2     -2        7
  SINCE JUN 1     42                        66    -24       57
  SINCE JUL 1      0                         2     -2        7

 COOLING
  YESTERDAY        5                         7     -2       13
  MONTH TO DATE  164                       122     42       89
  SINCE JUN 1    292                       225     67      165
  SINCE JAN 1    351                       251    100      256
..................................................................


WIND (MPH)
  HIGHEST WIND SPEED    18   HIGHEST WIND DIRECTION    NW (320)
  HIGHEST GUST SPEED    22   HIGHEST GUST DIRECTION    NW (330)
  AVERAGE WIND SPEED     6.8


SKY COVER
  AVERAGE SKY COVER 0.5


WEATHER CONDITIONS
 THE FOLLOWING WEATHER WAS RECORDED YESTERDAY.
  NO SIGNIFICANT WEATHER WAS OBSERVED.


RELATIVE HUMIDITY (PERCENT)
 HIGHEST    65           600 AM
 LOWEST     33          1200 PM
 AVERAGE    49

..........................................................


THE BUFFALO NY CLIMATE NORMALS FOR TODAY
                         NORMAL    RECORD    YEAR
 MAXIMUM TEMPERATURE (F)   80        91      1994
                                             1978
                                             1916
 MINIMUM TEMPERATURE (F)   63        46      1965


SUNRISE AND SUNSET
JULY 20 2016..........SUNRISE   555 AM EDT   SUNSET   848 PM EDT
JULY 21 2016..........SUNRISE   555 AM EDT   SUNSET   847 PM EDT


-  INDICATES NEGATIVE NUMBERS.
R  INDICATES RECORD WAS SET OR TIED.
MM INDICATES DATA IS MISSING.
T  INDICATES TRACE AMOUNT.




$$
