000
CDUS41 KBUF 192055
CLIBUF


CLIMATE REPORT
NATIONAL WEATHER SERVICE BUFFALO NY
454 PM EDT FRI SEP 19 2014


...................................

...THE BUFFALO NY CLIMATE SUMMARY FOR SEPTEMBER 19 2014...
VALID TODAY AS OF 0400 PM LOCAL TIME.

CLIMATE NORMAL PERIOD 1981 TO 2010
CLIMATE RECORD PERIOD 1871 TO 2014


WEATHER ITEM   OBSERVED TIME   RECORD YEAR NORMAL DEPARTURE LAST
                VALUE   (LST)  VALUE       VALUE  FROM      YEAR
                                                  NORMAL
..................................................................
TEMPERATURE (F)
 TODAY
  MAXIMUM         65    259 PM  88    1946  70     -5       75
  MINIMUM         41    624 AM  38    1995  52    -11       52
                                      1993
  AVERAGE         53                        61     -8       64

PRECIPITATION (IN)
  TODAY            0.00          2.09 1948   0.14  -0.14     0.00
  MONTH TO DATE    3.02                      2.33   0.69     0.74
  SINCE SEP 1      3.02                      2.33   0.69     0.74
  SINCE JAN 1     32.96                     27.49   5.47    28.37

SNOWFALL (IN)
  TODAY            0.0           0.0    MM   0.0    0.0      0.0
  MONTH TO DATE    0.0                       0.0    0.0      0.0
  SINCE SEP 1      0.0                       0.0    0.0      0.0
  SINCE JUL 1      0.0                       0.0    0.0      0.0
  SNOW DEPTH       0

DEGREE DAYS
 HEATING
  TODAY           12                         5      7        1
  MONTH TO DATE   84                        58     26       92
  SINCE SEP 1     84                        58     26       92
  SINCE JUL 1    106                        85     21      108

 COOLING
  TODAY            0                         1     -1        0
  MONTH TO DATE   52                        44      8       44
  SINCE SEP 1     52                        44      8       44
  SINCE JAN 1    498                       531    -33      596
..................................................................


WIND (MPH)
  HIGHEST WIND SPEED    12   HIGHEST WIND DIRECTION     E (100)
  HIGHEST GUST SPEED    15   HIGHEST GUST DIRECTION     E (110)
  AVERAGE WIND SPEED     6.0


SKY COVER
  AVERAGE SKY COVER 0.4


WEATHER CONDITIONS
 THE FOLLOWING WEATHER WAS RECORDED TODAY.
  FOG


RELATIVE HUMIDITY (PERCENT)
 HIGHEST    93           600 AM
 LOWEST     40           300 PM
 AVERAGE    67

..........................................................


THE BUFFALO NY CLIMATE NORMALS FOR TOMORROW
                         NORMAL    RECORD    YEAR
 MAXIMUM TEMPERATURE (F)   70        88      1946
 MINIMUM TEMPERATURE (F)   52        36      1993


SUNRISE AND SUNSET
SEPTEMBER 19 2014.....SUNRISE   659 AM EDT   SUNSET   718 PM EDT
SEPTEMBER 20 2014.....SUNRISE   700 AM EDT   SUNSET   716 PM EDT


-  INDICATES NEGATIVE NUMBERS.
R  INDICATES RECORD WAS SET OR TIED.
MM INDICATES DATA IS MISSING.
T  INDICATES TRACE AMOUNT.




$$
