008
CDUS41 KBUF 080705
CLIBUF


CLIMATE REPORT
NATIONAL WEATHER SERVICE BUFFALO NY
205 AM EST MON FEB 8 2016


...................................

...THE BUFFALO NY CLIMATE SUMMARY FOR FEBRUARY 7 2016...

CLIMATE NORMAL PERIOD 1981 TO 2010
CLIMATE RECORD PERIOD 1871 TO 2016


WEATHER ITEM   OBSERVED TIME   RECORD YEAR NORMAL DEPARTURE LAST
                VALUE   (LST)  VALUE       VALUE  FROM      YEAR
                                                  NORMAL
..................................................................
TEMPERATURE (F)
 YESTERDAY
  MAXIMUM         48    320 PM  57    1925  32     16       32
  MINIMUM         28    503 AM  -6    1910  18     10       22
  AVERAGE         38                        25     13       27

PRECIPITATION (IN)
  YESTERDAY        0.00          1.94 1942   0.08  -0.08     0.07
  MONTH TO DATE    0.75                      0.61   0.14     1.19
  SINCE DEC 1      5.46                      7.68  -2.22     5.93
  SINCE JAN 1      2.56                      3.79  -1.23     3.78

SNOWFALL (IN)
  YESTERDAY        0.0          10.2  1942   0.7   -0.7      1.0
  MONTH TO DATE    1.0                       4.8   -3.8     23.1
  SINCE DEC 1     27.6                      57.5  -29.9     59.4
  SINCE JUL 1     27.6                      66.3  -38.7     79.9
  SNOW DEPTH       0

DEGREE DAYS
 HEATING
  YESTERDAY       27                        40    -13       38
  MONTH TO DATE  186                       280    -94      336
  SINCE DEC 1   2062                      2606   -544     2677
  SINCE JUL 1   3106                      3939   -833     3975

 COOLING
  YESTERDAY        0                         0      0        0
  MONTH TO DATE    0                         0      0        0
  SINCE DEC 1      0                         0      0        0
  SINCE JAN 1      0                         0      0        0
..................................................................


WIND (MPH)
  HIGHEST WIND SPEED    16   HIGHEST WIND DIRECTION     S (200)
  HIGHEST GUST SPEED    20   HIGHEST GUST DIRECTION     S (190)
  AVERAGE WIND SPEED     8.0


SKY COVER
  AVERAGE SKY COVER 0.6


WEATHER CONDITIONS
 THE FOLLOWING WEATHER WAS RECORDED YESTERDAY.
  NO SIGNIFICANT WEATHER WAS OBSERVED.


RELATIVE HUMIDITY (PERCENT)
 HIGHEST    78           100 AM
 LOWEST     45           200 PM
 AVERAGE    62

..........................................................


THE BUFFALO NY CLIMATE NORMALS FOR TODAY
                         NORMAL    RECORD    YEAR
 MAXIMUM TEMPERATURE (F)   32        63      1900
 MINIMUM TEMPERATURE (F)   18       -14      1934


SUNRISE AND SUNSET
FEBRUARY  8 2016......SUNRISE   722 AM EST   SUNSET   536 PM EST
FEBRUARY  9 2016......SUNRISE   721 AM EST   SUNSET   538 PM EST


-  INDICATES NEGATIVE NUMBERS.
R  INDICATES RECORD WAS SET OR TIED.
MM INDICATES DATA IS MISSING.
T  INDICATES TRACE AMOUNT.




$$
