000
CDUS41 KBUF 151021
CLIBUF


CLIMATE REPORT
NATIONAL WEATHER SERVICE BUFFALO NY
518 AM EST MON JAN 15 2018


...................................

...THE BUFFALO NY CLIMATE SUMMARY FOR JANUARY 14 2018...

CLIMATE NORMAL PERIOD 1981 TO 2010
CLIMATE RECORD PERIOD 1871 TO 2018


WEATHER ITEM   OBSERVED TIME   RECORD YEAR NORMAL DEPARTURE LAST
                VALUE   (LST)  VALUE       VALUE  FROM      YEAR
                                                  NORMAL
..................................................................
TEMPERATURE (F)
 YESTERDAY
  MAXIMUM         17    321 PM  66    1995  31    -14       29
  MINIMUM          1    838 AM  -9    1957  18    -17       19
                                      1914
  AVERAGE          9                        25    -16       24

PRECIPITATION (IN)
  YESTERDAY        T             1.05 1904   0.10  -0.10      T
  MONTH TO DATE    2.40                      1.55   0.85     1.38
  SINCE DEC 1      5.33                      5.44  -0.11     5.44
  SINCE JAN 1      2.40                      1.55   0.85     1.38

SNOWFALL (IN)
  YESTERDAY        T             7.8  1963   0.8   -0.8       T
  MONTH TO DATE   15.1                      12.3    2.8      2.9
  SINCE DEC 1     48.8                      39.7    9.1     33.0
  SINCE JUL 1     49.0                      48.5    0.5     33.9
  SNOW DEPTH       6

DEGREE DAYS
 HEATING
  YESTERDAY       56                        40     16       41
  MONTH TO DATE  638                       555     83      524
  SINCE DEC 1   1859                      1637    222     1564
  SINCE JUL 1   2974                      2970      4     2534

 COOLING
  YESTERDAY        0                         0      0        0
  MONTH TO DATE    0                         0      0        0
  SINCE DEC 1      0                         0      0        0
  SINCE JAN 1      0                         0      0        0
..................................................................


WIND (MPH)
  HIGHEST WIND SPEED    10   HIGHEST WIND DIRECTION    NW (320)
  HIGHEST GUST SPEED    13   HIGHEST GUST DIRECTION    SE (130)
  AVERAGE WIND SPEED     4.8


SKY COVER
  AVERAGE SKY COVER 0.3


WEATHER CONDITIONS
 THE FOLLOWING WEATHER WAS RECORDED YESTERDAY.
  LIGHT SNOW


RELATIVE HUMIDITY (PERCENT)
 HIGHEST    95           800 AM
 LOWEST     53           500 PM
 AVERAGE    74

..........................................................


THE BUFFALO NY CLIMATE NORMALS FOR TODAY
                         NORMAL    RECORD    YEAR
 MAXIMUM TEMPERATURE (F)   31        67      1995
 MINIMUM TEMPERATURE (F)   18       -12      1957


SUNRISE AND SUNSET
JANUARY 15 2018.......SUNRISE   743 AM EST   SUNSET   506 PM EST
JANUARY 16 2018.......SUNRISE   743 AM EST   SUNSET   507 PM EST


-  INDICATES NEGATIVE NUMBERS.
R  INDICATES RECORD WAS SET OR TIED.
MM INDICATES DATA IS MISSING.
T  INDICATES TRACE AMOUNT.




$$
