000
CDUS41 KBUF 251024
CLIBUF


CLIMATE REPORT
NATIONAL WEATHER SERVICE BUFFALO NY
624 AM EDT TUE APR 25 2017


...................................

...THE BUFFALO NY CLIMATE SUMMARY FOR APRIL 24 2017...

CLIMATE NORMAL PERIOD 1981 TO 2010
CLIMATE RECORD PERIOD 1871 TO 2017


WEATHER ITEM   OBSERVED TIME   RECORD YEAR NORMAL DEPARTURE LAST
                VALUE   (LST)  VALUE       VALUE  FROM      YEAR
                                                  NORMAL
..................................................................
TEMPERATURE (F)
 YESTERDAY
  MAXIMUM         63    159 PM  87    1957  59      4       59
  MINIMUM         38    519 AM  23    1919  40     -2       36
  AVERAGE         51                        49      2       48

PRECIPITATION (IN)
  YESTERDAY        0.00          0.66 1992   0.09  -0.09     0.00
  MONTH TO DATE    4.86                      2.43   2.43     1.36
  SINCE MAR 1      9.22                      5.30   3.92     4.21
  SINCE JAN 1     14.40                     10.97   3.43     9.49

SNOWFALL (IN)
  YESTERDAY        0.0           1.2  2005   0.1   -0.1      0.0
  MONTH TO DATE    2.3                       2.6   -0.3      7.1
  SINCE MAR 1     29.1                      15.5   13.6      8.0
  SINCE JUL 1     76.1                      94.3  -18.2     55.1
  SNOW DEPTH       0

DEGREE DAYS
 HEATING
  YESTERDAY       14                        16     -2       17
  MONTH TO DATE  386                       488   -102      527
  SINCE MAR 1   1370                      1449    -79     1299
  SINCE JUL 1   5262                      6193   -931     5237

 COOLING
  YESTERDAY        0                         0      0        0
  MONTH TO DATE    2                         0      2        0
  SINCE MAR 1      2                         0      2        0
  SINCE JAN 1      2                         0      2        0
..................................................................


WIND (MPH)
  HIGHEST WIND SPEED    21   HIGHEST WIND DIRECTION    NE (60)
  HIGHEST GUST SPEED    25   HIGHEST GUST DIRECTION    NE (50)
  AVERAGE WIND SPEED    11.9


SKY COVER
  AVERAGE SKY COVER 0.4


WEATHER CONDITIONS
 THE FOLLOWING WEATHER WAS RECORDED YESTERDAY.
  NO SIGNIFICANT WEATHER WAS OBSERVED.


RELATIVE HUMIDITY (PERCENT)
 HIGHEST    71           800 AM
 LOWEST     47           500 PM
 AVERAGE    59

..........................................................


THE BUFFALO NY CLIMATE NORMALS FOR TODAY
                         NORMAL    RECORD    YEAR
 MAXIMUM TEMPERATURE (F)   59        87      1957
 MINIMUM TEMPERATURE (F)   40        21      1919


SUNRISE AND SUNSET
APRIL 25 2017.........SUNRISE   617 AM EDT   SUNSET   809 PM EDT
APRIL 26 2017.........SUNRISE   616 AM EDT   SUNSET   810 PM EDT


-  INDICATES NEGATIVE NUMBERS.
R  INDICATES RECORD WAS SET OR TIED.
MM INDICATES DATA IS MISSING.
T  INDICATES TRACE AMOUNT.

$$
