725
CDUS41 KBUF 161035
CLIBUF


CLIMATE REPORT
NATIONAL WEATHER SERVICE BUFFALO NY
535 AM EST FRI FEB 16 2018


...................................

...THE BUFFALO NY CLIMATE SUMMARY FOR FEBRUARY 15 2018...

CLIMATE NORMAL PERIOD 1981 TO 2010
CLIMATE RECORD PERIOD 1871 TO 2018


WEATHER ITEM   OBSERVED TIME   RECORD YEAR NORMAL DEPARTURE LAST
                VALUE   (LST)  VALUE       VALUE  FROM      YEAR
                                                  NORMAL
..................................................................
TEMPERATURE (F)
 YESTERDAY
  MAXIMUM         49   1246 PM  63    1954  33     16       36
  MINIMUM         39    127 AM -16    1943  19     20       23
  AVERAGE         44                        26     18       30

PRECIPITATION (IN)
  YESTERDAY        0.30          1.50 1990   0.09   0.21     0.07
  MONTH TO DATE    1.69                      1.32   0.37     1.36
  SINCE DEC 1      8.35                      8.39  -0.04     8.34
  SINCE JAN 1      5.42                      4.50   0.92     4.28

SNOWFALL (IN)
  YESTERDAY        0.0           9.4  1990   0.6   -0.6      1.1
  MONTH TO DATE   18.0                       9.7    8.3      4.4
  SINCE DEC 1     82.9                      62.4   20.5     45.5
  SINCE JUL 1     83.1                      71.2   11.9     46.4
  SNOW DEPTH       2

DEGREE DAYS
 HEATING
  YESTERDAY       21                        39    -18       35
  MONTH TO DATE  608                       596     12      537
  SINCE DEC 1   3084                      2922    162     2622
  SINCE JUL 1   4199                      4255    -56     3592

 COOLING
  YESTERDAY        0                         0      0        0
  MONTH TO DATE    0                         0      0        0
  SINCE DEC 1      0                         0      0        0
  SINCE JAN 1      0                         0      0        0
..................................................................


WIND (MPH)
  HIGHEST WIND SPEED    29   HIGHEST WIND DIRECTION    SW (240)
  HIGHEST GUST SPEED    38   HIGHEST GUST DIRECTION    SW (240)
  AVERAGE WIND SPEED    12.8


SKY COVER
  AVERAGE SKY COVER 1.0


WEATHER CONDITIONS
 THE FOLLOWING WEATHER WAS RECORDED YESTERDAY.
  RAIN
  LIGHT RAIN
  FOG
  FOG W/VISIBILITY <= 1/4 MILE


RELATIVE HUMIDITY (PERCENT)
 HIGHEST   100           500 AM
 LOWEST     85          1200 AM
 AVERAGE    93

..........................................................


THE BUFFALO NY CLIMATE NORMALS FOR TODAY
                         NORMAL    RECORD    YEAR
 MAXIMUM TEMPERATURE (F)   33        64      1883
 MINIMUM TEMPERATURE (F)   19       -10      2015


SUNRISE AND SUNSET
FEBRUARY 16 2018......SUNRISE   711 AM EST   SUNSET   548 PM EST
FEBRUARY 17 2018......SUNRISE   709 AM EST   SUNSET   549 PM EST


-  INDICATES NEGATIVE NUMBERS.
R  INDICATES RECORD WAS SET OR TIED.
MM INDICATES DATA IS MISSING.
T  INDICATES TRACE AMOUNT.




$$
