000
CDUS41 KBUF 030706
CLIBUF


CLIMATE REPORT
NATIONAL WEATHER SERVICE BUFFALO NY
205 AM EST TUE MAR 3 2015


...................................

...THE BUFFALO NY CLIMATE SUMMARY FOR MARCH 2 2015...

CLIMATE NORMAL PERIOD 1981 TO 2010
CLIMATE RECORD PERIOD 1871 TO 2015


WEATHER ITEM   OBSERVED TIME   RECORD YEAR NORMAL DEPARTURE LAST
                VALUE   (LST)  VALUE       VALUE  FROM      YEAR
                                                  NORMAL
..................................................................
TEMPERATURE (F)
 YESTERDAY
  MAXIMUM         26    449 PM  66    1991  37    -11       18
  MINIMUM         10   1145 PM  -5    1980  22    -12        5
  AVERAGE         18                        29    -11       12

PRECIPITATION (IN)
  YESTERDAY        0.02          1.33 1976   0.09  -0.07     0.16
  MONTH TO DATE    0.16                      0.18  -0.02     0.19
  SINCE MAR 1      0.16                      0.18  -0.02     0.19
  SINCE JAN 1      5.15                      5.85  -0.70     6.97

SNOWFALL (IN)
  YESTERDAY       MM             6.5  1914   0.6   MM        1.7
  MONTH TO DATE    1.8                       1.1    0.7      1.9
  SINCE MAR 1      1.8                       1.1    0.7      1.9
  SINCE JUL 1    104.8                      79.9   24.9    106.1
  SNOW DEPTH      23

DEGREE DAYS
 HEATING
  YESTERDAY       47                        36     11       53
  MONTH TO DATE   96                        72     24       96
  SINCE MAR 1     96                        72     24       96
  SINCE JUL 1   5244                      4816    428     5202

 COOLING
  YESTERDAY        0                         0      0        0
  MONTH TO DATE    0                         0      0        0
  SINCE MAR 1      0                         0      0        0
  SINCE JAN 1      0                         0      0        0
..................................................................


WIND (MPH)
  HIGHEST WIND SPEED    26   HIGHEST WIND DIRECTION     W (260)
  HIGHEST GUST SPEED    32   HIGHEST GUST DIRECTION     W (280)
  AVERAGE WIND SPEED    14.3


SKY COVER
  AVERAGE SKY COVER 0.7


WEATHER CONDITIONS
 THE FOLLOWING WEATHER WAS RECORDED YESTERDAY.
  LIGHT SNOW
  FOG
  HAZE


RELATIVE HUMIDITY (PERCENT)
 HIGHEST    84          1200 AM
 LOWEST     50           400 PM
 AVERAGE    67

..........................................................


THE BUFFALO NY CLIMATE NORMALS FOR TODAY
                         NORMAL    RECORD    YEAR
 MAXIMUM TEMPERATURE (F)   37        70      1974
 MINIMUM TEMPERATURE (F)   22        -3      2003


SUNRISE AND SUNSET
MARCH  3 2015.........SUNRISE   648 AM EST   SUNSET   606 PM EST
MARCH  4 2015.........SUNRISE   646 AM EST   SUNSET   608 PM EST


-  INDICATES NEGATIVE NUMBERS.
R  INDICATES RECORD WAS SET OR TIED.
MM INDICATES DATA IS MISSING.
T  INDICATES TRACE AMOUNT.




$$
