000
CDUS41 KBUF 270705
CLIBUF


CLIMATE REPORT
NATIONAL WEATHER SERVICE BUFFALO NY
305 AM EDT SAT AUG 27 2016


...................................

...THE BUFFALO NY CLIMATE SUMMARY FOR AUGUST 26 2016...

CLIMATE NORMAL PERIOD 1981 TO 2010
CLIMATE RECORD PERIOD 1871 TO 2016


WEATHER ITEM   OBSERVED TIME   RECORD YEAR NORMAL DEPARTURE LAST
                VALUE   (LST)  VALUE       VALUE  FROM      YEAR
                                                  NORMAL
..................................................................
TEMPERATURE (F)
 YESTERDAY
  MAXIMUM         80    349 PM  93    1948  77      3       69
  MINIMUM         69   1159 PM  45    1963  60      9       57
  AVERAGE         75                        68      7       63

PRECIPITATION (IN)
  YESTERDAY        0.00          1.08 1971   0.11  -0.11      T
  MONTH TO DATE    3.28                      2.75   0.53     4.38
  SINCE JUN 1      6.39                      9.64  -3.25    11.83
  SINCE JAN 1     17.63                     24.65  -7.02    24.46

SNOWFALL (IN)
  YESTERDAY        0.0           0.0    MM   0.0    0.0      0.0
  MONTH TO DATE    0.0                       0.0    0.0      0.0
  SINCE JUN 1      0.0                       0.0    0.0      0.0
  SINCE JUL 1      0.0                       0.0    0.0      0.0
  SNOW DEPTH       0

DEGREE DAYS
 HEATING
  YESTERDAY        0                         1     -1        2
  MONTH TO DATE    0                        11    -11        5
  SINCE JUN 1     42                        84    -42       62
  SINCE JUL 1      0                        20    -20       12

 COOLING
  YESTERDAY       10                         4      6        0
  MONTH TO DATE  294                       141    153      143
  SINCE JUN 1    715                       441    274      417
  SINCE JAN 1    774                       467    307      508
..................................................................


WIND (MPH)
  HIGHEST WIND SPEED    18   HIGHEST WIND DIRECTION    SW (230)
  HIGHEST GUST SPEED    22   HIGHEST GUST DIRECTION    SW (230)
  AVERAGE WIND SPEED     8.5


SKY COVER
  AVERAGE SKY COVER 0.4


WEATHER CONDITIONS
 THE FOLLOWING WEATHER WAS RECORDED YESTERDAY.
  FOG
  HAZE


RELATIVE HUMIDITY (PERCENT)
 HIGHEST    97           500 AM
 LOWEST     58           300 PM
 AVERAGE    78

..........................................................


THE BUFFALO NY CLIMATE NORMALS FOR TODAY
                         NORMAL    RECORD    YEAR
 MAXIMUM TEMPERATURE (F)   77        99      1948
 MINIMUM TEMPERATURE (F)   59        46      1969


SUNRISE AND SUNSET
AUGUST 27 2016........SUNRISE   635 AM EDT   SUNSET   757 PM EDT
AUGUST 28 2016........SUNRISE   636 AM EDT   SUNSET   755 PM EDT


-  INDICATES NEGATIVE NUMBERS.
R  INDICATES RECORD WAS SET OR TIED.
MM INDICATES DATA IS MISSING.
T  INDICATES TRACE AMOUNT.




$$
