000
CDUS41 KBUF 292138
CLIBUF


CLIMATE REPORT
NATIONAL WEATHER SERVICE BUFFALO NY
437 PM EST THU JAN 29 2015


...................................

...THE BUFFALO NY CLIMATE SUMMARY FOR JANUARY 29 2015...
VALID TODAY AS OF 400 PM LOCAL TIME.

CLIMATE NORMAL PERIOD 1981 TO 2010
CLIMATE RECORD PERIOD 1871 TO 2015


WEATHER ITEM   OBSERVED TIME   RECORD YEAR NORMAL DEPARTURE LAST
                VALUE   (LST)  VALUE       VALUE  FROM      YEAR
                                                  NORMAL
..................................................................
TEMPERATURE (F)
 TODAY
  MAXIMUM         38    227 PM  59    1914  31      7       14
  MINIMUM         10   1210 AM  -7    1977  18     -8        0
  AVERAGE         24                        24      0        7

PRECIPITATION (IN)
  TODAY            0.06          0.99 2006   0.09  -0.03      T
  MONTH TO DATE    2.38                      3.00  -0.62     3.16
  SINCE DEC 1      4.53                      6.89  -2.36     8.09
  SINCE JAN 1      2.38                      3.00  -0.62     3.16

SNOWFALL (IN)
  TODAY            0.6           4.4  2012   0.7   -0.1      0.3
  MONTH TO DATE   23.2                      23.8   -0.6     42.4
  SINCE DEC 1     34.5                      51.2  -16.7     70.9
  SINCE JUL 1     55.0                      60.0   -5.0     80.9
  SNOW DEPTH       4

SNOWFALL THROUGH 4 PM

DEGREE DAYS
 HEATING
  TODAY           41                        41      0       58
  MONTH TO DATE 1278                      1167    111     1310
  SINCE DEC 1   2246                      2249     -3     2450
  SINCE JUL 1   3544                      3582    -38     3768

 COOLING
  TODAY            0                         0      0        0
  MONTH TO DATE    0                         0      0        0
  SINCE DEC 1      0                         0      0        0
  SINCE JAN 1      0                         0      0        0
..................................................................


WIND (MPH)
  HIGHEST WIND SPEED    26   HIGHEST WIND DIRECTION    SW (210)
  HIGHEST GUST SPEED    35   HIGHEST GUST DIRECTION     S (200)
  AVERAGE WIND SPEED     9.0


SKY COVER
  AVERAGE SKY COVER 0.9


WEATHER CONDITIONS
 THE FOLLOWING WEATHER WAS RECORDED TODAY.
  SNOW
  LIGHT SNOW
  FOG
  HAZE


RELATIVE HUMIDITY (PERCENT)
 HIGHEST    89           400 PM
 LOWEST     36          1100 AM
 AVERAGE    63

..........................................................


THE BUFFALO NY CLIMATE NORMALS FOR TOMORROW
                         NORMAL    RECORD    YEAR
 MAXIMUM TEMPERATURE (F)   31        66      2013
 MINIMUM TEMPERATURE (F)   18        -3      2003


SUNRISE AND SUNSET
JANUARY 29 2015.......SUNRISE   733 AM EST   SUNSET   523 PM EST
JANUARY 30 2015.......SUNRISE   732 AM EST   SUNSET   525 PM EST


-  INDICATES NEGATIVE NUMBERS.
R  INDICATES RECORD WAS SET OR TIED.
MM INDICATES DATA IS MISSING.
T  INDICATES TRACE AMOUNT.




$$
