000
CDUS41 KBUF 261010
CLIBUF


CLIMATE REPORT
NATIONAL WEATHER SERVICE BUFFALO NY
610 AM EDT WED APR 26 2017


...................................

...THE BUFFALO NY CLIMATE SUMMARY FOR APRIL 25 2017...

CLIMATE NORMAL PERIOD 1981 TO 2010
CLIMATE RECORD PERIOD 1871 TO 2017


WEATHER ITEM   OBSERVED TIME   RECORD YEAR NORMAL DEPARTURE LAST
                VALUE   (LST)  VALUE       VALUE  FROM      YEAR
                                                  NORMAL
..................................................................
TEMPERATURE (F)
 YESTERDAY
  MAXIMUM         64    554 PM  87    1957  59      5       56
  MINIMUM         46    217 AM  21    1919  40      6       40
  AVERAGE         55                        50      5       48

PRECIPITATION (IN)
  YESTERDAY        0.36          1.51 1976   0.09   0.27     0.15
  MONTH TO DATE    5.22                      2.52   2.70     1.51
  SINCE MAR 1      9.58                      5.39   4.19     4.36
  SINCE JAN 1     14.76                     11.06   3.70     9.64

SNOWFALL (IN)
  YESTERDAY        0.0           0.4  1971   0.0    0.0      0.0
  MONTH TO DATE    2.3                       2.6   -0.3      7.1
  SINCE MAR 1     29.1                      15.5   13.6      8.0
  SINCE JUL 1     76.1                      94.3  -18.2     55.1
  SNOW DEPTH       0

DEGREE DAYS
 HEATING
  YESTERDAY       10                        15     -5       17
  MONTH TO DATE  396                       503   -107      544
  SINCE MAR 1   1380                      1464    -84     1316
  SINCE JUL 1   5272                      6208   -936     5254

 COOLING
  YESTERDAY        0                         0      0        0
  MONTH TO DATE    2                         0      2        0
  SINCE MAR 1      2                         0      2        0
  SINCE JAN 1      2                         0      2        0
..................................................................


WIND (MPH)
  HIGHEST WIND SPEED    17   HIGHEST WIND DIRECTION    SE (130)
  HIGHEST GUST SPEED    23   HIGHEST GUST DIRECTION    SE (120)
  AVERAGE WIND SPEED     8.3


SKY COVER
  AVERAGE SKY COVER 0.9


WEATHER CONDITIONS
 THE FOLLOWING WEATHER WAS RECORDED YESTERDAY.
  HEAVY RAIN
  RAIN
  LIGHT RAIN
  FOG


RELATIVE HUMIDITY (PERCENT)
 HIGHEST    89          1100 AM
 LOWEST     61          1200 AM
 AVERAGE    75

..........................................................


THE BUFFALO NY CLIMATE NORMALS FOR TODAY
                         NORMAL    RECORD    YEAR
 MAXIMUM TEMPERATURE (F)   60        84      1921
 MINIMUM TEMPERATURE (F)   41        23      1919


SUNRISE AND SUNSET
APRIL 26 2017.........SUNRISE   616 AM EDT   SUNSET   810 PM EDT
APRIL 27 2017.........SUNRISE   614 AM EDT   SUNSET   812 PM EDT


-  INDICATES NEGATIVE NUMBERS.
R  INDICATES RECORD WAS SET OR TIED.
MM INDICATES DATA IS MISSING.
T  INDICATES TRACE AMOUNT.




$$
