000
CDUS41 KBUF 201022
CLIBUF


CLIMATE REPORT
NATIONAL WEATHER SERVICE BUFFALO NY
522 AM EST MON FEB 20 2017


...................................

...THE BUFFALO NY CLIMATE SUMMARY FOR FEBRUARY 19 2017...

CLIMATE NORMAL PERIOD 1981 TO 2010
CLIMATE RECORD PERIOD 1871 TO 2017


WEATHER ITEM   OBSERVED TIME   RECORD YEAR NORMAL DEPARTURE LAST
                VALUE   (LST)  VALUE       VALUE  FROM      YEAR
                                                  NORMAL
..................................................................
TEMPERATURE (F)
 YESTERDAY
  MAXIMUM         49    237 PM  63    1994  34     15       48
  MINIMUM         32   1157 PM  -6    2015  20     12       14
  AVERAGE         41                        27     14       31

PRECIPITATION (IN)
  YESTERDAY        0.00          1.37 1960   0.09  -0.09      T
  MONTH TO DATE    1.36                      1.66  -0.30     2.12
  SINCE DEC 1      8.34                      8.73  -0.39     6.83
  SINCE JAN 1      4.28                      4.84  -0.56     3.93

SNOWFALL (IN)
  YESTERDAY        0.0          13.0  1960   0.6   -0.6      0.0
  MONTH TO DATE    4.6                      12.1   -7.5     18.7
  SINCE DEC 1     45.7                      64.8  -19.1     45.3
  SINCE JUL 1     46.6                      73.6  -27.0     45.3
  SNOW DEPTH       0

DEGREE DAYS
 HEATING
  YESTERDAY       24                        38    -14       34
  MONTH TO DATE  659                       750    -91      717
  SINCE DEC 1   2744                      3076   -332     2593
  SINCE JUL 1   3714                      4409   -695     3637

 COOLING
  YESTERDAY        0                         0      0        0
  MONTH TO DATE    0                         0      0        0
  SINCE DEC 1      0                         0      0        0
  SINCE JAN 1      0                         0      0        0
..................................................................


WIND (MPH)
  HIGHEST WIND SPEED    25   HIGHEST WIND DIRECTION    SW (240)
  HIGHEST GUST SPEED    32   HIGHEST GUST DIRECTION    SW (240)
  AVERAGE WIND SPEED    10.4


SKY COVER
  AVERAGE SKY COVER 0.3


WEATHER CONDITIONS
 THE FOLLOWING WEATHER WAS RECORDED YESTERDAY.
  FOG


RELATIVE HUMIDITY (PERCENT)
 HIGHEST    92           800 AM
 LOWEST     61           200 PM
 AVERAGE    77

..........................................................


THE BUFFALO NY CLIMATE NORMALS FOR TODAY
                         NORMAL    RECORD    YEAR
 MAXIMUM TEMPERATURE (F)   34        64      1955
 MINIMUM TEMPERATURE (F)   20       -10      1934


SUNRISE AND SUNSET
FEBRUARY 20 2017......SUNRISE   705 AM EST   SUNSET   553 PM EST
FEBRUARY 21 2017......SUNRISE   703 AM EST   SUNSET   554 PM EST


-  INDICATES NEGATIVE NUMBERS.
R  INDICATES RECORD WAS SET OR TIED.
MM INDICATES DATA IS MISSING.
T  INDICATES TRACE AMOUNT.

$$
