000
CDUS41 KBUF 231023
CLIBUF


CLIMATE REPORT
NATIONAL WEATHER SERVICE BUFFALO NY
621 AM EDT MON OCT 23 2017


...................................

...THE BUFFALO NY CLIMATE SUMMARY FOR OCTOBER 22 2017...

CLIMATE NORMAL PERIOD 1981 TO 2010
CLIMATE RECORD PERIOD 1871 TO 2017


WEATHER ITEM   OBSERVED TIME   RECORD YEAR NORMAL DEPARTURE LAST
                VALUE   (LST)  VALUE       VALUE  FROM      YEAR
                                                  NORMAL
..................................................................
TEMPERATURE (F)
 YESTERDAY
  MAXIMUM         79    307 PM  81    1979  57     22       47
  MINIMUM         49    346 AM  27    1969  41      8       40
  AVERAGE         64                        49     15       44

PRECIPITATION (IN)
  YESTERDAY        0.00          1.79 1912   0.11  -0.11      T
  MONTH TO DATE    2.46                      2.53  -0.07     3.70
  SINCE SEP 1      5.63                      6.43  -0.80     7.23
  SINCE JAN 1     37.91                     31.59   6.32    25.75

SNOWFALL (IN)
  YESTERDAY        0.0           0.9  1969   0.1   -0.1      0.0
  MONTH TO DATE    0.0                       0.5   -0.5      0.0
  SINCE SEP 1      0.0                       0.5   -0.5      0.0
  SINCE JUL 1      0.0                       0.5   -0.5      0.0
  SNOW DEPTH       0

DEGREE DAYS
 HEATING
  YESTERDAY        1                        16    -15       21
  MONTH TO DATE  116                       282   -166      155
  SINCE SEP 1    209                       417   -208      199
  SINCE JUL 1    225                       444   -219      199

 COOLING
  YESTERDAY        0                         0      0        0
  MONTH TO DATE   16                         0     16       12
  SINCE SEP 1    132                        53     79      121
  SINCE JAN 1    602                       540     62      939
..................................................................


WIND (MPH)
  HIGHEST WIND SPEED    15   HIGHEST WIND DIRECTION    SW (220)
  HIGHEST GUST SPEED    17   HIGHEST GUST DIRECTION    SW (220)
  AVERAGE WIND SPEED     6.9


SKY COVER
  AVERAGE SKY COVER 0.7


WEATHER CONDITIONS
 THE FOLLOWING WEATHER WAS RECORDED YESTERDAY.
  NO SIGNIFICANT WEATHER WAS OBSERVED.


RELATIVE HUMIDITY (PERCENT)
 HIGHEST    77           500 AM
 LOWEST     35           200 PM
 AVERAGE    56

..........................................................


THE BUFFALO NY CLIMATE NORMALS FOR TODAY
                         NORMAL    RECORD    YEAR
 MAXIMUM TEMPERATURE (F)   56        77      1991
 MINIMUM TEMPERATURE (F)   41        24      1969


SUNRISE AND SUNSET
OCTOBER 23 2017.......SUNRISE   738 AM EDT   SUNSET   619 PM EDT
OCTOBER 24 2017.......SUNRISE   740 AM EDT   SUNSET   618 PM EDT


-  INDICATES NEGATIVE NUMBERS.
R  INDICATES RECORD WAS SET OR TIED.
MM INDICATES DATA IS MISSING.
T  INDICATES TRACE AMOUNT.




$$
