000
CDUS41 KBUF 242056
CLIBUF


CLIMATE REPORT
NATIONAL WEATHER SERVICE BUFFALO NY
455 PM EDT THU APR 24 2014


...................................

...THE BUFFALO NY CLIMATE SUMMARY FOR APRIL 24 2014...
VALID TODAY AS OF 0400 PM LOCAL TIME.

CLIMATE NORMAL PERIOD 1981 TO 2010
CLIMATE RECORD PERIOD 1871 TO 2014


WEATHER ITEM   OBSERVED TIME   RECORD YEAR NORMAL DEPARTURE LAST
                VALUE   (LST)  VALUE       VALUE  FROM      YEAR
                                                  NORMAL
..................................................................
TEMPERATURE (F)
 TODAY
  MAXIMUM         54    339 PM  87    1957  59     -5       64
  MINIMUM         32    519 AM  23    1919  40     -8       37
  AVERAGE         43                        49     -6       51

PRECIPITATION (IN)
  TODAY            0.00          0.66 1992   0.09  -0.09     0.41
  MONTH TO DATE    3.23                      2.43   0.80     3.77
  SINCE MAR 1      5.78                      5.30   0.48     4.83
  SINCE JAN 1     12.56                     10.97   1.59    10.38

SNOWFALL (IN)
  TODAY            0.0           1.2  2005   0.1   -0.1      0.0
  MONTH TO DATE    1.2                       2.6   -1.4      0.3
  SINCE MAR 1     25.7                      15.5   10.2     10.1
  SINCE JUL 1    129.9                      94.3   35.6     58.8
  SNOW DEPTH       0

DEGREE DAYS
 HEATING
  TODAY           22                        16      6       14
  MONTH TO DATE  474                       488    -14      492
  SINCE MAR 1   1652                      1449    203     1478
  SINCE JUL 1   6758                      6193    565     5798

 COOLING
  TODAY            0                         0      0        0
  MONTH TO DATE    0                         0      0        0
  SINCE MAR 1      0                         0      0        0
  SINCE JAN 1      0                         0      0        0
..................................................................


WIND (MPH)
  HIGHEST WIND SPEED    16   HIGHEST WIND DIRECTION    SW (220)
  HIGHEST GUST SPEED    19   HIGHEST GUST DIRECTION    NW (330)
  AVERAGE WIND SPEED     8.4


SKY COVER
  AVERAGE SKY COVER 0.1


WEATHER CONDITIONS
 THE FOLLOWING WEATHER WAS RECORDED TODAY.
  NO SIGNIFICANT WEATHER WAS OBSERVED.


RELATIVE HUMIDITY (PERCENT)
 HIGHEST    64           100 AM
 LOWEST     26          1100 AM
 AVERAGE    45

..........................................................


THE BUFFALO NY CLIMATE NORMALS FOR TOMORROW
                         NORMAL    RECORD    YEAR
 MAXIMUM TEMPERATURE (F)   59        87      1957
 MINIMUM TEMPERATURE (F)   40        21      1919


SUNRISE AND SUNSET
APRIL 24 2014.........SUNRISE   619 AM EDT   SUNSET   808 PM EDT
APRIL 25 2014.........SUNRISE   618 AM EDT   SUNSET   809 PM EDT


-  INDICATES NEGATIVE NUMBERS.
R  INDICATES RECORD WAS SET OR TIED.
MM INDICATES DATA IS MISSING.
T  INDICATES TRACE AMOUNT.




$$
