000
CDUS41 KBUF 261005
CLIBUF


CLIMATE REPORT
NATIONAL WEATHER SERVICE BUFFALO NY
604 AM EDT WED JUL 26 2017


...................................

...THE BUFFALO NY CLIMATE SUMMARY FOR JULY 25 2017...

CLIMATE NORMAL PERIOD 1981 TO 2010
CLIMATE RECORD PERIOD 1871 TO 2017


WEATHER ITEM   OBSERVED TIME   RECORD YEAR NORMAL DEPARTURE LAST
                VALUE   (LST)  VALUE       VALUE  FROM      YEAR
                                                  NORMAL
..................................................................
TEMPERATURE (F)
 YESTERDAY
  MAXIMUM         69    640 PM  93    1917  80    -11       80
  MINIMUM         58   1159 PM  48    1953  63     -5       71
  AVERAGE         64                        71     -7       76

PRECIPITATION (IN)
  YESTERDAY        0.01          1.56 1979   0.11  -0.10     1.04
  MONTH TO DATE    4.57                      2.54   2.03     1.80
  SINCE JUN 1      6.78                      6.20   0.58     3.11
  SINCE JAN 1     29.05                     21.21   7.84    14.35

SNOWFALL (IN)
  YESTERDAY        0.0           T    2009   0.0    0.0      0.0
  MONTH TO DATE    0.0                       0.0    0.0      0.0
  SINCE JUN 1      0.0                       0.0    0.0      0.0
  SINCE JUL 1      0.0                       0.0    0.0      0.0
  SNOW DEPTH       0

DEGREE DAYS
 HEATING
  YESTERDAY        1                         0      1        0
  MONTH TO DATE    1                         2     -1        0
  SINCE JUN 1     50                        66    -16       42
  SINCE JUL 1      1                         2     -1        0

 COOLING
  YESTERDAY        0                         7     -7       11
  MONTH TO DATE  155                       164     -9      232
  SINCE JUN 1    278                       267     11      360
  SINCE JAN 1    305                       293     12      419
..................................................................


WIND (MPH)
  HIGHEST WIND SPEED    15   HIGHEST WIND DIRECTION     N (350)
  HIGHEST GUST SPEED    21   HIGHEST GUST DIRECTION     N (350)
  AVERAGE WIND SPEED     5.5


SKY COVER
  AVERAGE SKY COVER 0.7


WEATHER CONDITIONS
 THE FOLLOWING WEATHER WAS RECORDED YESTERDAY.
  LIGHT RAIN
  FOG


RELATIVE HUMIDITY (PERCENT)
 HIGHEST    93           600 AM
 LOWEST     59           500 PM
 AVERAGE    76

..........................................................


THE BUFFALO NY CLIMATE NORMALS FOR TODAY
                         NORMAL    RECORD    YEAR
 MAXIMUM TEMPERATURE (F)   80        92      1960
 MINIMUM TEMPERATURE (F)   63        48      1876


SUNRISE AND SUNSET
JULY 26 2017..........SUNRISE   600 AM EDT   SUNSET   842 PM EDT
JULY 27 2017..........SUNRISE   601 AM EDT   SUNSET   841 PM EDT


-  INDICATES NEGATIVE NUMBERS.
R  INDICATES RECORD WAS SET OR TIED.
MM INDICATES DATA IS MISSING.
T  INDICATES TRACE AMOUNT.




$$
