670
CDUS41 KBUF 280706
CLIBUF


CLIMATE REPORT
NATIONAL WEATHER SERVICE BUFFALO NY
305 AM EDT SAT MAY 28 2016


...................................

...THE BUFFALO NY CLIMATE SUMMARY FOR MAY 27 2016...

CLIMATE NORMAL PERIOD 1981 TO 2010
CLIMATE RECORD PERIOD 1871 TO 2016


WEATHER ITEM   OBSERVED TIME   RECORD YEAR NORMAL DEPARTURE LAST
                VALUE   (LST)  VALUE       VALUE  FROM      YEAR
                                                  NORMAL
..................................................................
TEMPERATURE (F)
 YESTERDAY
  MAXIMUM         81    207 PM  89    1978  70     11       81
  MINIMUM         67   1159 PM  36    1969  51     16       63
                                      1930
  AVERAGE         74                        60     14       72

PRECIPITATION (IN)
  YESTERDAY        0.00          1.60 1882   0.12  -0.12     0.08
  MONTH TO DATE    1.15                      2.98  -1.83     0.83
  SINCE MAR 1      5.90                      8.86  -2.96     4.97
  SINCE JAN 1     11.18                     14.53  -3.35     9.96

SNOWFALL (IN)
  YESTERDAY        0.0           T    1907   0.0    0.0      0.0
  MONTH TO DATE    T                         0.3   -0.3      0.0
  SINCE MAR 1      8.0                      15.9   -7.9      9.9
  SINCE JUL 1     55.1                      94.7  -39.6    112.9
  SNOW DEPTH       0

DEGREE DAYS
 HEATING
  YESTERDAY        0                         6     -6        0
  MONTH TO DATE  237                       252    -15      147
  SINCE MAR 1   1657                      1789   -132     1819
  SINCE JUL 1   5595                      6533   -938     6967

 COOLING
  YESTERDAY        9                         1      8        7
  MONTH TO DATE   21                        15      6       74
  SINCE MAR 1     21                        18      3       74
  SINCE JAN 1     21                        18      3       74
..................................................................


WIND (MPH)
  HIGHEST WIND SPEED    22   HIGHEST WIND DIRECTION    SW (240)
  HIGHEST GUST SPEED    26   HIGHEST GUST DIRECTION    SW (230)
  AVERAGE WIND SPEED     9.9


SKY COVER
  AVERAGE SKY COVER 0.5


WEATHER CONDITIONS
 THE FOLLOWING WEATHER WAS RECORDED YESTERDAY.
  NO SIGNIFICANT WEATHER WAS OBSERVED.


RELATIVE HUMIDITY (PERCENT)
 HIGHEST    84          1200 AM
 LOWEST     54           400 PM
 AVERAGE    69

..........................................................


THE BUFFALO NY CLIMATE NORMALS FOR TODAY
                         NORMAL    RECORD    YEAR
 MAXIMUM TEMPERATURE (F)   70        86      2012
                                             1987
                                             1955
 MINIMUM TEMPERATURE (F)   52        35      1907


SUNRISE AND SUNSET
MAY 28 2016...........SUNRISE   541 AM EDT   SUNSET   844 PM EDT
MAY 29 2016...........SUNRISE   540 AM EDT   SUNSET   845 PM EDT


-  INDICATES NEGATIVE NUMBERS.
R  INDICATES RECORD WAS SET OR TIED.
MM INDICATES DATA IS MISSING.
T  INDICATES TRACE AMOUNT.




$$
