000
CDUS41 KBUF 241012
CLIBUF


CLIMATE REPORT
NATIONAL WEATHER SERVICE BUFFALO NY
611 AM EDT SAT JUN 24 2017


...................................

...THE BUFFALO NY CLIMATE SUMMARY FOR JUNE 23 2017...

CLIMATE NORMAL PERIOD 1981 TO 2010
CLIMATE RECORD PERIOD 1871 TO 2017


WEATHER ITEM   OBSERVED TIME   RECORD YEAR NORMAL DEPARTURE LAST
                VALUE   (LST)  VALUE       VALUE  FROM      YEAR
                                                  NORMAL
..................................................................
TEMPERATURE (F)
 YESTERDAY
  MAXIMUM         77   1242 AM  92    1964  77      0       78
  MINIMUM         69   1159 PM  41    1918  60      9       57
  AVERAGE         73                        68      5       68

PRECIPITATION (IN)
  YESTERDAY        0.20          2.42 1928   0.12   0.08     0.00
  MONTH TO DATE    1.46                      2.89  -1.43     1.03
  SINCE JUN 1      1.46                      2.89  -1.43     1.03
  SINCE JAN 1     23.73                     17.90   5.83    12.27

SNOWFALL (IN)
  YESTERDAY        0.0           0.0    MM   0.0    0.0      0.0
  MONTH TO DATE    0.0                       0.0    0.0      0.0
  SINCE JUN 1      0.0                       0.0    0.0      0.0
  SINCE JUL 1     76.1                      94.7  -18.6     55.1
  SNOW DEPTH       0

DEGREE DAYS
 HEATING
  YESTERDAY        0                         1     -1        0
  MONTH TO DATE   41                        58    -17       42
  SINCE JUN 1     41                        58    -17       42
  SINCE JUL 1   5635                      6611   -976     5637

 COOLING
  YESTERDAY        8                         5      3        3
  MONTH TO DATE  105                        67     38       83
  SINCE JUN 1    105                        67     38       83
  SINCE JAN 1    132                        93     39      142
..................................................................


WIND (MPH)
  HIGHEST WIND SPEED    22   HIGHEST WIND DIRECTION    SW (210)
  HIGHEST GUST SPEED    28   HIGHEST GUST DIRECTION    SW (210)
  AVERAGE WIND SPEED    11.4


SKY COVER
  AVERAGE SKY COVER 1.0


WEATHER CONDITIONS
 THE FOLLOWING WEATHER WAS RECORDED YESTERDAY.
  RAIN
  LIGHT RAIN
  FOG


RELATIVE HUMIDITY (PERCENT)
 HIGHEST    93           200 PM
 LOWEST     69          1200 AM
 AVERAGE    81

..........................................................


THE BUFFALO NY CLIMATE NORMALS FOR TODAY
                         NORMAL    RECORD    YEAR
 MAXIMUM TEMPERATURE (F)   78        92      1949
 MINIMUM TEMPERATURE (F)   60        46      1932
                                             1915


SUNRISE AND SUNSET
JUNE 24 2017..........SUNRISE   537 AM EDT   SUNSET   858 PM EDT
JUNE 25 2017..........SUNRISE   537 AM EDT   SUNSET   858 PM EDT


-  INDICATES NEGATIVE NUMBERS.
R  INDICATES RECORD WAS SET OR TIED.
MM INDICATES DATA IS MISSING.
T  INDICATES TRACE AMOUNT.




$$
