757
CDUS41 KBUF 261025
CLIBUF


CLIMATE REPORT
NATIONAL WEATHER SERVICE BUFFALO NY
523 AM EST SUN FEB 26 2017


...................................

...THE BUFFALO NY CLIMATE SUMMARY FOR FEBRUARY 25 2017...

CLIMATE NORMAL PERIOD 1981 TO 2010
CLIMATE RECORD PERIOD 1871 TO 2017


WEATHER ITEM   OBSERVED TIME   RECORD YEAR NORMAL DEPARTURE LAST
                VALUE   (LST)  VALUE       VALUE  FROM      YEAR
                                                  NORMAL
..................................................................
TEMPERATURE (F)
 YESTERDAY
  MAXIMUM         65R  1221 AM  65    2017  36     29       38
  MINIMUM         29   1159 PM  -5    1894  21      8       26
  AVERAGE         47                        28     19       32

PRECIPITATION (IN)
  YESTERDAY        0.57          1.07 1961   0.10   0.47     0.14
  MONTH TO DATE    2.26                      2.21   0.05     3.26
  SINCE DEC 1      9.24                      9.28  -0.04     7.97
  SINCE JAN 1      5.18                      5.39  -0.21     5.07

SNOWFALL (IN)
  YESTERDAY        0.3           8.4  1960   0.6   -0.3      1.1
  MONTH TO DATE    4.9                      15.6  -10.7     19.8
  SINCE DEC 1     46.0                      68.3  -22.3     46.4
  SINCE JUL 1     46.9                      77.1  -30.2     46.4
  SNOW DEPTH       0

DEGREE DAYS
 HEATING
  YESTERDAY       18                        37    -19       33
  MONTH TO DATE  762                       975   -213      903
  SINCE DEC 1   2847                      3301   -454     2779
  SINCE JUL 1   3817                      4634   -817     3823

 COOLING
  YESTERDAY        0                         0      0        0
  MONTH TO DATE    0                         0      0        0
  SINCE DEC 1      0                         0      0        0
  SINCE JAN 1      0                         0      0        0
..................................................................


WIND (MPH)
  HIGHEST WIND SPEED    33   HIGHEST WIND DIRECTION    SW (240)
  HIGHEST GUST SPEED    44   HIGHEST GUST DIRECTION     W (260)
  AVERAGE WIND SPEED    16.6


SKY COVER
  AVERAGE SKY COVER 1.0


WEATHER CONDITIONS
 THE FOLLOWING WEATHER WAS RECORDED YESTERDAY.
  HEAVY RAIN
  RAIN
  LIGHT RAIN
  LIGHT SNOW
  FOG


RELATIVE HUMIDITY (PERCENT)
 HIGHEST    96           800 AM
 LOWEST     56          1200 AM
 AVERAGE    76

..........................................................


THE BUFFALO NY CLIMATE NORMALS FOR TODAY
                         NORMAL    RECORD    YEAR
 MAXIMUM TEMPERATURE (F)   36        71      2000
 MINIMUM TEMPERATURE (F)   21        -5      1963


SUNRISE AND SUNSET
FEBRUARY 26 2017......SUNRISE   655 AM EST   SUNSET   601 PM EST
FEBRUARY 27 2017......SUNRISE   654 AM EST   SUNSET   602 PM EST


-  INDICATES NEGATIVE NUMBERS.
R  INDICATES RECORD WAS SET OR TIED.
MM INDICATES DATA IS MISSING.
T  INDICATES TRACE AMOUNT.




$$
