000
CDUS41 KBUF 281015
CLIBUF


CLIMATE REPORT
NATIONAL WEATHER SERVICE BUFFALO NY
611 AM EDT THU MAY 28 2015


...................................

...THE BUFFALO NY CLIMATE SUMMARY FOR MAY 27 2015...

CLIMATE NORMAL PERIOD 1981 TO 2010
CLIMATE RECORD PERIOD 1871 TO 2015


WEATHER ITEM   OBSERVED TIME   RECORD YEAR NORMAL DEPARTURE LAST
                VALUE   (LST)  VALUE       VALUE  FROM      YEAR
                                                  NORMAL
..................................................................
TEMPERATURE (F)
 YESTERDAY
  MAXIMUM         81    444 PM  89    1978  70     11       75
  MINIMUM         63    748 PM  36    1969  51     12       59
                                      1930
  AVERAGE         72                        60     12       67

PRECIPITATION (IN)
  YESTERDAY        0.08          1.60 1882   0.12  -0.04     0.20
  MONTH TO DATE    0.83                      2.98  -2.15     3.12
  SINCE MAR 1      4.97                      8.86  -3.89    10.75
  SINCE JAN 1      9.96                     14.53  -4.57    17.53

SNOWFALL (IN)
  YESTERDAY        0.0           T    1907   0.0    0.0      0.0
  MONTH TO DATE    0.0                       0.3   -0.3      0.0
  SINCE MAR 1      9.9                      15.9   -6.0     25.7
  SINCE JUL 1    112.9                      94.7   18.2    129.9
  SNOW DEPTH       0

DEGREE DAYS
 HEATING
  YESTERDAY        0                         6     -6        0
  MONTH TO DATE  147                       252   -105      230
  SINCE MAR 1   1819                      1789     30     1979
  SINCE JUL 1   6967                      6533    434     7085

 COOLING
  YESTERDAY        7                         1      6        2
  MONTH TO DATE   74                        15     59       23
  SINCE MAR 1     74                        18     56       23
  SINCE JAN 1     74                        18     56       23
..................................................................


WIND (MPH)
  HIGHEST WIND SPEED    31   HIGHEST WIND DIRECTION     W (280)
  HIGHEST GUST SPEED    41   HIGHEST GUST DIRECTION     W (280)
  AVERAGE WIND SPEED    14.2


SKY COVER
  AVERAGE SKY COVER 0.7


WEATHER CONDITIONS
 THE FOLLOWING WEATHER WAS RECORDED YESTERDAY.
  RAIN
  LIGHT RAIN
  FOG


RELATIVE HUMIDITY (PERCENT)
 HIGHEST    87           500 AM
 LOWEST     45           300 PM
 AVERAGE    66

..........................................................


THE BUFFALO NY CLIMATE NORMALS FOR TODAY
                         NORMAL    RECORD    YEAR
 MAXIMUM TEMPERATURE (F)   70        86      2012
                                             1987
                                             1955
 MINIMUM TEMPERATURE (F)   52        35      1907


SUNRISE AND SUNSET
MAY 28 2015...........SUNRISE   541 AM EDT   SUNSET   844 PM EDT
MAY 29 2015...........SUNRISE   541 AM EDT   SUNSET   845 PM EDT


-  INDICATES NEGATIVE NUMBERS.
R  INDICATES RECORD WAS SET OR TIED.
MM INDICATES DATA IS MISSING.
T  INDICATES TRACE AMOUNT.




$$
