000
CDUS41 KBUF 171029
CLIBUF


CLIMATE REPORT
NATIONAL WEATHER SERVICE BUFFALO NY
528 AM EST FRI FEB 17 2017


...................................

...THE BUFFALO NY CLIMATE SUMMARY FOR FEBRUARY 16 2017...

CLIMATE NORMAL PERIOD 1981 TO 2010
CLIMATE RECORD PERIOD 1871 TO 2017


WEATHER ITEM   OBSERVED TIME   RECORD YEAR NORMAL DEPARTURE LAST
                VALUE   (LST)  VALUE       VALUE  FROM      YEAR
                                                  NORMAL
..................................................................
TEMPERATURE (F)
 YESTERDAY
  MAXIMUM         27    408 PM  64    1883  33     -6       31
  MINIMUM         19    956 AM -10    2015  19      0       27
  AVERAGE         23                        26     -3       29

PRECIPITATION (IN)
  YESTERDAY        T             2.08 1954   0.08  -0.08     0.89
  MONTH TO DATE    1.36                      1.40  -0.04     2.07
  SINCE DEC 1      8.34                      8.47  -0.13     6.78
  SINCE JAN 1      4.28                      4.58  -0.30     3.88

SNOWFALL (IN)
  YESTERDAY        0.2           8.9  2016   0.6   -0.4      8.9
  MONTH TO DATE    4.6                      10.3   -5.7     17.5
  SINCE DEC 1     45.7                      63.0  -17.3     44.1
  SINCE JUL 1     46.6                      71.8  -25.2     44.1
  SNOW DEPTH       1

DEGREE DAYS
 HEATING
  YESTERDAY       42                        39      3       36
  MONTH TO DATE  579                       635    -56      593
  SINCE DEC 1   2664                      2961   -297     2469
  SINCE JUL 1   3634                      4294   -660     3513

 COOLING
  YESTERDAY        0                         0      0        0
  MONTH TO DATE    0                         0      0        0
  SINCE DEC 1      0                         0      0        0
  SINCE JAN 1      0                         0      0        0
..................................................................


WIND (MPH)
  HIGHEST WIND SPEED    21   HIGHEST WIND DIRECTION    NW (300)
  HIGHEST GUST SPEED    24   HIGHEST GUST DIRECTION    NW (310)
  AVERAGE WIND SPEED    12.0


SKY COVER
  AVERAGE SKY COVER 0.8


WEATHER CONDITIONS
 THE FOLLOWING WEATHER WAS RECORDED YESTERDAY.
  LIGHT SNOW
  FOG


RELATIVE HUMIDITY (PERCENT)
 HIGHEST    88          1200 AM
 LOWEST     55           300 PM
 AVERAGE    72

..........................................................


THE BUFFALO NY CLIMATE NORMALS FOR TODAY
                         NORMAL    RECORD    YEAR
 MAXIMUM TEMPERATURE (F)   34        61      2006
                                             1883
 MINIMUM TEMPERATURE (F)   19       -13      1979


SUNRISE AND SUNSET
FEBRUARY 17 2017......SUNRISE   709 AM EST   SUNSET   549 PM EST
FEBRUARY 18 2017......SUNRISE   708 AM EST   SUNSET   551 PM EST


-  INDICATES NEGATIVE NUMBERS.
R  INDICATES RECORD WAS SET OR TIED.
MM INDICATES DATA IS MISSING.
T  INDICATES TRACE AMOUNT.

$$
