000
CDUS41 KBUF 262039
CLIBUF


CLIMATE REPORT
NATIONAL WEATHER SERVICE BUFFALO NY
438 PM EDT THU MAR 26 2015


...................................

...THE BUFFALO NY CLIMATE SUMMARY FOR MARCH 26 2015...
VALID TODAY AS OF 0400 PM LOCAL TIME.

CLIMATE NORMAL PERIOD 1981 TO 2010
CLIMATE RECORD PERIOD 1871 TO 2015


WEATHER ITEM   OBSERVED TIME   RECORD YEAR NORMAL DEPARTURE LAST
                VALUE   (LST)  VALUE       VALUE  FROM      YEAR
                                                  NORMAL
..................................................................
TEMPERATURE (F)
 TODAY
  MAXIMUM         41   1203 AM  81    1945  46     -5       24
  MINIMUM         33   1245 PM   7    1960  29      4       14
  AVERAGE         37                        38     -1       19

PRECIPITATION (IN)
  TODAY            0.38          1.14 1877   0.10   0.28     0.04
  MONTH TO DATE    1.19                      2.39  -1.20     1.57
  SINCE MAR 1      1.19                      2.39  -1.20     1.57
  SINCE JAN 1      6.18                      8.06  -1.88     8.35

SNOWFALL (IN)
  TODAY            1.2           7.4  1955   0.3    0.9      1.3
  MONTH TO DATE    7.8                      11.6   -3.8     18.9
  SINCE MAR 1      7.8                      11.6   -3.8     18.9
  SINCE JUL 1    110.8                      90.4   20.4    123.1
  SNOW DEPTH       T

DEGREE DAYS
 HEATING
  TODAY           28                        27      1       46
  MONTH TO DATE  926                       830     96     1037
  SINCE MAR 1    926                       830     96     1037
  SINCE JUL 1   6074                      5574    500     6143

 COOLING
  TODAY            0                         0      0        0
  MONTH TO DATE    0                         0      0        0
  SINCE MAR 1      0                         0      0        0
  SINCE JAN 1      0                         0      0        0
..................................................................


WIND (MPH)
  HIGHEST WIND SPEED    14   HIGHEST WIND DIRECTION    SW (240)
  HIGHEST GUST SPEED    18   HIGHEST GUST DIRECTION    SW (240)
  AVERAGE WIND SPEED     6.4


SKY COVER
  AVERAGE SKY COVER 1.0


WEATHER CONDITIONS
 THE FOLLOWING WEATHER WAS RECORDED TODAY.
  RAIN
  LIGHT RAIN
  HEAVY SNOW
  SNOW
  LIGHT SNOW
  FOG
  FOG W/VISIBILITY <= 1/4 MILE


RELATIVE HUMIDITY (PERCENT)
 HIGHEST   100           600 AM
 LOWEST     86          1200 AM
 AVERAGE    93

..........................................................


THE BUFFALO NY CLIMATE NORMALS FOR TOMORROW
                         NORMAL    RECORD    YEAR
 MAXIMUM TEMPERATURE (F)   46        75      1989
 MINIMUM TEMPERATURE (F)   30        11      1966


SUNRISE AND SUNSET
MARCH 26 2015.........SUNRISE   708 AM EDT   SUNSET   734 PM EDT
MARCH 27 2015.........SUNRISE   706 AM EDT   SUNSET   735 PM EDT


-  INDICATES NEGATIVE NUMBERS.
R  INDICATES RECORD WAS SET OR TIED.
MM INDICATES DATA IS MISSING.
T  INDICATES TRACE AMOUNT.




$$
