000
CDUS41 KBUF 121041
CLIBUF


CLIMATE REPORT
NATIONAL WEATHER SERVICE BUFFALO NY
539 AM EST TUE DEC 12 2017


...................................

...THE BUFFALO NY CLIMATE SUMMARY FOR DECEMBER 11 2017...

CLIMATE NORMAL PERIOD 1981 TO 2010
CLIMATE RECORD PERIOD 1871 TO 2017


WEATHER ITEM   OBSERVED TIME   RECORD YEAR NORMAL DEPARTURE LAST
                VALUE   (LST)  VALUE       VALUE  FROM      YEAR
                                                  NORMAL
..................................................................
TEMPERATURE (F)
 YESTERDAY
  MAXIMUM         28   1159 PM  61    1899  37     -9       29
  MINIMUM         24    853 AM  -6    1960  25     -1       23
  AVERAGE         26                        31     -5       26

PRECIPITATION (IN)
  YESTERDAY        0.07          0.84 1992   0.13  -0.06     0.27
  MONTH TO DATE    0.93                      1.38  -0.45     1.16
  SINCE DEC 1      0.93                      1.38  -0.45     1.16
  SINCE JAN 1     46.48                     37.97   8.51    30.97

SNOWFALL (IN)
  YESTERDAY        1.4           8.0  2014   0.8    0.6      3.9
  MONTH TO DATE    7.8                       7.6    0.2      4.2
  SINCE DEC 1      7.8                       7.6    0.2      4.2
  SINCE JUL 1      8.0                      16.4   -8.4      5.1
  SNOW DEPTH       3

DEGREE DAYS
 HEATING
  YESTERDAY       39                        34      5       39
  MONTH TO DATE  335                       351    -16      331
  SINCE DEC 1    335                       351    -16      331
  SINCE JUL 1   1450                      1684   -234     1301

 COOLING
  YESTERDAY        0                         0      0        0
  MONTH TO DATE    0                         0      0        0
  SINCE DEC 1      0                         0      0        0
  SINCE JAN 1    603                       544     59      939
..................................................................


WIND (MPH)
  HIGHEST WIND SPEED    10   HIGHEST WIND DIRECTION     N (350)
  HIGHEST GUST SPEED    13   HIGHEST GUST DIRECTION     W (250)
  AVERAGE WIND SPEED     5.4


SKY COVER
  AVERAGE SKY COVER 1.0


WEATHER CONDITIONS
 THE FOLLOWING WEATHER WAS RECORDED YESTERDAY.
  LIGHT SNOW
  FOG


RELATIVE HUMIDITY (PERCENT)
 HIGHEST    92           200 AM
 LOWEST     75          1200 AM
 AVERAGE    84

..........................................................


THE BUFFALO NY CLIMATE NORMALS FOR TODAY
                         NORMAL    RECORD    YEAR
 MAXIMUM TEMPERATURE (F)   37        63      1899
 MINIMUM TEMPERATURE (F)   25        -9      1988


SUNRISE AND SUNSET
DECEMBER 12 2017......SUNRISE   737 AM EST   SUNSET   441 PM EST
DECEMBER 13 2017......SUNRISE   738 AM EST   SUNSET   441 PM EST


-  INDICATES NEGATIVE NUMBERS.
R  INDICATES RECORD WAS SET OR TIED.
MM INDICATES DATA IS MISSING.
T  INDICATES TRACE AMOUNT.




$$
