000
CDUS41 KBUF 211021
CLIBUF


CLIMATE REPORT
NATIONAL WEATHER SERVICE BUFFALO NY
619 AM EDT WED SEP 21 2016


...................................

...THE BUFFALO NY CLIMATE SUMMARY FOR SEPTEMBER 20 2016...

CLIMATE NORMAL PERIOD 1981 TO 2010
CLIMATE RECORD PERIOD 1871 TO 2016


WEATHER ITEM   OBSERVED TIME   RECORD YEAR NORMAL DEPARTURE LAST
                VALUE   (LST)  VALUE       VALUE  FROM      YEAR
                                                  NORMAL
..................................................................
TEMPERATURE (F)
 YESTERDAY
  MAXIMUM         79    315 PM  88    1946  70      9       67
  MINIMUM         58    601 AM  36    1993  52      6       50
  AVERAGE         69                        61      8       59

PRECIPITATION (IN)
  YESTERDAY        0.00          2.36 1875   0.14  -0.14     0.00
  MONTH TO DATE    2.81                      2.47   0.34     2.77
  SINCE SEP 1      2.81                      2.47   0.34     2.77
  SINCE JAN 1     21.33                     27.63  -6.30    27.24

SNOWFALL (IN)
  YESTERDAY        0.0           T    1956   0.0    0.0      0.0
  MONTH TO DATE    0.0                       0.0    0.0      0.0
  SINCE SEP 1      0.0                       0.0    0.0      0.0
  SINCE JUL 1      0.0                       0.0    0.0      0.0
  SNOW DEPTH       0

DEGREE DAYS
 HEATING
  YESTERDAY        0                         5     -5        6
  MONTH TO DATE    9                        63    -54       31
  SINCE SEP 1      9                        63    -54       31
  SINCE JUL 1      9                        90    -81       46

 COOLING
  YESTERDAY        4                         1      3        0
  MONTH TO DATE   99                        45     54      125
  SINCE SEP 1     99                        45     54      125
  SINCE JAN 1    917                       532    385      650
..................................................................


WIND (MPH)
  HIGHEST WIND SPEED    17   HIGHEST WIND DIRECTION    SW (230)
  HIGHEST GUST SPEED    21   HIGHEST GUST DIRECTION    SW (230)
  AVERAGE WIND SPEED     7.6


SKY COVER
  AVERAGE SKY COVER 0.2


WEATHER CONDITIONS
 THE FOLLOWING WEATHER WAS RECORDED YESTERDAY.
  NO SIGNIFICANT WEATHER WAS OBSERVED.


RELATIVE HUMIDITY (PERCENT)
 HIGHEST    86           600 AM
 LOWEST     49           800 PM
 AVERAGE    68

..........................................................


THE BUFFALO NY CLIMATE NORMALS FOR TODAY
                         NORMAL    RECORD    YEAR
 MAXIMUM TEMPERATURE (F)   69        86      1934
 MINIMUM TEMPERATURE (F)   52        33      1973


SUNRISE AND SUNSET
SEPTEMBER 21 2016.....SUNRISE   702 AM EDT   SUNSET   713 PM EDT
SEPTEMBER 22 2016.....SUNRISE   703 AM EDT   SUNSET   711 PM EDT


-  INDICATES NEGATIVE NUMBERS.
R  INDICATES RECORD WAS SET OR TIED.
MM INDICATES DATA IS MISSING.
T  INDICATES TRACE AMOUNT.




$$
