000
CDUS41 KBUF 261017
CLIBUF


CLIMATE REPORT
NATIONAL WEATHER SERVICE BUFFALO NY
515 AM EST MON JAN 26 2015


...................................

...THE BUFFALO NY CLIMATE SUMMARY FOR JANUARY 25 2015...

CLIMATE NORMAL PERIOD 1981 TO 2010
CLIMATE RECORD PERIOD 1871 TO 2015


WEATHER ITEM   OBSERVED TIME   RECORD YEAR NORMAL DEPARTURE LAST
                VALUE   (LST)  VALUE       VALUE  FROM      YEAR
                                                  NORMAL
..................................................................
TEMPERATURE (F)
 YESTERDAY
  MAXIMUM         32    159 AM  72    1950  31      1       24
  MINIMUM         13   1011 PM -14    1884  18     -5        8
  AVERAGE         23                        24     -1       16

PRECIPITATION (IN)
  YESTERDAY        T             1.44 1958   0.09  -0.09     0.30
  MONTH TO DATE    2.46                      2.64  -0.18     3.04
  SINCE DEC 1      4.61                      6.53  -1.92     7.97
  SINCE JAN 1      2.46                      2.64  -0.18     3.04

SNOWFALL (IN)
  YESTERDAY        0.1          10.1  1915   0.8   -0.7      6.7
  MONTH TO DATE   20.1                      21.0   -0.9     38.1
  SINCE DEC 1     31.4                      48.4  -17.0     66.6
  SINCE JUL 1     51.9                      57.2   -5.3     76.6
  SNOW DEPTH       2

DEGREE DAYS
 HEATING
  YESTERDAY       42                        41      1       49
  MONTH TO DATE 1084                      1003     81     1095
  SINCE DEC 1   2052                      2085    -33     2235
  SINCE JUL 1   3350                      3418    -68     3553

 COOLING
  YESTERDAY        0                         0      0        0
  MONTH TO DATE    0                         0      0        0
  SINCE DEC 1      0                         0      0        0
  SINCE JAN 1      0                         0      0        0
..................................................................


WIND (MPH)
  HIGHEST WIND SPEED    18   HIGHEST WIND DIRECTION    NW (310)
  HIGHEST GUST SPEED    25   HIGHEST GUST DIRECTION    NW (300)
  AVERAGE WIND SPEED     9.0


SKY COVER
  AVERAGE SKY COVER 0.7


WEATHER CONDITIONS
 THE FOLLOWING WEATHER WAS RECORDED YESTERDAY.
  LIGHT SNOW
  FOG
  HAZE


RELATIVE HUMIDITY (PERCENT)
 HIGHEST    85          1200 AM
 LOWEST     56           300 PM
 AVERAGE    71

..........................................................


THE BUFFALO NY CLIMATE NORMALS FOR TODAY
                         NORMAL    RECORD    YEAR
 MAXIMUM TEMPERATURE (F)   31        70      1950
 MINIMUM TEMPERATURE (F)   18        -3      1927


SUNRISE AND SUNSET
JANUARY 26 2015.......SUNRISE   736 AM EST   SUNSET   520 PM EST
JANUARY 27 2015.......SUNRISE   735 AM EST   SUNSET   521 PM EST


-  INDICATES NEGATIVE NUMBERS.
R  INDICATES RECORD WAS SET OR TIED.
MM INDICATES DATA IS MISSING.
T  INDICATES TRACE AMOUNT.




$$
