000
CDUS41 KBUF 250705
CLIBUF


CLIMATE REPORT
NATIONAL WEATHER SERVICE BUFFALO NY
205 AM EST THU DEC 25 2014


...................................

...THE BUFFALO NY CLIMATE SUMMARY FOR DECEMBER 24 2014...

CLIMATE NORMAL PERIOD 1981 TO 2010
CLIMATE RECORD PERIOD 1871 TO 2014


WEATHER ITEM   OBSERVED TIME   RECORD YEAR NORMAL DEPARTURE LAST
                VALUE   (LST)  VALUE       VALUE  FROM      YEAR
                                                  NORMAL
..................................................................
TEMPERATURE (F)
 YESTERDAY
  MAXIMUM         57    132 PM  59    1964  34     23       26
  MINIMUM         42   1159 PM  -8    1960  22     20       10
  AVERAGE         50                        28     22       18

PRECIPITATION (IN)
  YESTERDAY        0.30          1.66 2001   0.13   0.17     0.09
  MONTH TO DATE    1.83                      3.02  -1.19     4.56
  SINCE DEC 1      1.83                      3.02  -1.19     4.56
  SINCE JAN 1     42.08                     39.61   2.47    45.65

SNOWFALL (IN)
  YESTERDAY       MM            20.5  2001   1.1   MM        2.6
  MONTH TO DATE    9.9                      20.3  -10.4     22.3
  SINCE DEC 1      9.9                      20.3  -10.4     22.3
  SINCE JUL 1     30.4                      29.1    1.3     32.3
  SNOW DEPTH       0

DEGREE DAYS
 HEATING
  YESTERDAY       15                        37    -22       47
  MONTH TO DATE  750                       815    -65      869
  SINCE DEC 1    750                       815    -65      869
  SINCE JUL 1   2048                      2148   -100     2187

 COOLING
  YESTERDAY        0                         0      0        0
  MONTH TO DATE    0                         0      0        0
  SINCE DEC 1      0                         0      0        0
  SINCE JAN 1    516                       544    -28      611
..................................................................


WIND (MPH)
  HIGHEST WIND SPEED    39   HIGHEST WIND DIRECTION    SW (240)
  HIGHEST GUST SPEED    51   HIGHEST GUST DIRECTION    SW (240)
  AVERAGE WIND SPEED    12.6


SKY COVER
  AVERAGE SKY COVER 0.9


WEATHER CONDITIONS
 THE FOLLOWING WEATHER WAS RECORDED YESTERDAY.
  THUNDERSTORM
  HEAVY RAIN
  RAIN
  LIGHT RAIN
  FOG


RELATIVE HUMIDITY (PERCENT)
 HIGHEST    93           400 AM
 LOWEST     72           100 PM
 AVERAGE    83

..........................................................


THE BUFFALO NY CLIMATE NORMALS FOR TODAY
                         NORMAL    RECORD    YEAR
 MAXIMUM TEMPERATURE (F)   34        64      1982
 MINIMUM TEMPERATURE (F)   22       -10      1980


SUNRISE AND SUNSET
DECEMBER 25 2014......SUNRISE   744 AM EST   SUNSET   446 PM EST
DECEMBER 26 2014......SUNRISE   745 AM EST   SUNSET   446 PM EST


-  INDICATES NEGATIVE NUMBERS.
R  INDICATES RECORD WAS SET OR TIED.
MM INDICATES DATA IS MISSING.
T  INDICATES TRACE AMOUNT.




$$
