000
CDUS41 KBUF 210705
CLIBUF


CLIMATE REPORT
NATIONAL WEATHER SERVICE BUFFALO NY
305 AM EDT THU JUL 21 2016


...................................

...THE BUFFALO NY CLIMATE SUMMARY FOR JULY 20 2016...

CLIMATE NORMAL PERIOD 1981 TO 2010
CLIMATE RECORD PERIOD 1871 TO 2016


WEATHER ITEM   OBSERVED TIME   RECORD YEAR NORMAL DEPARTURE LAST
                VALUE   (LST)  VALUE       VALUE  FROM      YEAR
                                                  NORMAL
..................................................................
TEMPERATURE (F)
 YESTERDAY
  MAXIMUM         82    409 PM  91    1994  80      2       81
                                      1978
                                      1916
  MINIMUM         55    543 AM  46    1965  63     -8       67
  AVERAGE         69                        71     -2       74

PRECIPITATION (IN)
  YESTERDAY        0.00          3.54 1896   0.11  -0.11     0.00
  MONTH TO DATE    0.76                      2.01  -1.25     2.16
  SINCE JUN 1      2.07                      5.67  -3.60     7.19
  SINCE JAN 1     13.31                     20.68  -7.37    19.82

SNOWFALL (IN)
  YESTERDAY        0.0           0.0    MM   0.0    0.0      0.0
  MONTH TO DATE    0.0                       0.0    0.0      0.0
  SINCE JUN 1      0.0                       0.0    0.0      0.0
  SINCE JUL 1      0.0                       0.0    0.0      0.0
  SNOW DEPTH       0

DEGREE DAYS
 HEATING
  YESTERDAY        0                         0      0        0
  MONTH TO DATE    0                         2     -2        7
  SINCE JUN 1     42                        66    -24       57
  SINCE JUL 1      0                         2     -2        7

 COOLING
  YESTERDAY        4                         7     -3        9
  MONTH TO DATE  168                       129     39       98
  SINCE JUN 1    296                       232     64      174
  SINCE JAN 1    355                       258     97      265
..................................................................


WIND (MPH)
  HIGHEST WIND SPEED    14   HIGHEST WIND DIRECTION     W (250)
  HIGHEST GUST SPEED    18   HIGHEST GUST DIRECTION     W (270)
  AVERAGE WIND SPEED     5.2


SKY COVER
  AVERAGE SKY COVER 0.3


WEATHER CONDITIONS
 THE FOLLOWING WEATHER WAS RECORDED YESTERDAY.
  NO SIGNIFICANT WEATHER WAS OBSERVED.


RELATIVE HUMIDITY (PERCENT)
 HIGHEST    86           400 AM
 LOWEST     28           400 PM
 AVERAGE    57

..........................................................


THE BUFFALO NY CLIMATE NORMALS FOR TODAY
                         NORMAL    RECORD    YEAR
 MAXIMUM TEMPERATURE (F)   80        93      1953
 MINIMUM TEMPERATURE (F)   63        48      1965


SUNRISE AND SUNSET
JULY 21 2016..........SUNRISE   555 AM EDT   SUNSET   847 PM EDT
JULY 22 2016..........SUNRISE   556 AM EDT   SUNSET   846 PM EDT


-  INDICATES NEGATIVE NUMBERS.
R  INDICATES RECORD WAS SET OR TIED.
MM INDICATES DATA IS MISSING.
T  INDICATES TRACE AMOUNT.




$$
