000
CDUS41 KBUF 132030
CLIBUF


CLIMATE REPORT
NATIONAL WEATHER SERVICE BUFFALO NY
429 PM EDT SUN AUG 13 2017


...................................

...THE BUFFALO NY CLIMATE SUMMARY FOR AUGUST 13 2017...
VALID TODAY AS OF 0400 PM LOCAL TIME.

CLIMATE NORMAL PERIOD 1981 TO 2010
CLIMATE RECORD PERIOD 1871 TO 2017


WEATHER ITEM   OBSERVED TIME   RECORD YEAR NORMAL DEPARTURE LAST
                VALUE   (LST)  VALUE       VALUE  FROM      YEAR
                                                  NORMAL
..................................................................
TEMPERATURE (F)
 TODAY
  MAXIMUM         76    259 PM  93    1947  79     -3       92
  MINIMUM         59    548 AM  46    1979  61     -2       76
  AVERAGE         68                        70     -2       84

PRECIPITATION (IN)
  TODAY            0.00          2.23 1963   0.10  -0.10     0.06
  MONTH TO DATE    2.22                      1.41   0.81     0.48
  SINCE JUN 1      9.08                      8.30   0.78     3.59
  SINCE JAN 1     31.35                     23.31   8.04    14.83

SNOWFALL (IN)
  TODAY            0.0           0.0    MM   0.0    0.0      0.0
  MONTH TO DATE    0.0                       0.0    0.0      0.0
  SINCE JUN 1      0.0                       0.0    0.0      0.0
  SINCE JUL 1      0.0                       0.0    0.0      0.0
  SNOW DEPTH       0

DEGREE DAYS
 HEATING
  TODAY            0                         0      0        0
  MONTH TO DATE    0                         0      0        0
  SINCE JUN 1     50                        73    -23       42
  SINCE JUL 1      1                         9     -8        0

 COOLING
  TODAY            3                         6     -3       19
  MONTH TO DATE   71                        78     -7      168
  SINCE JUN 1    377                       378     -1      589
  SINCE JAN 1    404                       404      0      648
..................................................................


WIND (MPH)
  HIGHEST WIND SPEED    14   HIGHEST WIND DIRECTION     W (250)
  HIGHEST GUST SPEED    20   HIGHEST GUST DIRECTION     W (250)
  AVERAGE WIND SPEED     5.7


SKY COVER
  AVERAGE SKY COVER 0.4


WEATHER CONDITIONS
 THE FOLLOWING WEATHER WAS RECORDED TODAY.
  FOG


RELATIVE HUMIDITY (PERCENT)
 HIGHEST    97           400 AM
 LOWEST     50          1200 PM
 AVERAGE    74

..........................................................


THE BUFFALO NY CLIMATE NORMALS FOR TOMORROW
                         NORMAL    RECORD    YEAR
 MAXIMUM TEMPERATURE (F)   79        92      1959
 MINIMUM TEMPERATURE (F)   61        45      1964


SUNRISE AND SUNSET
AUGUST 13 2017........SUNRISE   619 AM EDT   SUNSET   820 PM EDT
AUGUST 14 2017........SUNRISE   620 AM EDT   SUNSET   818 PM EDT


-  INDICATES NEGATIVE NUMBERS.
R  INDICATES RECORD WAS SET OR TIED.
MM INDICATES DATA IS MISSING.
T  INDICATES TRACE AMOUNT.

$$
