000
CDUS41 KBUF 200939
CLIBUF


CLIMATE REPORT
NATIONAL WEATHER SERVICE BUFFALO NY
437 AM EST THU NOV 20 2014


...................................

...THE BUFFALO NY CLIMATE SUMMARY FOR NOVEMBER 19 2014...

CLIMATE NORMAL PERIOD 1981 TO 2010
CLIMATE RECORD PERIOD 1871 TO 2014


WEATHER ITEM   OBSERVED TIME   RECORD YEAR NORMAL DEPARTURE LAST
                VALUE   (LST)  VALUE       VALUE  FROM      YEAR
                                                  NORMAL
..................................................................
TEMPERATURE (F)
 YESTERDAY
  MAXIMUM         31   1103 PM  70    1985  46    -15       38
  MINIMUM         14    910 AM  12    1880  33    -19       27
  AVERAGE         23                        40    -17       33

PRECIPITATION (IN)
  YESTERDAY        0.51          1.49 2009   0.14   0.37      T
  MONTH TO DATE    1.66                      2.55  -0.89     1.92
  SINCE SEP 1      9.39                      9.97  -0.58    12.45
  SINCE JAN 1     39.33                     35.13   4.20    40.08

SNOWFALL (IN)
  YESTERDAY        7.6 R         5.8  2000   0.3    7.3       T
  MONTH TO DATE   12.6                       3.7    8.9      0.7
  SINCE SEP 1     12.6                       4.6    8.0      0.7
  SINCE JUL 1     12.6                       4.6    8.0      0.7
  SNOW DEPTH       6

DEGREE DAYS
 HEATING
  YESTERDAY       42                        25     17       32
  MONTH TO DATE  492                       424     68      414
  SINCE SEP 1    959                      1002    -43      903
  SINCE JUL 1    981                      1029    -48      919

 COOLING
  YESTERDAY        0                         0      0        0
  MONTH TO DATE    0                         0      0        0
  SINCE SEP 1     70                        57     13       59
  SINCE JAN 1    516                       544    -28      611
..................................................................


WIND (MPH)
  HIGHEST WIND SPEED    28   HIGHEST WIND DIRECTION     S (200)
  HIGHEST GUST SPEED    36   HIGHEST GUST DIRECTION     W (270)
  AVERAGE WIND SPEED    16.1


SKY COVER
  AVERAGE SKY COVER 0.8


WEATHER CONDITIONS
 THE FOLLOWING WEATHER WAS RECORDED YESTERDAY.
  THUNDERSTORM
  HEAVY SNOW
  SNOW
  LIGHT SNOW
  FOG
  FOG W/VISIBILITY <= 1/4 MILE
  HAZE
  BLOWING SNOW


RELATIVE HUMIDITY (PERCENT)
 HIGHEST    88           500 AM
 LOWEST     54           200 PM
 AVERAGE    71

..........................................................


THE BUFFALO NY CLIMATE NORMALS FOR TODAY
                         NORMAL    RECORD    YEAR
 MAXIMUM TEMPERATURE (F)   46        72      1953
 MINIMUM TEMPERATURE (F)   33        11      1880


SUNRISE AND SUNSET
NOVEMBER 20 2014......SUNRISE   713 AM EST   SUNSET   447 PM EST
NOVEMBER 21 2014......SUNRISE   715 AM EST   SUNSET   447 PM EST


-  INDICATES NEGATIVE NUMBERS.
R  INDICATES RECORD WAS SET OR TIED.
MM INDICATES DATA IS MISSING.
T  INDICATES TRACE AMOUNT.




$$
