784
CDUS41 KBUF 141024
CLIBUF


CLIMATE REPORT
NATIONAL WEATHER SERVICE BUFFALO NY
623 AM EDT SAT OCT 14 2017


...................................

...THE BUFFALO NY CLIMATE SUMMARY FOR OCTOBER 13 2017...

CLIMATE NORMAL PERIOD 1981 TO 2010
CLIMATE RECORD PERIOD 1871 TO 2017


WEATHER ITEM   OBSERVED TIME   RECORD YEAR NORMAL DEPARTURE LAST
                VALUE   (LST)  VALUE       VALUE  FROM      YEAR
                                                  NORMAL
..................................................................
TEMPERATURE (F)
 YESTERDAY
  MAXIMUM         68    232 PM  82    1983  60      8       66
                                      1969
  MINIMUM         56    421 AM  30    2012  43     13       44
                                      1993
                                      1891
  AVERAGE         62                        52     10       55

PRECIPITATION (IN)
  YESTERDAY        0.00          1.59 1885   0.11  -0.11     0.10
  MONTH TO DATE    2.31                      1.59   0.72     0.84
  SINCE SEP 1      5.48                      5.49  -0.01     4.37
  SINCE JAN 1     37.76                     30.65   7.11    22.89

SNOWFALL (IN)
  YESTERDAY        0.0          14.0  2006   0.0    0.0      0.0
  MONTH TO DATE    0.0                       0.2   -0.2      0.0
  SINCE SEP 1      0.0                       0.2   -0.2      0.0
  SINCE JUL 1      0.0                       0.2   -0.2      0.0
  SNOW DEPTH       0

DEGREE DAYS
 HEATING
  YESTERDAY        3                        13    -10       10
  MONTH TO DATE   45                       147   -102       78
  SINCE SEP 1    138                       282   -144      122
  SINCE JUL 1    154                       309   -155      122

 COOLING
  YESTERDAY        0                         0      0        0
  MONTH TO DATE   16                         0     16        0
  SINCE SEP 1    132                        53     79      109
  SINCE JAN 1    602                       540     62      927
..................................................................


WIND (MPH)
  HIGHEST WIND SPEED    15   HIGHEST WIND DIRECTION     S (180)
  HIGHEST GUST SPEED    19   HIGHEST GUST DIRECTION     S (190)
  AVERAGE WIND SPEED     9.1


SKY COVER
  AVERAGE SKY COVER 0.8


WEATHER CONDITIONS
 THE FOLLOWING WEATHER WAS RECORDED YESTERDAY.
  NO SIGNIFICANT WEATHER WAS OBSERVED.


RELATIVE HUMIDITY (PERCENT)
 HIGHEST    80          1200 AM
 LOWEST     63          1200 PM
 AVERAGE    72

..........................................................


THE BUFFALO NY CLIMATE NORMALS FOR TODAY
                         NORMAL    RECORD    YEAR
 MAXIMUM TEMPERATURE (F)   60        85      1954
 MINIMUM TEMPERATURE (F)   43        28      1993


SUNRISE AND SUNSET
OCTOBER 14 2017.......SUNRISE   727 AM EDT   SUNSET   634 PM EDT
OCTOBER 15 2017.......SUNRISE   729 AM EDT   SUNSET   632 PM EDT


-  INDICATES NEGATIVE NUMBERS.
R  INDICATES RECORD WAS SET OR TIED.
MM INDICATES DATA IS MISSING.
T  INDICATES TRACE AMOUNT.




$$
